{"id":30012,"date":"2026-04-29T09:48:42","date_gmt":"2026-04-29T12:48:42","guid":{"rendered":"https:\/\/www.swedcham.com.br\/?post_type=product&#038;p=30012"},"modified":"2026-04-30T09:31:10","modified_gmt":"2026-04-30T12:31:10","slug":"visita-a-empresa-atlas-copco-comunicacao-interna","status":"publish","type":"product","link":"https:\/\/www.swedcham.com.br\/en\/product\/our-events\/visita-a-empresa-atlas-copco-comunicacao-interna\/","title":{"rendered":"Comunica\u00e7\u00e3o interna\u00a0"},"content":{"rendered":"<div class=\"wp-block-image\">\n<figure class=\"aligncenter size-full\"><a href=\"https:\/\/www.swedcham.com.br\/wp-content\/uploads\/2026\/04\/Atlas-Copco-Group-Logotype-with-teal-box-CMYK-EPS-For-web.png\"><img loading=\"lazy\" decoding=\"async\" width=\"600\" height=\"227\" src=\"https:\/\/www.swedcham.com.br\/wp-content\/uploads\/2026\/04\/Atlas-Copco-Group-Logotype-with-teal-box-CMYK-EPS-For-web.png\" alt=\"\" class=\"wp-image-30010\" srcset=\"https:\/\/www.swedcham.com.br\/wp-content\/uploads\/2026\/04\/Atlas-Copco-Group-Logotype-with-teal-box-CMYK-EPS-For-web.png 600w, https:\/\/www.swedcham.com.br\/wp-content\/uploads\/2026\/04\/Atlas-Copco-Group-Logotype-with-teal-box-CMYK-EPS-For-web-300x114.png 300w\" sizes=\"auto, (max-width: 600px) 100vw, 600px\" \/><\/a><\/figure>\n<\/div>\n\n\n<p><\/p>\n\n\n\n<p><\/p>\n\n\n\n<p>A Swedcham, em parceria com a&nbsp;<strong>Atlas Copco Group<\/strong>, convida profissionais de comunica\u00e7\u00e3o e recursos humanos para uma&nbsp;<strong>company visit exclusiva \u2014 uma oportunidade \u00fanica de conhecer a empresa por dentro<\/strong>&nbsp;e viver uma manh\u00e3 de inspira\u00e7\u00e3o.<\/p>\n\n\n\n<p>Em um momento em que <strong>diversidade, inclus\u00e3o<\/strong>, cultura e engajamento ocupam o centro das estrat\u00e9gias organizacionais, este<strong> encontro <\/strong>prop\u00f5e uma<strong> imers\u00e3o pr\u00e1tica <\/strong>sobre o papel da comunica\u00e7\u00e3o interna como <strong>agente de transforma\u00e7\u00e3o<\/strong>.<\/p>\n\n\n\n<p>Mais do que discutir conceitos, vamos explorar como<strong> transformar <\/strong>discurso em a\u00e7\u00e3o \u2014 por meio da <strong>troca de experi\u00eancias<\/strong>, desafios reais e caminhos concretos para a constru\u00e7\u00e3o de ambientes verdadeiramente inclusivos.<\/p>\n\n\n\n<p>Se voc\u00ea atua com comunica\u00e7\u00e3o e quer estar \u00e0 frente de conversas que impulsionam a cultura organizacional, <strong>este encontro \u00e9 para voc\u00ea.<\/strong><\/p>\n\n\n\n<p><strong>Palestrantes confirmadas:<\/strong><\/p>\n\n\n\n<div class=\"wp-block-group\"><div class=\"wp-block-group__inner-container is-layout-constrained wp-block-group-is-layout-constrained\">\n<div class=\"wp-block-group\"><div class=\"wp-block-group__inner-container is-layout-constrained wp-block-group-is-layout-constrained\">\n<p><\/p>\n\n\n\n<div class=\"wp-block-media-text is-stacked-on-mobile is-vertically-aligned-top\" style=\"grid-template-columns:24% auto\"><figure class=\"wp-block-media-text__media\"><img loading=\"lazy\" decoding=\"async\" width=\"747\" height=\"1024\" src=\"https:\/\/www.swedcham.com.br\/wp-content\/uploads\/2026\/04\/Lia-Calder-747x1024.png\" alt=\"\" class=\"wp-image-30019 size-full\" srcset=\"https:\/\/www.swedcham.com.br\/wp-content\/uploads\/2026\/04\/Lia-Calder-747x1024.png 747w, https:\/\/www.swedcham.com.br\/wp-content\/uploads\/2026\/04\/Lia-Calder-219x300.png 219w, https:\/\/www.swedcham.com.br\/wp-content\/uploads\/2026\/04\/Lia-Calder-768x1052.png 768w, https:\/\/www.swedcham.com.br\/wp-content\/uploads\/2026\/04\/Lia-Calder-600x822.png 600w, https:\/\/www.swedcham.com.br\/wp-content\/uploads\/2026\/04\/Lia-Calder.png 864w\" sizes=\"auto, (max-width: 747px) 100vw, 747px\" \/><\/figure><div class=\"wp-block-media-text__content\">\n<p><strong>Lia\u00a0Calder<\/strong><br>Diretora-Executiva da 4CO, consultoria focada em\u00a0Comunica\u00e7\u00e3o\u00a0e Cultura Organizacional<\/p>\n\n\n\n<p><\/p>\n<\/div><\/div>\n<\/div><\/div>\n<\/div><\/div>\n\n\n\n<p><\/p>\n\n\n\n<div class=\"wp-block-media-text is-stacked-on-mobile\" style=\"grid-template-columns:24% auto\"><figure class=\"wp-block-media-text__media\"><img loading=\"lazy\" decoding=\"async\" width=\"200\" height=\"188\" src=\"https:\/\/www.swedcham.com.br\/wp-content\/uploads\/2026\/04\/soraia.jpg\" alt=\"\" class=\"wp-image-30022 size-full\"\/><\/figure><div class=\"wp-block-media-text__content\">\n<p><strong>Soraia Leite<br><\/strong>Gerente de RH &#8211; Assa Abloy<\/p>\n<\/div><\/div>\n\n\n\n<p><\/p>\n\n\n\n<div class=\"wp-block-media-text is-stacked-on-mobile\" style=\"grid-template-columns:24% auto\"><figure class=\"wp-block-media-text__media\"><img loading=\"lazy\" decoding=\"async\" width=\"225\" height=\"225\" src=\"https:\/\/www.swedcham.com.br\/wp-content\/uploads\/2026\/04\/ale.jpg\" alt=\"\" class=\"wp-image-30024 size-full\" srcset=\"https:\/\/www.swedcham.com.br\/wp-content\/uploads\/2026\/04\/ale.jpg 225w, https:\/\/www.swedcham.com.br\/wp-content\/uploads\/2026\/04\/ale-150x150.jpg 150w, https:\/\/www.swedcham.com.br\/wp-content\/uploads\/2026\/04\/ale-100x100.jpg 100w\" sizes=\"auto, (max-width: 225px) 100vw, 225px\" \/><\/figure><div class=\"wp-block-media-text__content\">\n<p><strong>Alessandra Sellmer<br><\/strong>Gerente Corporativa de Comunica\u00e7\u00f5es Am\u00e9rica Latina- Atlas Copco Group<\/p>\n\n\n\n<p><\/p>\n\n\n\n<p><\/p>\n<\/div><\/div>\n\n\n\n<p><\/p>\n\n\n\n<p><\/p>\n\n\n\n<p id=\"isPasted\"><strong>Quando:<\/strong><br>Ter\u00e7a-feira, 05 de maio, das 08h30 \u00e0s 12h<br>Almo\u00e7o opcional ap\u00f3s o evento no Shopping Tambor\u00e9<\/p>\n\n\n\n<p id=\"isPasted\"><\/p>\n\n\n\n<p><strong>Local:<\/strong><br>Atlas Copco*<br>Alameda Araguaia, 2700 \u2013 Barueri<\/p>\n\n\n\n<p>Para maior comodidade, a Swedcham oferecer\u00e1\u00a0transporte em van (14 lugares)\u00a0para os participantes que desejarem ir juntos. Garanta sua vaga com anteced\u00eancia.<\/p>\n\n\n\n<p><strong>Agenda do dia:<\/strong><br>Agenda ser\u00e1 compartilhada em breve&nbsp;<\/p>\n\n\n\n<p><strong>Estacionamento:\u00a0<\/strong><br>Indicamos o estacionamento do Shopping Tambor\u00e9, localizado ao lado\u00a0da empresa<\/p>\n\n\n\n<p>RSVP:<br>30\/04 &#8211;\u00a0<a href=\"https:\/\/docs.google.com\/forms\/d\/e\/1FAIpQLSc3UWstam6WA5-k6hcquNDhnEFj5TiYnBTWQ3hU2UCWCxE-zA\/viewform?usp=publish-editor\">clique aqui<\/a><\/p>\n\n\n\n<p><br><\/p>\n\n\n\n<p><\/p>\n","protected":false},"excerpt":{"rendered":"<p>A Swedcham, em parceria com a&nbsp;Atlas Copco Group, convida profissionais de comunica\u00e7\u00e3o e recursos humanos para uma&nbsp;company visit exclusiva \u2014<\/p>\n","protected":false},"featured_media":30014,"template":"","meta":[],"product_brand":[],"product_cat":[228],"product_tag":[],"class_list":{"0":"post-30012","1":"product","2":"type-product","3":"status-publish","4":"has-post-thumbnail","6":"product_cat-our-events","8":"first","9":"instock","10":"shipping-taxable","11":"product-type-simple"},"_links":{"self":[{"href":"https:\/\/www.swedcham.com.br\/en\/wp-json\/wp\/v2\/product\/30012","targetHints":{"allow":["GET"]}}],"collection":[{"href":"https:\/\/www.swedcham.com.br\/en\/wp-json\/wp\/v2\/product"}],"about":[{"href":"https:\/\/www.swedcham.com.br\/en\/wp-json\/wp\/v2\/types\/product"}],"wp:featuredmedia":[{"embeddable":true,"href":"https:\/\/www.swedcham.com.br\/en\/wp-json\/wp\/v2\/media\/30014"}],"wp:attachment":[{"href":"https:\/\/www.swedcham.com.br\/en\/wp-json\/wp\/v2\/media?parent=30012"}],"wp:term":[{"taxonomy":"product_brand","embeddable":true,"href":"https:\/\/www.swedcham.com.br\/en\/wp-json\/wp\/v2\/product_brand?post=30012"},{"taxonomy":"product_cat","embeddable":true,"href":"https:\/\/www.swedcham.com.br\/en\/wp-json\/wp\/v2\/product_cat?post=30012"},{"taxonomy":"product_tag","embeddable":true,"href":"https:\/\/www.swedcham.com.br\/en\/wp-json\/wp\/v2\/product_tag?post=30012"}],"curies":[{"name":"wp","href":"https:\/\/api.w.org\/{rel}","templated":true}]}}

Comunicação interna

<div class="wp-block-image">
<figure class="aligncenter size-full"><a href="https://www.swedcham.com.br/wp-content/uploads/2026/04/Atlas-Copco-Group-Logotype-with-teal-box-CMYK-EPS-For-web.png"><img loading="lazy" decoding="async" width="600" height="227" src="https://www.swedcham.com.br/wp-content/uploads/2026/04/Atlas-Copco-Group-Logotype-with-teal-box-CMYK-EPS-For-web.png" alt="" class="wp-image-30010" srcset="https://www.swedcham.com.br/wp-content/uploads/2026/04/Atlas-Copco-Group-Logotype-with-teal-box-CMYK-EPS-For-web.png 600w, https://www.swedcham.com.br/wp-content/uploads/2026/04/Atlas-Copco-Group-Logotype-with-teal-box-CMYK-EPS-For-web-300x114.png 300w" sizes="auto, (max-width: 600px) 100vw, 600px" /></a></figure>
</div>


<p></p>



<p></p>



<p>A Swedcham, em parceria com a&nbsp;<strong>Atlas Copco Group</strong>, convida profissionais de comunicação e recursos humanos para uma&nbsp;<strong>company visit exclusiva — uma oportunidade única de conhecer a empresa por dentro</strong>&nbsp;e viver uma manhã de inspiração.</p>



<p>Em um momento em que <strong>diversidade, inclusão</strong>, cultura e engajamento ocupam o centro das estratégias organizacionais, este<strong> encontro </strong>propõe uma<strong> imersão prática </strong>sobre o papel da comunicação interna como <strong>agente de transformação</strong>.</p>



<p>Mais do que discutir conceitos, vamos explorar como<strong> transformar </strong>discurso em ação — por meio da <strong>troca de experiências</strong>, desafios reais e caminhos concretos para a construção de ambientes verdadeiramente inclusivos.</p>



<p>Se você atua com comunicação e quer estar à frente de conversas que impulsionam a cultura organizacional, <strong>este encontro é para você.</strong></p>



<p><strong>Palestrantes confirmadas:</strong></p>



<div class="wp-block-group"><div class="wp-block-group__inner-container is-layout-constrained wp-block-group-is-layout-constrained">
<div class="wp-block-group"><div class="wp-block-group__inner-container is-layout-constrained wp-block-group-is-layout-constrained">
<p></p>



<div class="wp-block-media-text is-stacked-on-mobile is-vertically-aligned-top" style="grid-template-columns:24% auto"><figure class="wp-block-media-text__media"><img loading="lazy" decoding="async" width="747" height="1024" src="https://www.swedcham.com.br/wp-content/uploads/2026/04/Lia-Calder-747x1024.png" alt="" class="wp-image-30019 size-full" srcset="https://www.swedcham.com.br/wp-content/uploads/2026/04/Lia-Calder-747x1024.png 747w, https://www.swedcham.com.br/wp-content/uploads/2026/04/Lia-Calder-219x300.png 219w, https://www.swedcham.com.br/wp-content/uploads/2026/04/Lia-Calder-768x1052.png 768w, https://www.swedcham.com.br/wp-content/uploads/2026/04/Lia-Calder-600x822.png 600w, https://www.swedcham.com.br/wp-content/uploads/2026/04/Lia-Calder.png 864w" sizes="auto, (max-width: 747px) 100vw, 747px" /></figure><div class="wp-block-media-text__content">
<p><strong>Lia Calder</strong><br>Diretora-Executiva da 4CO, consultoria focada em Comunicação e Cultura Organizacional</p>



<p></p>
</div></div>
</div></div>
</div></div>



<p></p>



<div class="wp-block-media-text is-stacked-on-mobile" style="grid-template-columns:24% auto"><figure class="wp-block-media-text__media"><img loading="lazy" decoding="async" width="200" height="188" src="https://www.swedcham.com.br/wp-content/uploads/2026/04/soraia.jpg" alt="" class="wp-image-30022 size-full"/></figure><div class="wp-block-media-text__content">
<p><strong>Soraia Leite<br></strong>Gerente de RH &#8211; Assa Abloy</p>
</div></div>



<p></p>



<div class="wp-block-media-text is-stacked-on-mobile" style="grid-template-columns:24% auto"><figure class="wp-block-media-text__media"><img loading="lazy" decoding="async" width="225" height="225" src="https://www.swedcham.com.br/wp-content/uploads/2026/04/ale.jpg" alt="" class="wp-image-30024 size-full" srcset="https://www.swedcham.com.br/wp-content/uploads/2026/04/ale.jpg 225w, https://www.swedcham.com.br/wp-content/uploads/2026/04/ale-150x150.jpg 150w, https://www.swedcham.com.br/wp-content/uploads/2026/04/ale-100x100.jpg 100w" sizes="auto, (max-width: 225px) 100vw, 225px" /></figure><div class="wp-block-media-text__content">
<p><strong>Alessandra Sellmer<br></strong>Gerente Corporativa de Comunicações América Latina- Atlas Copco Group</p>



<p></p>



<p></p>
</div></div>



<p></p>



<p></p>



<p id="isPasted"><strong>Quando:</strong><br>Terça-feira, 05 de maio, das 08h30 às 12h<br>Almoço opcional após o evento no Shopping Tamboré</p>



<p id="isPasted"></p>



<p><strong>Local:</strong><br>Atlas Copco*<br>Alameda Araguaia, 2700 – Barueri</p>



<p>Para maior comodidade, a Swedcham oferecerá transporte em van (14 lugares) para os participantes que desejarem ir juntos. Garanta sua vaga com antecedência.</p>



<p><strong>Agenda do dia:</strong><br>Agenda será compartilhada em breve&nbsp;</p>



<p><strong>Estacionamento: </strong><br>Indicamos o estacionamento do Shopping Tamboré, localizado ao lado da empresa</p>



<p>RSVP:<br>30/04 &#8211; <a href="https://docs.google.com/forms/d/e/1FAIpQLSc3UWstam6WA5-k6hcquNDhnEFj5TiYnBTWQ3hU2UCWCxE-zA/viewform?usp=publish-editor">clique aqui</a></p>



<p><br></p>



<p></p>

<p>A Swedcham, em parceria com a&nbsp;Atlas Copco Group, convida profissionais de comunicação e recursos humanos para uma&nbsp;company visit exclusiva —</p>
