{"id":28914,"date":"2025-10-20T10:18:00","date_gmt":"2025-10-20T13:18:00","guid":{"rendered":"https:\/\/www.swedcham.com.br\/?post_type=product&#038;p=28914"},"modified":"2025-11-07T15:15:23","modified_gmt":"2025-11-07T18:15:23","slug":"planejamento-patrimonial-e-sucessorio","status":"publish","type":"product","link":"https:\/\/www.swedcham.com.br\/en\/product\/our-events\/planejamento-patrimonial-e-sucessorio\/","title":{"rendered":"Planejamento Patrimonial e Sucess\u00f3rio"},"content":{"rendered":"\n<p id=\"isPasted\">Em um cen\u00e1rio de mudan\u00e7as constantes, proteger o patrim\u00f4nio e garantir a continuidade dos neg\u00f3cios familiares exige vis\u00e3o estrat\u00e9gica. O planejamento patrimonial e sucess\u00f3rio \u00e9 uma ferramenta essencial para organizar a transfer\u00eancia de bens e o controle de empresas familiares aos sucessores, conciliando interesses societ\u00e1rios, familiares e tribut\u00e1rios.<\/p>\n\n\n\n<p id=\"isPasted\">Nesta palestra, a&nbsp;<strong>Dra. Claudia Baptista Lopes&nbsp;<\/strong>e a<strong>&nbsp;Dra. Regina Montagnini,&nbsp;<\/strong>respectivamente S\u00f3cia da \u00e1rea de Fam\u00edlia, Sucess\u00f5es e C\u00edvel e a Coordenadora da \u00e1rea de Fam\u00edlia, Sucess\u00f5es e C\u00edvel da&nbsp;<strong>De Vivo, Castro, Cunha e Whitaker Advogados,<\/strong><strong>&nbsp;<\/strong>empresa associada da Swedcham, apresentar\u00e3o solu\u00e7\u00f5es jur\u00eddicas que promovem seguran\u00e7a, efici\u00eancia e longevidade na gest\u00e3o patrimonial \u2014 com destaque para os instrumentos de planejamentos patrimoniais e sucess\u00f3rio como&nbsp;testamentos,&nbsp;pactos,&nbsp;holdings, protocolos familiares e acordos de s\u00f3cios.<\/p>\n\n\n\n<p>\ud83d\udd39&nbsp;<strong>Por que participar?<\/strong><\/p>\n\n\n\n<ul class=\"wp-block-list\">\n<li>Proteger seu patrim\u00f4nio com intelig\u00eancia e seguran\u00e7a<\/li>\n\n\n\n<li>Evitar conflitos e fortale\u00e7a os v\u00ednculos familiares<\/li>\n\n\n\n<li>Garantir a continuidade dos neg\u00f3cios \u00e0s futuras gera\u00e7\u00f5es<\/li>\n<\/ul>\n\n\n\n<p>\ud83d\udd39&nbsp;<strong>Para quem \u00e9?<\/strong>&nbsp;&nbsp;<\/p>\n\n\n\n<p>Empres\u00e1rios, herdeiros, gestores de empresas familiares e profissionais das \u00e1reas jur\u00eddica e financeira que buscam uma abordagem moderna e eficaz para o futuro patrimonial.<\/p>\n\n\n\n<p><\/p>\n\n\n\n<div class=\"wp-block-media-text is-stacked-on-mobile\" style=\"grid-template-columns:22% auto\"><figure class=\"wp-block-media-text__media\"><img loading=\"lazy\" decoding=\"async\" width=\"683\" height=\"1024\" src=\"https:\/\/www.swedcham.com.br\/wp-content\/uploads\/2025\/10\/IMG_0050-683x1024.jpg\" alt=\"\" class=\"wp-image-28908 size-full\" srcset=\"https:\/\/www.swedcham.com.br\/wp-content\/uploads\/2025\/10\/IMG_0050-683x1024.jpg 683w, https:\/\/www.swedcham.com.br\/wp-content\/uploads\/2025\/10\/IMG_0050-200x300.jpg 200w, https:\/\/www.swedcham.com.br\/wp-content\/uploads\/2025\/10\/IMG_0050-768x1152.jpg 768w, https:\/\/www.swedcham.com.br\/wp-content\/uploads\/2025\/10\/IMG_0050-1024x1536.jpg 1024w, https:\/\/www.swedcham.com.br\/wp-content\/uploads\/2025\/10\/IMG_0050-1365x2048.jpg 1365w, https:\/\/www.swedcham.com.br\/wp-content\/uploads\/2025\/10\/IMG_0050-600x900.jpg 600w, https:\/\/www.swedcham.com.br\/wp-content\/uploads\/2025\/10\/IMG_0050-scaled.jpg 1707w\" sizes=\"auto, (max-width: 683px) 100vw, 683px\" \/><\/figure><div class=\"wp-block-media-text__content\">\n<p><strong>Claudia Baptista Lopes &#8211;<\/strong>&nbsp;Graduada pela Universidade Presbiteriana Mackenzie (1997), especialista em Direito de Fam\u00edlia e Sucess\u00f5es pelas Faculdades Metropolitanas Unidas \u2013 FMU (2007) e p\u00f3s-graduada em Planejamento Patrimonial e Sucess\u00f3rio pela Funda\u00e7\u00e3o Get\u00falio Vargas \u2013 GVLaw (2021). Membro da Ordem dos Advogados do Brasil, sec\u00e7\u00e3o de S\u00e3o Paulo e do Instituto Brasileiro de Direito de Fam\u00edlia (IBDFAM). S\u00f3cia de De Vivo, Castro, Cunha e Whitaker Advogados.<\/p>\n<\/div><\/div>\n\n\n\n<p><\/p>\n\n\n\n<p><\/p>\n\n\n\n<div class=\"wp-block-media-text is-stacked-on-mobile\" style=\"grid-template-columns:23% auto\"><figure class=\"wp-block-media-text__media\"><img loading=\"lazy\" decoding=\"async\" width=\"845\" height=\"1024\" src=\"https:\/\/www.swedcham.com.br\/wp-content\/uploads\/2025\/10\/teste-21-1-845x1024.jpg\" alt=\"\" class=\"wp-image-28912 size-full\" srcset=\"https:\/\/www.swedcham.com.br\/wp-content\/uploads\/2025\/10\/teste-21-1-845x1024.jpg 845w, https:\/\/www.swedcham.com.br\/wp-content\/uploads\/2025\/10\/teste-21-1-248x300.jpg 248w, https:\/\/www.swedcham.com.br\/wp-content\/uploads\/2025\/10\/teste-21-1-768x931.jpg 768w, https:\/\/www.swedcham.com.br\/wp-content\/uploads\/2025\/10\/teste-21-1-600x727.jpg 600w, https:\/\/www.swedcham.com.br\/wp-content\/uploads\/2025\/10\/teste-21-1.jpg 1000w\" sizes=\"auto, (max-width: 845px) 100vw, 845px\" \/><\/figure><div class=\"wp-block-media-text__content\">\n<p><strong>Regina Montagnini &#8211;&nbsp;<\/strong>Graduada pela Pontif\u00edcia Universidade Cat\u00f3lica de S\u00e3o Paulo &#8211; PUCSP, e p\u00f3s-graduada em Direito Comercial pela mesma Institui\u00e7\u00e3o, especialista em Direito das Fam\u00edlias e Sucess\u00f5es pela Escola Superior de Advocacia (ESASP) e Planejamento Sucess\u00f3rio pela Funda\u00e7\u00e3o Get\u00falio Vargas &#8211; GVLaw.<\/p>\n<\/div><\/div>\n\n\n\n<p><\/p>\n\n\n\n<p><\/p>\n\n\n\n<p><strong>Quando:<\/strong><br>Quarta-feira, 12 de novembro \u00e0 partir das 17h<\/p>\n\n\n\n<p><strong>Onde:<\/strong><br>Swedcham \u2013 Rua Oscar Freire, 379 \u2013 cj 121<\/p>\n\n\n\n<p><strong>900 metros<\/strong><strong>&nbsp;da esta\u00e7\u00e3o Oscar Freire do Metr\u00f4 (linha amarela).<\/strong><\/p>\n\n\n\n<p><strong>Agenda:<\/strong><\/p>\n\n\n\n<p><strong>17:00 &#8211;\u00a0<\/strong>Welcome Coffee\u00a0<br><strong>17:15 &#8211;<\/strong>\u00a0Boas vindas &#8211;\u00a0<strong>Jonas Lindstr\u00f6m<\/strong>\u00a0&#8211; Diretor Executivo da Swedcham<br><strong>17:20 &#8211;\u00a0<\/strong>Apresenta\u00e7\u00e3o &#8211;\u00a0<strong>Dra.\u00a0Claudia Baptista Lopes<\/strong> e <strong>\u00a0Dra. Regina Montagnin<\/strong>i<br><strong>18:30 &#8211;\u00a0<\/strong>Fechamento \u00a0&#8211;<strong>\u00a0Dr. Renato Pacheco<\/strong>\u00a0&#8211; Coordenador do Comit\u00ea Jur\u00eddico e C\u00f4nsul da Suecia<\/p>\n\n\n\n<p><strong>18:40<\/strong>&nbsp;&#8211; Happy Hour<\/p>\n\n\n\n<p><strong>Estacionamento:<\/strong><br>Recomendamos o estacionamento do Hotel Regent Park<br>Rua Oscar Freire, 533.<\/p>\n\n\n\n<p><strong>Investimento:<\/strong><br>Gratuito para associados da Swedcham&nbsp;<br>N\u00e3o associados: R$80,00<\/p>\n\n\n\n<p><strong>RSVP:&nbsp;<\/strong>at\u00e9 10\/11<\/p>\n\n\n\n<p><strong>Associados e convidados:<\/strong>&nbsp;eventos@swedcham.com.br<\/p>\n\n\n\n<p><strong>N\u00e3o associados: <\/strong>Utilize o bot\u00e3o abaixo.<\/p>\n","protected":false},"excerpt":{"rendered":"<p>Em um cen\u00e1rio de mudan\u00e7as constantes, proteger o patrim\u00f4nio e garantir a continuidade dos neg\u00f3cios familiares exige vis\u00e3o estrat\u00e9gica. O<\/p>\n","protected":false},"featured_media":28922,"template":"","meta":[],"product_brand":[],"product_cat":[228],"product_tag":[],"class_list":{"0":"post-28914","1":"product","2":"type-product","3":"status-publish","4":"has-post-thumbnail","6":"product_cat-our-events","8":"first","9":"instock","10":"shipping-taxable","11":"purchasable","12":"product-type-variable"},"_links":{"self":[{"href":"https:\/\/www.swedcham.com.br\/en\/wp-json\/wp\/v2\/product\/28914","targetHints":{"allow":["GET"]}}],"collection":[{"href":"https:\/\/www.swedcham.com.br\/en\/wp-json\/wp\/v2\/product"}],"about":[{"href":"https:\/\/www.swedcham.com.br\/en\/wp-json\/wp\/v2\/types\/product"}],"wp:featuredmedia":[{"embeddable":true,"href":"https:\/\/www.swedcham.com.br\/en\/wp-json\/wp\/v2\/media\/28922"}],"wp:attachment":[{"href":"https:\/\/www.swedcham.com.br\/en\/wp-json\/wp\/v2\/media?parent=28914"}],"wp:term":[{"taxonomy":"product_brand","embeddable":true,"href":"https:\/\/www.swedcham.com.br\/en\/wp-json\/wp\/v2\/product_brand?post=28914"},{"taxonomy":"product_cat","embeddable":true,"href":"https:\/\/www.swedcham.com.br\/en\/wp-json\/wp\/v2\/product_cat?post=28914"},{"taxonomy":"product_tag","embeddable":true,"href":"https:\/\/www.swedcham.com.br\/en\/wp-json\/wp\/v2\/product_tag?post=28914"}],"curies":[{"name":"wp","href":"https:\/\/api.w.org\/{rel}","templated":true}]}}

Planejamento Patrimonial e Sucessório

<p id="isPasted">Em um cenário de mudanças constantes, proteger o patrimônio e garantir a continuidade dos negócios familiares exige visão estratégica. O planejamento patrimonial e sucessório é uma ferramenta essencial para organizar a transferência de bens e o controle de empresas familiares aos sucessores, conciliando interesses societários, familiares e tributários.</p>



<p id="isPasted">Nesta palestra, a&nbsp;<strong>Dra. Claudia Baptista Lopes&nbsp;</strong>e a<strong>&nbsp;Dra. Regina Montagnini,&nbsp;</strong>respectivamente Sócia da área de Família, Sucessões e Cível e a Coordenadora da área de Família, Sucessões e Cível da&nbsp;<strong>De Vivo, Castro, Cunha e Whitaker Advogados,</strong><strong>&nbsp;</strong>empresa associada da Swedcham, apresentarão soluções jurídicas que promovem segurança, eficiência e longevidade na gestão patrimonial — com destaque para os instrumentos de planejamentos patrimoniais e sucessório como&nbsp;testamentos,&nbsp;pactos,&nbsp;holdings, protocolos familiares e acordos de sócios.</p>



<p>🔹&nbsp;<strong>Por que participar?</strong></p>



<ul class="wp-block-list">
<li>Proteger seu patrimônio com inteligência e segurança</li>



<li>Evitar conflitos e fortaleça os vínculos familiares</li>



<li>Garantir a continuidade dos negócios às futuras gerações</li>
</ul>



<p>🔹&nbsp;<strong>Para quem é?</strong>&nbsp;&nbsp;</p>



<p>Empresários, herdeiros, gestores de empresas familiares e profissionais das áreas jurídica e financeira que buscam uma abordagem moderna e eficaz para o futuro patrimonial.</p>



<p></p>



<div class="wp-block-media-text is-stacked-on-mobile" style="grid-template-columns:22% auto"><figure class="wp-block-media-text__media"><img loading="lazy" decoding="async" width="683" height="1024" src="https://www.swedcham.com.br/wp-content/uploads/2025/10/IMG_0050-683x1024.jpg" alt="" class="wp-image-28908 size-full" srcset="https://www.swedcham.com.br/wp-content/uploads/2025/10/IMG_0050-683x1024.jpg 683w, https://www.swedcham.com.br/wp-content/uploads/2025/10/IMG_0050-200x300.jpg 200w, https://www.swedcham.com.br/wp-content/uploads/2025/10/IMG_0050-768x1152.jpg 768w, https://www.swedcham.com.br/wp-content/uploads/2025/10/IMG_0050-1024x1536.jpg 1024w, https://www.swedcham.com.br/wp-content/uploads/2025/10/IMG_0050-1365x2048.jpg 1365w, https://www.swedcham.com.br/wp-content/uploads/2025/10/IMG_0050-600x900.jpg 600w, https://www.swedcham.com.br/wp-content/uploads/2025/10/IMG_0050-scaled.jpg 1707w" sizes="auto, (max-width: 683px) 100vw, 683px" /></figure><div class="wp-block-media-text__content">
<p><strong>Claudia Baptista Lopes &#8211;</strong>&nbsp;Graduada pela Universidade Presbiteriana Mackenzie (1997), especialista em Direito de Família e Sucessões pelas Faculdades Metropolitanas Unidas – FMU (2007) e pós-graduada em Planejamento Patrimonial e Sucessório pela Fundação Getúlio Vargas – GVLaw (2021). Membro da Ordem dos Advogados do Brasil, secção de São Paulo e do Instituto Brasileiro de Direito de Família (IBDFAM). Sócia de De Vivo, Castro, Cunha e Whitaker Advogados.</p>
</div></div>



<p></p>



<p></p>



<div class="wp-block-media-text is-stacked-on-mobile" style="grid-template-columns:23% auto"><figure class="wp-block-media-text__media"><img loading="lazy" decoding="async" width="845" height="1024" src="https://www.swedcham.com.br/wp-content/uploads/2025/10/teste-21-1-845x1024.jpg" alt="" class="wp-image-28912 size-full" srcset="https://www.swedcham.com.br/wp-content/uploads/2025/10/teste-21-1-845x1024.jpg 845w, https://www.swedcham.com.br/wp-content/uploads/2025/10/teste-21-1-248x300.jpg 248w, https://www.swedcham.com.br/wp-content/uploads/2025/10/teste-21-1-768x931.jpg 768w, https://www.swedcham.com.br/wp-content/uploads/2025/10/teste-21-1-600x727.jpg 600w, https://www.swedcham.com.br/wp-content/uploads/2025/10/teste-21-1.jpg 1000w" sizes="auto, (max-width: 845px) 100vw, 845px" /></figure><div class="wp-block-media-text__content">
<p><strong>Regina Montagnini &#8211;&nbsp;</strong>Graduada pela Pontifícia Universidade Católica de São Paulo &#8211; PUCSP, e pós-graduada em Direito Comercial pela mesma Instituição, especialista em Direito das Famílias e Sucessões pela Escola Superior de Advocacia (ESASP) e Planejamento Sucessório pela Fundação Getúlio Vargas &#8211; GVLaw.</p>
</div></div>



<p></p>



<p></p>



<p><strong>Quando:</strong><br>Quarta-feira, 12 de novembro à partir das 17h</p>



<p><strong>Onde:</strong><br>Swedcham – Rua Oscar Freire, 379 – cj 121</p>



<p><strong>900 metros</strong><strong>&nbsp;da estação Oscar Freire do Metrô (linha amarela).</strong></p>



<p><strong>Agenda:</strong></p>



<p><strong>17:00 &#8211; </strong>Welcome Coffee <br><strong>17:15 &#8211;</strong> Boas vindas &#8211; <strong>Jonas Lindström</strong> &#8211; Diretor Executivo da Swedcham<br><strong>17:20 &#8211; </strong>Apresentação &#8211; <strong>Dra. Claudia Baptista Lopes</strong> e <strong> Dra. Regina Montagnin</strong>i<br><strong>18:30 &#8211; </strong>Fechamento  &#8211;<strong> Dr. Renato Pacheco</strong> &#8211; Coordenador do Comitê Jurídico e Cônsul da Suecia</p>



<p><strong>18:40</strong>&nbsp;&#8211; Happy Hour</p>



<p><strong>Estacionamento:</strong><br>Recomendamos o estacionamento do Hotel Regent Park<br>Rua Oscar Freire, 533.</p>



<p><strong>Investimento:</strong><br>Gratuito para associados da Swedcham&nbsp;<br>Não associados: R$80,00</p>



<p><strong>RSVP:&nbsp;</strong>até 10/11</p>



<p><strong>Associados e convidados:</strong>&nbsp;eventos@swedcham.com.br</p>



<p><strong>Não associados: </strong>Utilize o botão abaixo.</p>

<p>Em um cenário de mudanças constantes, proteger o patrimônio e garantir a continuidade dos negócios familiares exige visão estratégica. O</p>
