{"id":28894,"date":"2025-10-17T17:32:23","date_gmt":"2025-10-17T20:32:23","guid":{"rendered":"https:\/\/www.swedcham.com.br\/product\/uncategorized\/pre-cop-event-international-trends-for-a-net-zero-and-climate-resilient-future\/"},"modified":"2025-11-07T08:31:21","modified_gmt":"2025-11-07T11:31:21","slug":"pre-cop-event-international-trends-for-a-net-zero-and-climate-resilient-future","status":"publish","type":"product","link":"https:\/\/www.swedcham.com.br\/en\/product\/our-events\/pre-cop-event-international-trends-for-a-net-zero-and-climate-resilient-future\/","title":{"rendered":"Pre-COP event: International Trends for a Net Zero and Climate-Resilient Future"},"content":{"rendered":"<div class=\"wp-block-image\">\n<figure class=\"aligncenter size-full is-resized\"><a href=\"https:\/\/www.swedcham.com.br\/wp-content\/uploads\/2025\/10\/eurocamaras.jpg\"><img loading=\"lazy\" decoding=\"async\" width=\"919\" height=\"565\" src=\"https:\/\/www.swedcham.com.br\/wp-content\/uploads\/2025\/10\/eurocamaras.jpg\" alt=\"\" class=\"wp-image-28889\" style=\"width:639px;height:auto\" srcset=\"https:\/\/www.swedcham.com.br\/wp-content\/uploads\/2025\/10\/eurocamaras.jpg 919w, https:\/\/www.swedcham.com.br\/wp-content\/uploads\/2025\/10\/eurocamaras-300x184.jpg 300w, https:\/\/www.swedcham.com.br\/wp-content\/uploads\/2025\/10\/eurocamaras-768x472.jpg 768w, https:\/\/www.swedcham.com.br\/wp-content\/uploads\/2025\/10\/eurocamaras-600x369.jpg 600w\" sizes=\"auto, (max-width: 919px) 100vw, 919px\" \/><\/a><\/figure>\n<\/div>\n\n\n<p><\/p>\n\n\n\n<h2 class=\"wp-block-heading has-text-align-center\">Pre-COP event: International Trends for a Net Zero and Climate-Resilient Future<\/h2>\n\n\n\n<p><\/p>\n\n\n\n<p id=\"isPasted\">O Congresso Brasil-Alemanha de Inova\u00e7\u00e3o e Sustentabilidade, em sua edi\u00e7\u00e3o especial Pr\u00e9-COP30, ser\u00e1 realizado em parceria com a Euroc\u00e2maras, institui\u00e7\u00e3o que congrega as C\u00e2maras europeias presentes no Brasil. Com o objetivo de fortalecer o interc\u00e2mbio internacional de solu\u00e7\u00f5es inovadoras, pol\u00edticas p\u00fablicas e neg\u00f3cios que aceleram o Net Zero, a adapta\u00e7\u00e3o clim\u00e1tica e a economia verde, o evento abordar\u00e1 quatro eixos tem\u00e1ticos:<\/p>\n\n\n\n<p>1. &nbsp; &nbsp; &nbsp;<strong>Financiamento:<\/strong>&nbsp;Modelos inovadores de financiamento verde, fundos binacionais e instrumentos&nbsp;<em>blended finance<\/em>.<\/p>\n\n\n\n<p>2. &nbsp; &nbsp; &nbsp;<strong>Net Zero:<\/strong>&nbsp;Estrat\u00e9gias para descarboniza\u00e7\u00e3o industrial, energias limpas e justi\u00e7a clim\u00e1tica.<\/p>\n\n\n\n<p>3. &nbsp; &nbsp; &nbsp;<strong>Economia Circular:<\/strong>&nbsp;Design, materiais e modelos de neg\u00f3cio circulares, envolvimento do terceiro setor e engajamento da sociedade.<\/p>\n\n\n\n<p>4. &nbsp; &nbsp; &nbsp;<strong>Bioeconomia e economia regenerativa:&nbsp;<\/strong>Desenvolvimento sustent\u00e1vel, tecnologias \u201crespons\u00e1veis e inteligentes\u201d para explora\u00e7\u00e3o de recursos naturais, solu\u00e7\u00f5es baseadas na natureza e impacto para os neg\u00f3cios.<\/p>\n\n\n\n<p><strong>Investimento:&nbsp;<\/strong><\/p>\n\n\n\n<p><strong>R$ 240,00 &#8211;\u00a0Early bird\u00a0at\u00e9 05\/11<\/strong><\/p>\n\n\n\n<p><strong>R$ 340,00 &#8211; a partir de 06 de novembro<\/strong><\/p>\n\n\n\n<h4 class=\"wp-block-heading\"><strong>Local do evento:<\/strong><\/h4>\n\n\n\n<p>Audit\u00f3rio da InvestSP &#8211; Av. Escola Polit\u00e9cnica, 82 &#8211; Jaguar\u00e9<br>S\u00e3o Paulo \u2013 SP 05350-000 Brasil<\/p>\n\n\n\n<h4 class=\"wp-block-heading\"><strong>Data e hor\u00e1rio do evento:<\/strong><\/h4>\n\n\n\n<p><strong>07.11.2025<\/strong> \/ 09:30 &#8211; 16:30<\/p>\n\n\n\n<p><strong>Idioma do evento<\/strong><br>Portugu\u00eas<\/p>\n\n\n\n<p><strong>Agenda:<\/strong><\/p>\n\n\n\n<p>9h30 Welcome coffee<\/p>\n\n\n\n<p>10h00 Abertura oficial e assinatura de MoUs<\/p>\n\n\n\n<p>\u00b7 Barbara Konner, Vice-Presidente Executiva | C\u00e2mara Brasil-Alemanha de S\u00e3o Paulo<\/p>\n\n\n\n<p>\u00b7 Martina Hackelberg, C\u00f4nsul-Geral da Alemanha em S\u00e3o Paulo<\/p>\n\n\n\n<p>\u00b7 Sergio Quiroga. Presidente | Euroc\u00e2maras<\/p>\n\n\n\n<p>10h30 Keynote speaker\u2013 Tend\u00eancias e desafios globais para um mundo mais sustent\u00e1vel<\/p>\n\n\n\n<p>\u00b7 Wolfgang Dierker &#8211; Global Head, Government Affairs | SAP<\/p>\n\n\n\n<p>10h45 Painel: Oportunidades na colabora\u00e7\u00e3o Uni\u00e3o Europeia\u2013Mercosul<\/p>\n\n\n\n<p>\u00b7 Wolfgang Dierker, Global Head, Government Affairs | SAP<\/p>\n\n\n\n<p>\u00b7 Pablo Fava, CEO | Siemens Brasil e Vice-Presidente<\/p>\n\n\n\n<p>11h30 Apresenta\u00e7\u00e3o estudo: Diretrizes para uma ind\u00fastria Amaz\u00f4nica de baixo carbono<\/p>\n\n\n\n<p>\u00b7 Marcella Novaes, Vice-Presidente | FIEPA<\/p>\n\n\n\n<p>11h45 Iniciativa D4iD (Deep Techs for Industry Decarbonization)<\/p>\n\n\n\n<p>\u00b7 Jana Silva, L\u00edder de Sustentabilidade e IA | CUBO<\/p>\n\n\n\n<p>\u00b7 Fernando Paraiso, Diretor de Inova\u00e7\u00e3o e Sustentabilidade | C\u00e2mara Brasil-Alemanha de S\u00e3o Paulo<\/p>\n\n\n\n<p>12h00 Almo\u00e7o: Hannover Messe welcomes Brazil as Partner Country<\/p>\n\n\n\n<p>13h30 Painel: Finan\u00e7as Verdes<\/p>\n\n\n\n<p>\u00b7 Christian Kr\u00e4mer, Member of the Management Committee | KfW<\/p>\n\n\n\n<p>\u00b7 Frank Scheidig, Head of Senior Executive Banking | DZ Bank<\/p>\n\n\n\n<p>\u00b7 Esther Unzueta Dominguez, Head de Sustainable Finance | Santander<\/p>\n\n\n\n<p>\u00b7 Giliane Coeurderoy, CEO | Cr\u00e9dit Agricole<\/p>\n\n\n\n<p>14h15 Painel: Net Zero<\/p>\n\n\n\n<p>\u00b7 Matheus Pintor, Head de Vendas e Marketing | Bosch<\/p>\n\n\n\n<p>\u00b7 Maria Helena Calado, Head de Sustentabilidade | Volkswagen<\/p>\n\n\n\n<p>\u00b7 Alexandre Barroso de Oliveira, Gerente executivo de Desenvolvimento de Neg\u00f3cios | AUREN<\/p>\n\n\n\n<p>\u00b7 Carlos Lassery Rocha, Diretor de Frota | Maersk<\/p>\n\n\n\n<p>15h Painel: Economia Circular<\/p>\n\n\n\n<p>\u00b7 Luis Mosquera, Vice-Presidente de Legal, Sustentabilidade e Government Affairs | Siemens<\/p>\n\n\n\n<p>\u00b7 Valeria Michel, Diretora de Sustentabilidade |Tetra Pak<\/p>\n\n\n\n<p>\u00b7 Isabella Menezes Goltz Ver, Gerente de Economia Circular e Materiais Reciclados | Saint-Gobain<\/p>\n\n\n\n<p>\u00b7 Tbc | Eureciclo<\/p>\n\n\n\n<p>15h45 Painel: Economia Regenerativa<\/p>\n\n\n\n<p>\u00b7 Renata Freesz, Head de Inova\u00e7\u00e3o Corporativa | Klabin<\/p>\n\n\n\n<p>\u00b7 Rodolfo Walder Viana, Gerente de Sustentabilidade | BASF Am\u00e9rica do Sul e diretor-presidente | Funda\u00e7\u00e3o Espa\u00e7o ECO<\/p>\n\n\n\n<p>\u00b7 Andr\u00e9 Ferrarese, Diretor de Pesquisa e Desenvolvimento | Tupy<\/p>\n\n\n\n<p>\u00b7 Marco Ruggiero, Presidente e General Manager | Chiesi Farmac\u00eautica<\/p>\n\n\n\n<p>16h30 Momento de networking com as empresas do projeto \u201cSMEs go Green\u201d financiado pela UE via programa Al Invest da Sequa<\/p>\n\n\n\n<p>18h Encerramento<\/p>\n\n\n\n<figure class=\"wp-block-image size-full\"><a href=\"https:\/\/www.swedcham.com.br\/wp-content\/uploads\/2025\/10\/2-banner.png\"><img loading=\"lazy\" decoding=\"async\" width=\"1020\" height=\"599\" src=\"https:\/\/www.swedcham.com.br\/wp-content\/uploads\/2025\/10\/2-banner.png\" alt=\"\" class=\"wp-image-28905\" srcset=\"https:\/\/www.swedcham.com.br\/wp-content\/uploads\/2025\/10\/2-banner.png 1020w, https:\/\/www.swedcham.com.br\/wp-content\/uploads\/2025\/10\/2-banner-300x176.png 300w, https:\/\/www.swedcham.com.br\/wp-content\/uploads\/2025\/10\/2-banner-768x451.png 768w, https:\/\/www.swedcham.com.br\/wp-content\/uploads\/2025\/10\/2-banner-600x352.png 600w\" sizes=\"auto, (max-width: 1020px) 100vw, 1020px\" \/><\/a><\/figure>\n\n\n\n<p><\/p>\n","protected":false},"excerpt":{"rendered":"<p>Pre-COP event: International Trends for a Net Zero and Climate-Resilient Future O Congresso Brasil-Alemanha de Inova\u00e7\u00e3o e Sustentabilidade, em sua<\/p>\n","protected":false},"featured_media":28893,"template":"","meta":[],"product_brand":[],"product_cat":[228],"product_tag":[],"class_list":{"0":"post-28894","1":"product","2":"type-product","3":"status-publish","4":"has-post-thumbnail","6":"product_cat-our-events","8":"first","9":"instock","10":"shipping-taxable","11":"purchasable","12":"product-type-variable"},"_links":{"self":[{"href":"https:\/\/www.swedcham.com.br\/en\/wp-json\/wp\/v2\/product\/28894","targetHints":{"allow":["GET"]}}],"collection":[{"href":"https:\/\/www.swedcham.com.br\/en\/wp-json\/wp\/v2\/product"}],"about":[{"href":"https:\/\/www.swedcham.com.br\/en\/wp-json\/wp\/v2\/types\/product"}],"wp:featuredmedia":[{"embeddable":true,"href":"https:\/\/www.swedcham.com.br\/en\/wp-json\/wp\/v2\/media\/28893"}],"wp:attachment":[{"href":"https:\/\/www.swedcham.com.br\/en\/wp-json\/wp\/v2\/media?parent=28894"}],"wp:term":[{"taxonomy":"product_brand","embeddable":true,"href":"https:\/\/www.swedcham.com.br\/en\/wp-json\/wp\/v2\/product_brand?post=28894"},{"taxonomy":"product_cat","embeddable":true,"href":"https:\/\/www.swedcham.com.br\/en\/wp-json\/wp\/v2\/product_cat?post=28894"},{"taxonomy":"product_tag","embeddable":true,"href":"https:\/\/www.swedcham.com.br\/en\/wp-json\/wp\/v2\/product_tag?post=28894"}],"curies":[{"name":"wp","href":"https:\/\/api.w.org\/{rel}","templated":true}]}}

<div class="wp-block-image">
<figure class="aligncenter size-full is-resized"><a href="https://www.swedcham.com.br/wp-content/uploads/2025/10/eurocamaras.jpg"><img loading="lazy" decoding="async" width="919" height="565" src="https://www.swedcham.com.br/wp-content/uploads/2025/10/eurocamaras.jpg" alt="" class="wp-image-28889" style="width:639px;height:auto" srcset="https://www.swedcham.com.br/wp-content/uploads/2025/10/eurocamaras.jpg 919w, https://www.swedcham.com.br/wp-content/uploads/2025/10/eurocamaras-300x184.jpg 300w, https://www.swedcham.com.br/wp-content/uploads/2025/10/eurocamaras-768x472.jpg 768w, https://www.swedcham.com.br/wp-content/uploads/2025/10/eurocamaras-600x369.jpg 600w" sizes="auto, (max-width: 919px) 100vw, 919px" /></a></figure>
</div>


<p></p>



<h2 class="wp-block-heading has-text-align-center">Pre-COP event: International Trends for a Net Zero and Climate-Resilient Future</h2>



<p></p>



<p id="isPasted">O Congresso Brasil-Alemanha de Inovação e Sustentabilidade, em sua edição especial Pré-COP30, será realizado em parceria com a Eurocâmaras, instituição que congrega as Câmaras europeias presentes no Brasil. Com o objetivo de fortalecer o intercâmbio internacional de soluções inovadoras, políticas públicas e negócios que aceleram o Net Zero, a adaptação climática e a economia verde, o evento abordará quatro eixos temáticos:</p>



<p>1. &nbsp; &nbsp; &nbsp;<strong>Financiamento:</strong>&nbsp;Modelos inovadores de financiamento verde, fundos binacionais e instrumentos&nbsp;<em>blended finance</em>.</p>



<p>2. &nbsp; &nbsp; &nbsp;<strong>Net Zero:</strong>&nbsp;Estratégias para descarbonização industrial, energias limpas e justiça climática.</p>



<p>3. &nbsp; &nbsp; &nbsp;<strong>Economia Circular:</strong>&nbsp;Design, materiais e modelos de negócio circulares, envolvimento do terceiro setor e engajamento da sociedade.</p>



<p>4. &nbsp; &nbsp; &nbsp;<strong>Bioeconomia e economia regenerativa:&nbsp;</strong>Desenvolvimento sustentável, tecnologias “responsáveis e inteligentes” para exploração de recursos naturais, soluções baseadas na natureza e impacto para os negócios.</p>



<p><strong>Investimento:&nbsp;</strong></p>



<p><strong>R$ 240,00 &#8211; Early bird até 05/11</strong></p>



<p><strong>R$ 340,00 &#8211; a partir de 06 de novembro</strong></p>



<h4 class="wp-block-heading"><strong>Local do evento:</strong></h4>



<p>Auditório da InvestSP &#8211; Av. Escola Politécnica, 82 &#8211; Jaguaré<br>São Paulo – SP 05350-000 Brasil</p>



<h4 class="wp-block-heading"><strong>Data e horário do evento:</strong></h4>



<p><strong>07.11.2025</strong> / 09:30 &#8211; 16:30</p>



<p><strong>Idioma do evento</strong><br>Português</p>



<p><strong>Agenda:</strong></p>



<p>9h30 Welcome coffee</p>



<p>10h00 Abertura oficial e assinatura de MoUs</p>



<p>· Barbara Konner, Vice-Presidente Executiva | Câmara Brasil-Alemanha de São Paulo</p>



<p>· Martina Hackelberg, Cônsul-Geral da Alemanha em São Paulo</p>



<p>· Sergio Quiroga. Presidente | Eurocâmaras</p>



<p>10h30 Keynote speaker– Tendências e desafios globais para um mundo mais sustentável</p>



<p>· Wolfgang Dierker &#8211; Global Head, Government Affairs | SAP</p>



<p>10h45 Painel: Oportunidades na colaboração União Europeia–Mercosul</p>



<p>· Wolfgang Dierker, Global Head, Government Affairs | SAP</p>



<p>· Pablo Fava, CEO | Siemens Brasil e Vice-Presidente</p>



<p>11h30 Apresentação estudo: Diretrizes para uma indústria Amazônica de baixo carbono</p>



<p>· Marcella Novaes, Vice-Presidente | FIEPA</p>



<p>11h45 Iniciativa D4iD (Deep Techs for Industry Decarbonization)</p>



<p>· Jana Silva, Líder de Sustentabilidade e IA | CUBO</p>



<p>· Fernando Paraiso, Diretor de Inovação e Sustentabilidade | Câmara Brasil-Alemanha de São Paulo</p>



<p>12h00 Almoço: Hannover Messe welcomes Brazil as Partner Country</p>



<p>13h30 Painel: Finanças Verdes</p>



<p>· Christian Krämer, Member of the Management Committee | KfW</p>



<p>· Frank Scheidig, Head of Senior Executive Banking | DZ Bank</p>



<p>· Esther Unzueta Dominguez, Head de Sustainable Finance | Santander</p>



<p>· Giliane Coeurderoy, CEO | Crédit Agricole</p>



<p>14h15 Painel: Net Zero</p>



<p>· Matheus Pintor, Head de Vendas e Marketing | Bosch</p>



<p>· Maria Helena Calado, Head de Sustentabilidade | Volkswagen</p>



<p>· Alexandre Barroso de Oliveira, Gerente executivo de Desenvolvimento de Negócios | AUREN</p>



<p>· Carlos Lassery Rocha, Diretor de Frota | Maersk</p>



<p>15h Painel: Economia Circular</p>



<p>· Luis Mosquera, Vice-Presidente de Legal, Sustentabilidade e Government Affairs | Siemens</p>



<p>· Valeria Michel, Diretora de Sustentabilidade |Tetra Pak</p>



<p>· Isabella Menezes Goltz Ver, Gerente de Economia Circular e Materiais Reciclados | Saint-Gobain</p>



<p>· Tbc | Eureciclo</p>



<p>15h45 Painel: Economia Regenerativa</p>



<p>· Renata Freesz, Head de Inovação Corporativa | Klabin</p>



<p>· Rodolfo Walder Viana, Gerente de Sustentabilidade | BASF América do Sul e diretor-presidente | Fundação Espaço ECO</p>



<p>· André Ferrarese, Diretor de Pesquisa e Desenvolvimento | Tupy</p>



<p>· Marco Ruggiero, Presidente e General Manager | Chiesi Farmacêutica</p>



<p>16h30 Momento de networking com as empresas do projeto “SMEs go Green” financiado pela UE via programa Al Invest da Sequa</p>



<p>18h Encerramento</p>



<figure class="wp-block-image size-full"><a href="https://www.swedcham.com.br/wp-content/uploads/2025/10/2-banner.png"><img loading="lazy" decoding="async" width="1020" height="599" src="https://www.swedcham.com.br/wp-content/uploads/2025/10/2-banner.png" alt="" class="wp-image-28905" srcset="https://www.swedcham.com.br/wp-content/uploads/2025/10/2-banner.png 1020w, https://www.swedcham.com.br/wp-content/uploads/2025/10/2-banner-300x176.png 300w, https://www.swedcham.com.br/wp-content/uploads/2025/10/2-banner-768x451.png 768w, https://www.swedcham.com.br/wp-content/uploads/2025/10/2-banner-600x352.png 600w" sizes="auto, (max-width: 1020px) 100vw, 1020px" /></a></figure>



<p></p>

<p>Pre-COP event: International Trends for a Net Zero and Climate-Resilient Future O Congresso Brasil-Alemanha de Inovação e Sustentabilidade, em sua</p>
