{"id":28823,"date":"2025-10-08T15:30:03","date_gmt":"2025-10-08T18:30:03","guid":{"rendered":"https:\/\/www.swedcham.com.br\/?post_type=product&#038;p=28823"},"modified":"2025-10-16T17:05:14","modified_gmt":"2025-10-16T20:05:14","slug":"mulheres-na-industria","status":"publish","type":"product","link":"https:\/\/www.swedcham.com.br\/en\/product\/our-events\/mulheres-na-industria\/","title":{"rendered":"Mulheres na Ind\u00fastria"},"content":{"rendered":"\n<p class=\"has-medium-font-size\"><\/p>\n\n\n\n<p class=\"has-large-font-size\"><strong>Mulheres na Ind\u00fastri<\/strong>a<strong>:<\/strong> <strong>Construindo Caminhos e Quebrando Barreiras<\/strong><\/p>\n\n\n\n<figure class=\"wp-block-embed is-type-video is-provider-youtube wp-block-embed-youtube wp-embed-aspect-16-9 wp-has-aspect-ratio\"><div class=\"wp-block-embed__wrapper\">\n<iframe loading=\"lazy\" title=\"Mulheres na Ind\u00fastria: Construindo Caminhos e Quebrando Barreiras\" width=\"640\" height=\"360\" src=\"https:\/\/www.youtube.com\/embed\/xa47rGNzvOs?start=2&#038;feature=oembed\" frameborder=\"0\" allow=\"accelerometer; autoplay; clipboard-write; encrypted-media; gyroscope; picture-in-picture; web-share\" referrerpolicy=\"strict-origin-when-cross-origin\" allowfullscreen><\/iframe>\n<\/div><\/figure>\n\n\n\n<p><br>A C\u00e2mara de Com\u00e9rcio Sueca convida voc\u00ea para um bate-papo inspirador sobre carreiras femininas na ind\u00fastria brasileira \u2014 um setor que est\u00e1 se reinventando e abrindo espa\u00e7o para talentos diversos.<\/p>\n\n\n\n<p>\ud83d\udcac Neste encontro, vamos explorar iniciativas que v\u00eam promovendo inclus\u00e3o e pertencimento para mulheres em \u00e1reas tradicionalmente masculinas, como opera\u00e7\u00e3o de f\u00e1brica, manuten\u00e7\u00e3o, automa\u00e7\u00e3o e engenharia. Ser\u00e3o apresentados exemplos de programas que capacitam, desenvolvem e estimulam a presen\u00e7a feminina na ind\u00fastria, com trilhas de aprendizagem que v\u00e3o al\u00e9m do mundo corporativo.<\/p>\n\n\n\n<p>\ud83d\udca1 Inspira\u00e7\u00e3o Sueca: Empresas suecas t\u00eam sido refer\u00eancia global em pr\u00e1ticas de diversidade e inclus\u00e3o. Venha conhecer o que j\u00e1 est\u00e1 sendo feito e se inspirar para iniciar ou fortalecer essas a\u00e7\u00f5es dentro da sua pr\u00f3pria organiza\u00e7\u00e3o.<\/p>\n\n\n\n<div class=\"wp-block-columns is-layout-flex wp-container-core-columns-is-layout-9d6595d7 wp-block-columns-is-layout-flex\">\n<div class=\"wp-block-column is-layout-flow wp-block-column-is-layout-flow\" style=\"flex-basis:100%\">\n<div class=\"wp-block-group\"><div class=\"wp-block-group__inner-container is-layout-constrained wp-block-group-is-layout-constrained\">\n<div class=\"wp-block-media-text is-stacked-on-mobile\" style=\"grid-template-columns:20% auto\"><figure class=\"wp-block-media-text__media\"><img loading=\"lazy\" decoding=\"async\" width=\"400\" height=\"400\" src=\"https:\/\/www.swedcham.com.br\/wp-content\/uploads\/2025\/09\/Roberta.jpeg\" alt=\"\" class=\"wp-image-28819 size-full\" srcset=\"https:\/\/www.swedcham.com.br\/wp-content\/uploads\/2025\/09\/Roberta.jpeg 400w, https:\/\/www.swedcham.com.br\/wp-content\/uploads\/2025\/09\/Roberta-300x300.jpeg 300w, https:\/\/www.swedcham.com.br\/wp-content\/uploads\/2025\/09\/Roberta-150x150.jpeg 150w, https:\/\/www.swedcham.com.br\/wp-content\/uploads\/2025\/09\/Roberta-100x100.jpeg 100w\" sizes=\"auto, (max-width: 400px) 100vw, 400px\" \/><\/figure><div class=\"wp-block-media-text__content\">\n<p><strong>Roberta Silvestre<\/strong><\/p>\n\n\n\n<p>Diretora de Recursos Humanos&nbsp;<strong>Tetra Pak Brasil<\/strong><\/p>\n<\/div><\/div>\n<\/div><\/div>\n<\/div>\n<\/div>\n\n\n\n<div class=\"wp-block-media-text is-stacked-on-mobile\" style=\"grid-template-columns:20% auto\"><figure class=\"wp-block-media-text__media\"><img loading=\"lazy\" decoding=\"async\" width=\"872\" height=\"1024\" src=\"https:\/\/www.swedcham.com.br\/wp-content\/uploads\/2025\/09\/Vanessa_Ajeje-872x1024.png\" alt=\"\" class=\"wp-image-28821 size-full\" srcset=\"https:\/\/www.swedcham.com.br\/wp-content\/uploads\/2025\/09\/Vanessa_Ajeje-872x1024.png 872w, https:\/\/www.swedcham.com.br\/wp-content\/uploads\/2025\/09\/Vanessa_Ajeje-256x300.png 256w, https:\/\/www.swedcham.com.br\/wp-content\/uploads\/2025\/09\/Vanessa_Ajeje-768x902.png 768w, https:\/\/www.swedcham.com.br\/wp-content\/uploads\/2025\/09\/Vanessa_Ajeje-600x704.png 600w, https:\/\/www.swedcham.com.br\/wp-content\/uploads\/2025\/09\/Vanessa_Ajeje.png 1000w\" sizes=\"auto, (max-width: 872px) 100vw, 872px\" \/><\/figure><div class=\"wp-block-media-text__content\">\n<p><strong>Vanessa Ajeje<\/strong><\/p>\n\n\n\n<p>Presidente&nbsp;<strong>Epiroc Brasil<\/strong><\/p>\n\n\n\n<p><\/p>\n\n\n\n<p><\/p>\n\n\n\n<p><\/p>\n\n\n\n<p><\/p>\n<\/div><\/div>\n\n\n\n<p><\/p>\n\n\n\n<p><\/p>\n\n\n\n<p><strong>Quando:<\/strong><br>Quarta-feira, 15 de outubro \u00e0 partir das 17h<\/p>\n\n\n\n<p><\/p>\n\n\n\n<p><\/p>\n","protected":false},"excerpt":{"rendered":"<p>Mulheres na Ind\u00fastria: Construindo Caminhos e Quebrando Barreiras A C\u00e2mara de Com\u00e9rcio Sueca convida voc\u00ea para um bate-papo inspirador sobre<\/p>\n","protected":false},"featured_media":28856,"template":"","meta":[],"product_brand":[],"product_cat":[228],"product_tag":[],"class_list":{"0":"post-28823","1":"product","2":"type-product","3":"status-publish","4":"has-post-thumbnail","6":"product_cat-our-events","8":"first","9":"instock","10":"shipping-taxable","11":"purchasable","12":"product-type-variable"},"_links":{"self":[{"href":"https:\/\/www.swedcham.com.br\/en\/wp-json\/wp\/v2\/product\/28823","targetHints":{"allow":["GET"]}}],"collection":[{"href":"https:\/\/www.swedcham.com.br\/en\/wp-json\/wp\/v2\/product"}],"about":[{"href":"https:\/\/www.swedcham.com.br\/en\/wp-json\/wp\/v2\/types\/product"}],"wp:featuredmedia":[{"embeddable":true,"href":"https:\/\/www.swedcham.com.br\/en\/wp-json\/wp\/v2\/media\/28856"}],"wp:attachment":[{"href":"https:\/\/www.swedcham.com.br\/en\/wp-json\/wp\/v2\/media?parent=28823"}],"wp:term":[{"taxonomy":"product_brand","embeddable":true,"href":"https:\/\/www.swedcham.com.br\/en\/wp-json\/wp\/v2\/product_brand?post=28823"},{"taxonomy":"product_cat","embeddable":true,"href":"https:\/\/www.swedcham.com.br\/en\/wp-json\/wp\/v2\/product_cat?post=28823"},{"taxonomy":"product_tag","embeddable":true,"href":"https:\/\/www.swedcham.com.br\/en\/wp-json\/wp\/v2\/product_tag?post=28823"}],"curies":[{"name":"wp","href":"https:\/\/api.w.org\/{rel}","templated":true}]}}

Mulheres na Indústria

<p class="has-medium-font-size"></p>



<p class="has-large-font-size"><strong>Mulheres na Indústri</strong>a<strong>:</strong> <strong>Construindo Caminhos e Quebrando Barreiras</strong></p>



<figure class="wp-block-embed is-type-video is-provider-youtube wp-block-embed-youtube wp-embed-aspect-16-9 wp-has-aspect-ratio"><div class="wp-block-embed__wrapper">
<iframe loading="lazy" title="Mulheres na Indústria: Construindo Caminhos e Quebrando Barreiras" width="640" height="360" src="https://www.youtube.com/embed/xa47rGNzvOs?start=2&#038;feature=oembed" frameborder="0" allow="accelerometer; autoplay; clipboard-write; encrypted-media; gyroscope; picture-in-picture; web-share" referrerpolicy="strict-origin-when-cross-origin" allowfullscreen></iframe>
</div></figure>



<p><br>A Câmara de Comércio Sueca convida você para um bate-papo inspirador sobre carreiras femininas na indústria brasileira — um setor que está se reinventando e abrindo espaço para talentos diversos.</p>



<p>💬 Neste encontro, vamos explorar iniciativas que vêm promovendo inclusão e pertencimento para mulheres em áreas tradicionalmente masculinas, como operação de fábrica, manutenção, automação e engenharia. Serão apresentados exemplos de programas que capacitam, desenvolvem e estimulam a presença feminina na indústria, com trilhas de aprendizagem que vão além do mundo corporativo.</p>



<p>💡 Inspiração Sueca: Empresas suecas têm sido referência global em práticas de diversidade e inclusão. Venha conhecer o que já está sendo feito e se inspirar para iniciar ou fortalecer essas ações dentro da sua própria organização.</p>



<div class="wp-block-columns is-layout-flex wp-container-core-columns-is-layout-9d6595d7 wp-block-columns-is-layout-flex">
<div class="wp-block-column is-layout-flow wp-block-column-is-layout-flow" style="flex-basis:100%">
<div class="wp-block-group"><div class="wp-block-group__inner-container is-layout-constrained wp-block-group-is-layout-constrained">
<div class="wp-block-media-text is-stacked-on-mobile" style="grid-template-columns:20% auto"><figure class="wp-block-media-text__media"><img loading="lazy" decoding="async" width="400" height="400" src="https://www.swedcham.com.br/wp-content/uploads/2025/09/Roberta.jpeg" alt="" class="wp-image-28819 size-full" srcset="https://www.swedcham.com.br/wp-content/uploads/2025/09/Roberta.jpeg 400w, https://www.swedcham.com.br/wp-content/uploads/2025/09/Roberta-300x300.jpeg 300w, https://www.swedcham.com.br/wp-content/uploads/2025/09/Roberta-150x150.jpeg 150w, https://www.swedcham.com.br/wp-content/uploads/2025/09/Roberta-100x100.jpeg 100w" sizes="auto, (max-width: 400px) 100vw, 400px" /></figure><div class="wp-block-media-text__content">
<p><strong>Roberta Silvestre</strong></p>



<p>Diretora de Recursos Humanos&nbsp;<strong>Tetra Pak Brasil</strong></p>
</div></div>
</div></div>
</div>
</div>



<div class="wp-block-media-text is-stacked-on-mobile" style="grid-template-columns:20% auto"><figure class="wp-block-media-text__media"><img loading="lazy" decoding="async" width="872" height="1024" src="https://www.swedcham.com.br/wp-content/uploads/2025/09/Vanessa_Ajeje-872x1024.png" alt="" class="wp-image-28821 size-full" srcset="https://www.swedcham.com.br/wp-content/uploads/2025/09/Vanessa_Ajeje-872x1024.png 872w, https://www.swedcham.com.br/wp-content/uploads/2025/09/Vanessa_Ajeje-256x300.png 256w, https://www.swedcham.com.br/wp-content/uploads/2025/09/Vanessa_Ajeje-768x902.png 768w, https://www.swedcham.com.br/wp-content/uploads/2025/09/Vanessa_Ajeje-600x704.png 600w, https://www.swedcham.com.br/wp-content/uploads/2025/09/Vanessa_Ajeje.png 1000w" sizes="auto, (max-width: 872px) 100vw, 872px" /></figure><div class="wp-block-media-text__content">
<p><strong>Vanessa Ajeje</strong></p>



<p>Presidente&nbsp;<strong>Epiroc Brasil</strong></p>



<p></p>



<p></p>



<p></p>



<p></p>
</div></div>



<p></p>



<p></p>



<p><strong>Quando:</strong><br>Quarta-feira, 15 de outubro à partir das 17h</p>



<p></p>



<p></p>

<p>Mulheres na Indústria: Construindo Caminhos e Quebrando Barreiras A Câmara de Comércio Sueca convida você para um bate-papo inspirador sobre</p>
