{"id":28703,"date":"2025-09-12T11:44:51","date_gmt":"2025-09-12T14:44:51","guid":{"rendered":"https:\/\/www.swedcham.com.br\/?post_type=product&#038;p=28703"},"modified":"2025-09-12T11:44:52","modified_gmt":"2025-09-12T14:44:52","slug":"vamos-juntos-praticar-o-plogging","status":"publish","type":"product","link":"https:\/\/www.swedcham.com.br\/en\/product\/our-events\/vamos-juntos-praticar-o-plogging\/","title":{"rendered":"Vamos juntos praticar o plogging!"},"content":{"rendered":"\n<p class=\"has-medium-font-size\"><\/p>\n\n\n<div class=\"wp-block-image\">\n<figure class=\"aligncenter size-full is-resized\"><a href=\"https:\/\/www.swedcham.com.br\/wp-content\/uploads\/2025\/09\/Plogging-image-1-e1756843006795.jpg\"><img loading=\"lazy\" decoding=\"async\" width=\"350\" height=\"350\" src=\"https:\/\/www.swedcham.com.br\/wp-content\/uploads\/2025\/09\/Plogging-image-1-e1756843006795.jpg\" alt=\"\" class=\"wp-image-28701\" style=\"width:711px;height:auto\"\/><\/a><\/figure>\n<\/div>\n\n\n<p class=\"has-medium-font-size\"><\/p>\n\n\n\n<p><strong>A C\u00e2mara de Com\u00e9rcio Sueco-Brasileira convida seus associados e outros interessados, para uma manh\u00e3 de prop\u00f3sito, bem-estar e conex\u00e3o.<\/strong><br>No dia 20 de setembro, \u00e9 celebrado o\u00a0<strong>Dia Mundial da Limpeza<\/strong>, uma iniciativa global que mobiliza milh\u00f5es de pessoas em a\u00e7\u00f5es de cuidado com o planeta. Para marcar essa data especial, vamos juntos praticar\u00a0<strong>plogging<\/strong>\u00a0\u2014 um\u00a0<strong>esporte de origem sueca\u00a0<\/strong>que combina caminhada ou corrida com a coleta de res\u00edduos urbanos. Criado em Estocolmo, o termo vem da jun\u00e7\u00e3o das palavras suecas\u00a0<em>plocka upp<\/em>\u00a0(recolher) e\u00a0<em>jogging<\/em>\u00a0(correr).<br>Ao mesmo tempo em que nos exercitamos, contribu\u00edmos para a sustentabilidade e fortalecemos os la\u00e7os entre associados. Ser\u00e1 uma excelente oportunidade para trocar ideias, ampliar sua rede de contatos e viver uma experi\u00eancia colaborativa em um ambiente leve e inspirador.<\/p>\n\n\n\n<p><br>Convide seus colegas de trabalho, amigos, fam\u00edlia e outros interessados em fazer a diferen\u00e7a!<\/p>\n\n\n\n<p><br>\u00a0Traga seu t\u00eanis, sua energia e sua vontade de fazer a diferen\u00e7a!<\/p>\n\n\n\n<p><br><strong>Confirme sua presen\u00e7a e venha correr com prop\u00f3sito.<\/strong><\/p>\n\n\n\n<p><strong>Quando:<\/strong>\u00a0<strong>21 de setembro\u00a0(DOMINGO)<\/strong><\/p>\n\n\n\n<p><br>H<strong>or\u00e1rio:<\/strong>&nbsp;09h30 &#8211; Coffee break &#8211; escrit\u00f3rio da Axis (entrega dos kits)<\/p>\n\n\n\n<p>&nbsp; &nbsp; &nbsp; &nbsp; &nbsp; &nbsp; &nbsp; &nbsp;10:00 \u00e0s 12:00 &#8211; Plogging<\/p>\n\n\n\n<p><strong>Local:&nbsp;Ponto de encontro &#8211; escrit\u00f3rio da Axis Communications<\/strong>&nbsp;<\/p>\n\n\n\n<p>Av. Paulista, 37, 3o. andar, ao lado da Casa das Rosas.<\/p>\n\n\n\n<p><strong>Pr\u00f3ximo a esta\u00e7\u00e3o de Metr\u00f4 Brigadeiro<\/strong><\/p>\n\n\n\n<p><strong>Estacionamento:&nbsp;<\/strong>Indicamos oShopping P\u00e1tio Paulista.<\/p>\n\n\n\n<p>Aos domingos, a Avenida Paulista \u00e9 fechada para o acesso com carro.<\/p>\n\n\n\n<p><strong>RSVP:&nbsp;<\/strong>at\u00e918\/09 &#8211;&nbsp;<a href=\"mailto:eventos@swedcham.com.br\" target=\"_blank\" rel=\"noreferrer noopener\">eventos@swedcham.com.br<\/a><\/p>\n\n\n\n<p><\/p>\n\n\n<div class=\"wp-block-image\">\n<figure class=\"aligncenter size-full\"><a href=\"https:\/\/www.swedcham.com.br\/wp-content\/uploads\/2025\/09\/BANNER.png\"><img loading=\"lazy\" decoding=\"async\" width=\"762\" height=\"138\" src=\"https:\/\/www.swedcham.com.br\/wp-content\/uploads\/2025\/09\/BANNER.png\" alt=\"\" class=\"wp-image-28718\" srcset=\"https:\/\/www.swedcham.com.br\/wp-content\/uploads\/2025\/09\/BANNER.png 762w, https:\/\/www.swedcham.com.br\/wp-content\/uploads\/2025\/09\/BANNER-300x54.png 300w, https:\/\/www.swedcham.com.br\/wp-content\/uploads\/2025\/09\/BANNER-600x109.png 600w\" sizes=\"auto, (max-width: 762px) 100vw, 762px\" \/><\/a><\/figure>\n<\/div>\n\n\n<p><\/p>\n","protected":false},"excerpt":{"rendered":"<p>A C\u00e2mara de Com\u00e9rcio Sueco-Brasileira convida seus associados e outros interessados, para uma manh\u00e3 de prop\u00f3sito, bem-estar e conex\u00e3o.No dia<\/p>\n","protected":false},"featured_media":28702,"template":"","meta":[],"product_brand":[],"product_cat":[228],"product_tag":[],"class_list":{"0":"post-28703","1":"product","2":"type-product","3":"status-publish","4":"has-post-thumbnail","6":"product_cat-our-events","8":"first","9":"instock","10":"shipping-taxable","11":"product-type-simple"},"_links":{"self":[{"href":"https:\/\/www.swedcham.com.br\/en\/wp-json\/wp\/v2\/product\/28703","targetHints":{"allow":["GET"]}}],"collection":[{"href":"https:\/\/www.swedcham.com.br\/en\/wp-json\/wp\/v2\/product"}],"about":[{"href":"https:\/\/www.swedcham.com.br\/en\/wp-json\/wp\/v2\/types\/product"}],"wp:featuredmedia":[{"embeddable":true,"href":"https:\/\/www.swedcham.com.br\/en\/wp-json\/wp\/v2\/media\/28702"}],"wp:attachment":[{"href":"https:\/\/www.swedcham.com.br\/en\/wp-json\/wp\/v2\/media?parent=28703"}],"wp:term":[{"taxonomy":"product_brand","embeddable":true,"href":"https:\/\/www.swedcham.com.br\/en\/wp-json\/wp\/v2\/product_brand?post=28703"},{"taxonomy":"product_cat","embeddable":true,"href":"https:\/\/www.swedcham.com.br\/en\/wp-json\/wp\/v2\/product_cat?post=28703"},{"taxonomy":"product_tag","embeddable":true,"href":"https:\/\/www.swedcham.com.br\/en\/wp-json\/wp\/v2\/product_tag?post=28703"}],"curies":[{"name":"wp","href":"https:\/\/api.w.org\/{rel}","templated":true}]}}

<p class="has-medium-font-size"></p>


<div class="wp-block-image">
<figure class="aligncenter size-full is-resized"><a href="https://www.swedcham.com.br/wp-content/uploads/2025/09/Plogging-image-1-e1756843006795.jpg"><img loading="lazy" decoding="async" width="350" height="350" src="https://www.swedcham.com.br/wp-content/uploads/2025/09/Plogging-image-1-e1756843006795.jpg" alt="" class="wp-image-28701" style="width:711px;height:auto"/></a></figure>
</div>


<p class="has-medium-font-size"></p>



<p><strong>A Câmara de Comércio Sueco-Brasileira convida seus associados e outros interessados, para uma manhã de propósito, bem-estar e conexão.</strong><br>No dia 20 de setembro, é celebrado o <strong>Dia Mundial da Limpeza</strong>, uma iniciativa global que mobiliza milhões de pessoas em ações de cuidado com o planeta. Para marcar essa data especial, vamos juntos praticar <strong>plogging</strong> — um <strong>esporte de origem sueca </strong>que combina caminhada ou corrida com a coleta de resíduos urbanos. Criado em Estocolmo, o termo vem da junção das palavras suecas <em>plocka upp</em> (recolher) e <em>jogging</em> (correr).<br>Ao mesmo tempo em que nos exercitamos, contribuímos para a sustentabilidade e fortalecemos os laços entre associados. Será uma excelente oportunidade para trocar ideias, ampliar sua rede de contatos e viver uma experiência colaborativa em um ambiente leve e inspirador.</p>



<p><br>Convide seus colegas de trabalho, amigos, família e outros interessados em fazer a diferença!</p>



<p><br> Traga seu tênis, sua energia e sua vontade de fazer a diferença!</p>



<p><br><strong>Confirme sua presença e venha correr com propósito.</strong></p>



<p><strong>Quando:</strong> <strong>21 de setembro (DOMINGO)</strong></p>



<p><br>H<strong>orário:</strong>&nbsp;09h30 &#8211; Coffee break &#8211; escritório da Axis (entrega dos kits)</p>



<p>&nbsp; &nbsp; &nbsp; &nbsp; &nbsp; &nbsp; &nbsp; &nbsp;10:00 às 12:00 &#8211; Plogging</p>



<p><strong>Local:&nbsp;Ponto de encontro &#8211; escritório da Axis Communications</strong>&nbsp;</p>



<p>Av. Paulista, 37, 3o. andar, ao lado da Casa das Rosas.</p>



<p><strong>Próximo a estação de Metrô Brigadeiro</strong></p>



<p><strong>Estacionamento:&nbsp;</strong>Indicamos oShopping Pátio Paulista.</p>



<p>Aos domingos, a Avenida Paulista é fechada para o acesso com carro.</p>



<p><strong>RSVP:&nbsp;</strong>até18/09 &#8211;&nbsp;<a href="mailto:eventos@swedcham.com.br" target="_blank" rel="noreferrer noopener">eventos@swedcham.com.br</a></p>



<p></p>


<div class="wp-block-image">
<figure class="aligncenter size-full"><a href="https://www.swedcham.com.br/wp-content/uploads/2025/09/BANNER.png"><img loading="lazy" decoding="async" width="762" height="138" src="https://www.swedcham.com.br/wp-content/uploads/2025/09/BANNER.png" alt="" class="wp-image-28718" srcset="https://www.swedcham.com.br/wp-content/uploads/2025/09/BANNER.png 762w, https://www.swedcham.com.br/wp-content/uploads/2025/09/BANNER-300x54.png 300w, https://www.swedcham.com.br/wp-content/uploads/2025/09/BANNER-600x109.png 600w" sizes="auto, (max-width: 762px) 100vw, 762px" /></a></figure>
</div>


<p></p>

<p>A Câmara de Comércio Sueco-Brasileira convida seus associados e outros interessados, para uma manhã de propósito, bem-estar e conexão.No dia</p>
