{"id":28690,"date":"2025-09-03T12:07:36","date_gmt":"2025-09-03T15:07:36","guid":{"rendered":"https:\/\/www.swedcham.com.br\/?post_type=product&#038;p=28690"},"modified":"2025-09-24T12:06:36","modified_gmt":"2025-09-24T15:06:36","slug":"novo-desenho-geopolitico-global-o-brasil-em-perspectiva","status":"publish","type":"product","link":"https:\/\/www.swedcham.com.br\/en\/product\/our-events\/novo-desenho-geopolitico-global-o-brasil-em-perspectiva\/","title":{"rendered":"Novo Desenho Geopol\u00edtico Global: O Brasil em Perspectiva"},"content":{"rendered":"\n<p><\/p>\n\n\n\n<p>Em um ambiente internacional de grandes transforma\u00e7\u00f5es entender os novos arranjos geopol\u00edticos \u00e9 essencial para profissionais que atuam em diferentes dimens\u00f5es, seja nos neg\u00f3cios, na pol\u00edtica ou em iniciativas de interesse da sociedade.<\/p>\n\n\n\n<p>Quais s\u00e3o os novos centros de influ\u00eancia? Quais as estrat\u00e9gias de negocia\u00e7\u00e3o de maior impacto? Como deve ser o posicionamento do Brasil nesse novo contexto?<\/p>\n\n\n\n<p id=\"isPasted\">Venha refletir sobre essas quest\u00f5es com dois dos mais respeitados especialistas do pa\u00eds e fique preparado para planejar 2026.<\/p>\n\n\n\n<figure class=\"wp-block-embed is-type-video is-provider-youtube wp-block-embed-youtube wp-embed-aspect-16-9 wp-has-aspect-ratio\"><div class=\"wp-block-embed__wrapper\">\n<iframe loading=\"lazy\" title=\"Novo Desenho Geopol\u00edtico Global: O Brasil em Perspectiva\" width=\"640\" height=\"360\" src=\"https:\/\/www.youtube.com\/embed\/Wz--7apnzss?start=500&#038;feature=oembed\" frameborder=\"0\" allow=\"accelerometer; autoplay; clipboard-write; encrypted-media; gyroscope; picture-in-picture; web-share\" referrerpolicy=\"strict-origin-when-cross-origin\" allowfullscreen><\/iframe>\n<\/div><\/figure>\n\n\n\n<p><strong>Convidados:<\/strong><\/p>\n\n\n\n<div class=\"wp-block-media-text is-stacked-on-mobile\" style=\"grid-template-columns:20% auto\"><figure class=\"wp-block-media-text__media\"><img loading=\"lazy\" decoding=\"async\" width=\"399\" height=\"399\" src=\"https:\/\/www.swedcham.com.br\/wp-content\/uploads\/2025\/08\/Lucas-removebg-preview.png\" alt=\"\" class=\"wp-image-28682 size-full\" srcset=\"https:\/\/www.swedcham.com.br\/wp-content\/uploads\/2025\/08\/Lucas-removebg-preview.png 399w, https:\/\/www.swedcham.com.br\/wp-content\/uploads\/2025\/08\/Lucas-removebg-preview-300x300.png 300w, https:\/\/www.swedcham.com.br\/wp-content\/uploads\/2025\/08\/Lucas-removebg-preview-150x150.png 150w, https:\/\/www.swedcham.com.br\/wp-content\/uploads\/2025\/08\/Lucas-removebg-preview-100x100.png 100w\" sizes=\"auto, (max-width: 399px) 100vw, 399px\" \/><\/figure><div class=\"wp-block-media-text__content\">\n<p><\/p>\n\n\n\n<p><\/p>\n\n\n\n<p><\/p>\n\n\n\n<p><strong>Lucas Ferraz<\/strong> \u00e9 Coordenador do Centro de Neg\u00f3cios Globais da FGV e s\u00f3cio fundador da LF Global Intelligence. Foi Secret\u00e1rio Nacional de Com\u00e9rcio Exterior, Secret\u00e1rio de Neg\u00f3cios Internacionais do Estado de SP, vice-Governador do BID e Diretor Titular do New Development Bank (Banco dos Brics).<\/p>\n\n\n\n<p><\/p>\n\n\n\n<p><\/p>\n\n\n\n<p><\/p>\n\n\n\n<hr class=\"wp-block-separator has-alpha-channel-opacity\"\/>\n<\/div><\/div>\n\n\n\n<div style=\"height:54px\" aria-hidden=\"true\" class=\"wp-block-spacer\"><\/div>\n\n\n\n<div class=\"wp-block-media-text is-stacked-on-mobile\" style=\"grid-template-columns:21% auto\"><figure class=\"wp-block-media-text__media\"><img loading=\"lazy\" decoding=\"async\" width=\"200\" height=\"200\" src=\"https:\/\/www.swedcham.com.br\/wp-content\/uploads\/2025\/08\/Ricardo-removebg-preview.png\" alt=\"\" class=\"wp-image-28686 size-full\" srcset=\"https:\/\/www.swedcham.com.br\/wp-content\/uploads\/2025\/08\/Ricardo-removebg-preview.png 200w, https:\/\/www.swedcham.com.br\/wp-content\/uploads\/2025\/08\/Ricardo-removebg-preview-150x150.png 150w, https:\/\/www.swedcham.com.br\/wp-content\/uploads\/2025\/08\/Ricardo-removebg-preview-100x100.png 100w\" sizes=\"auto, (max-width: 200px) 100vw, 200px\" \/><\/figure><div class=\"wp-block-media-text__content\">\n<p><strong>Ricardo Sennes<\/strong> &#8211; Economista pela PUC-SP e doutor e mestre em Ci\u00eancia Pol\u00edtica pela Universidade de S\u00e3o Paulo (USP).&nbsp;S\u00f3cio-diretor da Prospectiva Public Affairs Lat.Am. S\u00eanior fellow do Atlantic Council (Washington, DC).&nbsp;H\u00e1 v\u00e1rios anos \u00e9 comentarista na TV Cultura<\/p>\n<\/div><\/div>\n\n\n\n<p id=\"block-7cb28e47-1854-4339-888e-248ed8f3c538\"><\/p>\n\n\n\n<hr class=\"wp-block-separator has-alpha-channel-opacity\"\/>\n\n\n\n<div style=\"height:54px\" aria-hidden=\"true\" class=\"wp-block-spacer\"><\/div>\n\n\n\n<p><strong>Moderador:<\/strong><\/p>\n\n\n\n<p><\/p>\n\n\n\n<div class=\"wp-block-media-text is-stacked-on-mobile\" style=\"grid-template-columns:22% auto\"><figure class=\"wp-block-media-text__media\"><img loading=\"lazy\" decoding=\"async\" width=\"768\" height=\"769\" src=\"https:\/\/www.swedcham.com.br\/wp-content\/uploads\/2025\/08\/CiroReis-768x769-1.png\" alt=\"\" class=\"wp-image-28688 size-full\" srcset=\"https:\/\/www.swedcham.com.br\/wp-content\/uploads\/2025\/08\/CiroReis-768x769-1.png 768w, https:\/\/www.swedcham.com.br\/wp-content\/uploads\/2025\/08\/CiroReis-768x769-1-300x300.png 300w, https:\/\/www.swedcham.com.br\/wp-content\/uploads\/2025\/08\/CiroReis-768x769-1-150x150.png 150w, https:\/\/www.swedcham.com.br\/wp-content\/uploads\/2025\/08\/CiroReis-768x769-1-600x601.png 600w, https:\/\/www.swedcham.com.br\/wp-content\/uploads\/2025\/08\/CiroReis-768x769-1-100x100.png 100w\" sizes=\"auto, (max-width: 768px) 100vw, 768px\" \/><\/figure><div class=\"wp-block-media-text__content\">\n<p><strong>Ciro Dias Reis<\/strong> &#8211; Palestrante; fundador e CEO de Imagem Corporativa e Walk4Good; ex-Global Chair da PROI Worldwide; board member PRCA Latam e ICCO; membro do Advisory Council e do Crisis Communication Think Tank (University of Georgia\/US)<\/p>\n<\/div><\/div>\n\n\n\n<hr class=\"wp-block-separator has-alpha-channel-opacity\"\/>\n\n\n\n<div style=\"height:54px\" aria-hidden=\"true\" class=\"wp-block-spacer\"><\/div>\n\n\n\n<p><\/p>\n","protected":false},"excerpt":{"rendered":"<p>Em um ambiente internacional de grandes transforma\u00e7\u00f5es entender os novos arranjos geopol\u00edticos \u00e9 essencial para profissionais que atuam em diferentes<\/p>\n","protected":false},"featured_media":28694,"template":"","meta":[],"product_brand":[],"product_cat":[228],"product_tag":[],"class_list":{"0":"post-28690","1":"product","2":"type-product","3":"status-publish","4":"has-post-thumbnail","6":"product_cat-our-events","8":"first","9":"instock","10":"shipping-taxable","11":"purchasable","12":"product-type-variable"},"_links":{"self":[{"href":"https:\/\/www.swedcham.com.br\/en\/wp-json\/wp\/v2\/product\/28690","targetHints":{"allow":["GET"]}}],"collection":[{"href":"https:\/\/www.swedcham.com.br\/en\/wp-json\/wp\/v2\/product"}],"about":[{"href":"https:\/\/www.swedcham.com.br\/en\/wp-json\/wp\/v2\/types\/product"}],"wp:featuredmedia":[{"embeddable":true,"href":"https:\/\/www.swedcham.com.br\/en\/wp-json\/wp\/v2\/media\/28694"}],"wp:attachment":[{"href":"https:\/\/www.swedcham.com.br\/en\/wp-json\/wp\/v2\/media?parent=28690"}],"wp:term":[{"taxonomy":"product_brand","embeddable":true,"href":"https:\/\/www.swedcham.com.br\/en\/wp-json\/wp\/v2\/product_brand?post=28690"},{"taxonomy":"product_cat","embeddable":true,"href":"https:\/\/www.swedcham.com.br\/en\/wp-json\/wp\/v2\/product_cat?post=28690"},{"taxonomy":"product_tag","embeddable":true,"href":"https:\/\/www.swedcham.com.br\/en\/wp-json\/wp\/v2\/product_tag?post=28690"}],"curies":[{"name":"wp","href":"https:\/\/api.w.org\/{rel}","templated":true}]}}

Novo Desenho Geopolítico Global: O Brasil em Perspectiva

<p></p>



<p>Em um ambiente internacional de grandes transformações entender os novos arranjos geopolíticos é essencial para profissionais que atuam em diferentes dimensões, seja nos negócios, na política ou em iniciativas de interesse da sociedade.</p>



<p>Quais são os novos centros de influência? Quais as estratégias de negociação de maior impacto? Como deve ser o posicionamento do Brasil nesse novo contexto?</p>



<p id="isPasted">Venha refletir sobre essas questões com dois dos mais respeitados especialistas do país e fique preparado para planejar 2026.</p>



<figure class="wp-block-embed is-type-video is-provider-youtube wp-block-embed-youtube wp-embed-aspect-16-9 wp-has-aspect-ratio"><div class="wp-block-embed__wrapper">
<iframe loading="lazy" title="Novo Desenho Geopolítico Global: O Brasil em Perspectiva" width="640" height="360" src="https://www.youtube.com/embed/Wz--7apnzss?start=500&#038;feature=oembed" frameborder="0" allow="accelerometer; autoplay; clipboard-write; encrypted-media; gyroscope; picture-in-picture; web-share" referrerpolicy="strict-origin-when-cross-origin" allowfullscreen></iframe>
</div></figure>



<p><strong>Convidados:</strong></p>



<div class="wp-block-media-text is-stacked-on-mobile" style="grid-template-columns:20% auto"><figure class="wp-block-media-text__media"><img loading="lazy" decoding="async" width="399" height="399" src="https://www.swedcham.com.br/wp-content/uploads/2025/08/Lucas-removebg-preview.png" alt="" class="wp-image-28682 size-full" srcset="https://www.swedcham.com.br/wp-content/uploads/2025/08/Lucas-removebg-preview.png 399w, https://www.swedcham.com.br/wp-content/uploads/2025/08/Lucas-removebg-preview-300x300.png 300w, https://www.swedcham.com.br/wp-content/uploads/2025/08/Lucas-removebg-preview-150x150.png 150w, https://www.swedcham.com.br/wp-content/uploads/2025/08/Lucas-removebg-preview-100x100.png 100w" sizes="auto, (max-width: 399px) 100vw, 399px" /></figure><div class="wp-block-media-text__content">
<p></p>



<p></p>



<p></p>



<p><strong>Lucas Ferraz</strong> é Coordenador do Centro de Negócios Globais da FGV e sócio fundador da LF Global Intelligence. Foi Secretário Nacional de Comércio Exterior, Secretário de Negócios Internacionais do Estado de SP, vice-Governador do BID e Diretor Titular do New Development Bank (Banco dos Brics).</p>



<p></p>



<p></p>



<p></p>



<hr class="wp-block-separator has-alpha-channel-opacity"/>
</div></div>



<div style="height:54px" aria-hidden="true" class="wp-block-spacer"></div>



<div class="wp-block-media-text is-stacked-on-mobile" style="grid-template-columns:21% auto"><figure class="wp-block-media-text__media"><img loading="lazy" decoding="async" width="200" height="200" src="https://www.swedcham.com.br/wp-content/uploads/2025/08/Ricardo-removebg-preview.png" alt="" class="wp-image-28686 size-full" srcset="https://www.swedcham.com.br/wp-content/uploads/2025/08/Ricardo-removebg-preview.png 200w, https://www.swedcham.com.br/wp-content/uploads/2025/08/Ricardo-removebg-preview-150x150.png 150w, https://www.swedcham.com.br/wp-content/uploads/2025/08/Ricardo-removebg-preview-100x100.png 100w" sizes="auto, (max-width: 200px) 100vw, 200px" /></figure><div class="wp-block-media-text__content">
<p><strong>Ricardo Sennes</strong> &#8211; Economista pela PUC-SP e doutor e mestre em Ciência Política pela Universidade de São Paulo (USP).&nbsp;Sócio-diretor da Prospectiva Public Affairs Lat.Am. Sênior fellow do Atlantic Council (Washington, DC).&nbsp;Há vários anos é comentarista na TV Cultura</p>
</div></div>



<p id="block-7cb28e47-1854-4339-888e-248ed8f3c538"></p>



<hr class="wp-block-separator has-alpha-channel-opacity"/>



<div style="height:54px" aria-hidden="true" class="wp-block-spacer"></div>



<p><strong>Moderador:</strong></p>



<p></p>



<div class="wp-block-media-text is-stacked-on-mobile" style="grid-template-columns:22% auto"><figure class="wp-block-media-text__media"><img loading="lazy" decoding="async" width="768" height="769" src="https://www.swedcham.com.br/wp-content/uploads/2025/08/CiroReis-768x769-1.png" alt="" class="wp-image-28688 size-full" srcset="https://www.swedcham.com.br/wp-content/uploads/2025/08/CiroReis-768x769-1.png 768w, https://www.swedcham.com.br/wp-content/uploads/2025/08/CiroReis-768x769-1-300x300.png 300w, https://www.swedcham.com.br/wp-content/uploads/2025/08/CiroReis-768x769-1-150x150.png 150w, https://www.swedcham.com.br/wp-content/uploads/2025/08/CiroReis-768x769-1-600x601.png 600w, https://www.swedcham.com.br/wp-content/uploads/2025/08/CiroReis-768x769-1-100x100.png 100w" sizes="auto, (max-width: 768px) 100vw, 768px" /></figure><div class="wp-block-media-text__content">
<p><strong>Ciro Dias Reis</strong> &#8211; Palestrante; fundador e CEO de Imagem Corporativa e Walk4Good; ex-Global Chair da PROI Worldwide; board member PRCA Latam e ICCO; membro do Advisory Council e do Crisis Communication Think Tank (University of Georgia/US)</p>
</div></div>



<hr class="wp-block-separator has-alpha-channel-opacity"/>



<div style="height:54px" aria-hidden="true" class="wp-block-spacer"></div>



<p></p>

<p>Em um ambiente internacional de grandes transformações entender os novos arranjos geopolíticos é essencial para profissionais que atuam em diferentes</p>
