{"id":28636,"date":"2025-07-29T17:26:02","date_gmt":"2025-07-29T20:26:02","guid":{"rendered":"https:\/\/www.swedcham.com.br\/product\/uncategorized\/produto-de-teste\/"},"modified":"2025-08-12T12:25:47","modified_gmt":"2025-08-12T15:25:47","slug":"almoco-de-networking-7","status":"publish","type":"product","link":"https:\/\/www.swedcham.com.br\/en\/product\/our-events\/almoco-de-networking-7\/","title":{"rendered":"Almo\u00e7o de Networking"},"content":{"rendered":"\n<p class=\"has-medium-font-size\">\u00c9 com grande prazer que a Swedcham convida voc\u00ea para o nosso primeiro almo\u00e7o de networking do segundo semestre!<\/p>\n\n\n\n<p>O encontro acontecer\u00e1 no&nbsp;<strong>restaurante Tuy Cocina<\/strong>, refer\u00eancia em gastronomia ib\u00e9rica em S\u00e3o Paulo desde 2019. Nesta nova fase, o Tuy apresenta um menu completamente renovado sob o comando da renomada chef&nbsp;<strong>Ana Paula Cremonezi<\/strong>, marcando um novo e saboroso cap\u00edtulo da casa.<\/p>\n\n\n\n<p>Ser\u00e1 uma excelente oportunidade para se conectar com outros associados, trocar experi\u00eancias e fortalecer sua rede de contatos.<\/p>\n\n\n\n<p class=\"has-medium-font-size\"><strong>Vagas limitadas<\/strong>&nbsp;\u2013 garanta sua presen\u00e7a!<\/p>\n\n\n\n<figure class=\"wp-block-image is-resized\"><img decoding=\"async\" src=\"https:\/\/fonts.gstatic.com\/s\/e\/notoemoji\/16.0\/1f5d3\/72.png\" alt=\"\ud83d\uddd3\" style=\"width:28px;height:auto\"\/><\/figure>\n\n\n\n<p><strong>Quando:<\/strong><br>Sexta-feira, 22 de agosto \u00e0s 12h<\/p>\n\n\n\n<figure class=\"wp-block-image is-resized\"><img decoding=\"async\" src=\"https:\/\/fonts.gstatic.com\/s\/e\/notoemoji\/16.0\/1f4cd\/72.png\" alt=\"\ud83d\udccd\" style=\"width:31px;height:auto\"\/><\/figure>\n\n\n\n<p><strong>Onde:<\/strong><br><strong>Tuy Cocina I Jardins<\/strong><br>R. Padre Jo\u00e3o Manuel, 1156 &#8211; Jardins, S\u00e3o Paulo &#8211; SP, 01411-000<\/p>\n\n\n\n<p>Incluso:&nbsp;Entrada, prato principal, sobremesa, bebida n\u00e3o alco\u00f3lica e caf\u00e9<\/p>\n\n\n\n<figure class=\"wp-block-image is-resized\"><img decoding=\"async\" src=\"https:\/\/encrypted-tbn0.gstatic.com\/images?q=tbn:ANd9GcQnZ6pC5bh-8Z7ngs_JdYfxxdDZ7VqkL7ATmw&amp;s\" alt=\"S\u00edmbolo de moeda do d\u00f3lar no fundo branco pinturas para a parede \u2022 quadros  valor, custo, pre\u00e7o | myloview.com.br\" style=\"width:44px;height:auto\"\/><\/figure>\n\n\n\n<p><strong>Investimento:<\/strong><br>Associados: R$115,00<br>N\u00e3o associados: R$160,00<\/p>\n\n\n\n<figure class=\"wp-block-image is-resized\"><img decoding=\"async\" src=\"https:\/\/fonts.gstatic.com\/s\/e\/notoemoji\/16.0\/1f17f_fe0f\/72.png\" alt=\"\ud83c\udd7f\ufe0f\" style=\"width:38px;height:auto\"\/><\/figure>\n\n\n\n<p><strong>Estacionamento:&nbsp;<\/strong><br>Valet no local &#8211; R$45,00<\/p>\n\n\n\n<p><strong>Bem vindos!<\/strong><\/p>\n\n\n\n<p><\/p>\n","protected":false},"excerpt":{"rendered":"<p>\u00c9 com grande prazer que a Swedcham convida voc\u00ea para o nosso primeiro almo\u00e7o de networking do segundo semestre! O<\/p>\n","protected":false},"featured_media":28622,"template":"","meta":[],"product_brand":[],"product_cat":[228],"product_tag":[],"class_list":{"0":"post-28636","1":"product","2":"type-product","3":"status-publish","4":"has-post-thumbnail","6":"product_cat-our-events","8":"first","9":"instock","10":"shipping-taxable","11":"purchasable","12":"product-type-variable"},"_links":{"self":[{"href":"https:\/\/www.swedcham.com.br\/en\/wp-json\/wp\/v2\/product\/28636","targetHints":{"allow":["GET"]}}],"collection":[{"href":"https:\/\/www.swedcham.com.br\/en\/wp-json\/wp\/v2\/product"}],"about":[{"href":"https:\/\/www.swedcham.com.br\/en\/wp-json\/wp\/v2\/types\/product"}],"wp:featuredmedia":[{"embeddable":true,"href":"https:\/\/www.swedcham.com.br\/en\/wp-json\/wp\/v2\/media\/28622"}],"wp:attachment":[{"href":"https:\/\/www.swedcham.com.br\/en\/wp-json\/wp\/v2\/media?parent=28636"}],"wp:term":[{"taxonomy":"product_brand","embeddable":true,"href":"https:\/\/www.swedcham.com.br\/en\/wp-json\/wp\/v2\/product_brand?post=28636"},{"taxonomy":"product_cat","embeddable":true,"href":"https:\/\/www.swedcham.com.br\/en\/wp-json\/wp\/v2\/product_cat?post=28636"},{"taxonomy":"product_tag","embeddable":true,"href":"https:\/\/www.swedcham.com.br\/en\/wp-json\/wp\/v2\/product_tag?post=28636"}],"curies":[{"name":"wp","href":"https:\/\/api.w.org\/{rel}","templated":true}]}}

Almoço de Networking

<p class="has-medium-font-size">É com grande prazer que a Swedcham convida você para o nosso primeiro almoço de networking do segundo semestre!</p>



<p>O encontro acontecerá no&nbsp;<strong>restaurante Tuy Cocina</strong>, referência em gastronomia ibérica em São Paulo desde 2019. Nesta nova fase, o Tuy apresenta um menu completamente renovado sob o comando da renomada chef&nbsp;<strong>Ana Paula Cremonezi</strong>, marcando um novo e saboroso capítulo da casa.</p>



<p>Será uma excelente oportunidade para se conectar com outros associados, trocar experiências e fortalecer sua rede de contatos.</p>



<p class="has-medium-font-size"><strong>Vagas limitadas</strong>&nbsp;– garanta sua presença!</p>



<figure class="wp-block-image is-resized"><img decoding="async" src="https://fonts.gstatic.com/s/e/notoemoji/16.0/1f5d3/72.png" alt="🗓" style="width:28px;height:auto"/></figure>



<p><strong>Quando:</strong><br>Sexta-feira, 22 de agosto às 12h</p>



<figure class="wp-block-image is-resized"><img decoding="async" src="https://fonts.gstatic.com/s/e/notoemoji/16.0/1f4cd/72.png" alt="📍" style="width:31px;height:auto"/></figure>



<p><strong>Onde:</strong><br><strong>Tuy Cocina I Jardins</strong><br>R. Padre João Manuel, 1156 &#8211; Jardins, São Paulo &#8211; SP, 01411-000</p>



<p>Incluso:&nbsp;Entrada, prato principal, sobremesa, bebida não alcoólica e café</p>



<figure class="wp-block-image is-resized"><img decoding="async" src="https://encrypted-tbn0.gstatic.com/images?q=tbn:ANd9GcQnZ6pC5bh-8Z7ngs_JdYfxxdDZ7VqkL7ATmw&amp;s" alt="Símbolo de moeda do dólar no fundo branco pinturas para a parede • quadros  valor, custo, preço | myloview.com.br" style="width:44px;height:auto"/></figure>



<p><strong>Investimento:</strong><br>Associados: R$115,00<br>Não associados: R$160,00</p>



<figure class="wp-block-image is-resized"><img decoding="async" src="https://fonts.gstatic.com/s/e/notoemoji/16.0/1f17f_fe0f/72.png" alt="🅿️" style="width:38px;height:auto"/></figure>



<p><strong>Estacionamento:&nbsp;</strong><br>Valet no local &#8211; R$45,00</p>



<p><strong>Bem vindos!</strong></p>



<p></p>

<p>É com grande prazer que a Swedcham convida você para o nosso primeiro almoço de networking do segundo semestre! O</p>
