{"id":28564,"date":"2025-07-31T12:23:45","date_gmt":"2025-07-31T15:23:45","guid":{"rendered":"https:\/\/www.swedcham.com.br\/?post_type=product&#038;p=28564"},"modified":"2025-09-24T12:08:49","modified_gmt":"2025-09-24T15:08:49","slug":"lideranca-feminina-nas-culturas-nordicas","status":"publish","type":"product","link":"https:\/\/www.swedcham.com.br\/en\/product\/our-events\/lideranca-feminina-nas-culturas-nordicas\/","title":{"rendered":"Lideran\u00e7a Feminina nas Culturas N\u00f3rdicas"},"content":{"rendered":"\n<figure class=\"wp-block-embed is-type-video is-provider-youtube wp-block-embed-youtube wp-embed-aspect-16-9 wp-has-aspect-ratio\"><div class=\"wp-block-embed__wrapper\">\n<iframe loading=\"lazy\" title=\"Lideran\u00e7a Feminina nas Culturas N\u00f3rdicas\" width=\"640\" height=\"360\" src=\"https:\/\/www.youtube.com\/embed\/Ml-xJBVjGos?start=220&#038;feature=oembed\" frameborder=\"0\" allow=\"accelerometer; autoplay; clipboard-write; encrypted-media; gyroscope; picture-in-picture; web-share\" referrerpolicy=\"strict-origin-when-cross-origin\" allowfullscreen><\/iframe>\n<\/div><\/figure>\n\n<p>A C\u00e2mara Sueca, em parceria com a\u00a0<em>NBCC\u00a0<\/em>e a\u00a0<em>Business Finland,<\/em>\u00a0tem o prazer de convidar voc\u00ea para um evento \u00fanico e inspirador que ir\u00e1 explorar o poder, a inova\u00e7\u00e3o e a resili\u00eancia das mulheres l\u00edderes nos pa\u00edses n\u00f3rdicos!<\/p>\n\n<p>Junte-se a n\u00f3s para um painel exclusivo sobre l\u00edderes n\u00f3rdicos, \u00a0para entender como essas culturas fomentam a lideran\u00e7a feminina, quais desafios enfrentam e as li\u00e7\u00f5es que podemos levar para nossas pr\u00f3prias trajet\u00f3rias.<\/p>\n\n<div class=\"wp-block-group\"><div class=\"wp-block-group__inner-container is-layout-constrained wp-block-group-is-layout-constrained\">\n<div class=\"wp-block-columns is-layout-flex wp-container-core-columns-is-layout-9d6595d7 wp-block-columns-is-layout-flex\">\n<div class=\"wp-block-column is-layout-flow wp-block-column-is-layout-flow\" style=\"flex-basis:100%\"><\/div>\n<\/div>\n\n\n\n<hr class=\"wp-block-separator has-text-color has-alpha-channel-opacity has-background\" style=\"background-color:#010101;color:#010101\"\/>\n<\/div><\/div>\n\n<p><\/p>\n\n<p><\/p>\n\n<p><\/p>\n\n<p><\/p>\n\n<p><\/p>\n\n<p><\/p>\n","protected":false},"excerpt":{"rendered":"<p>A C\u00e2mara Sueca, em parceria com a\u00a0NBCC\u00a0e a\u00a0Business Finland,\u00a0tem o prazer de convidar voc\u00ea para um evento \u00fanico e inspirador<\/p>\n","protected":false},"featured_media":28624,"template":"","meta":[],"product_brand":[],"product_cat":[228],"product_tag":[],"class_list":{"0":"post-28564","1":"product","2":"type-product","3":"status-publish","4":"has-post-thumbnail","6":"product_cat-our-events","8":"first","9":"instock","10":"shipping-taxable","11":"product-type-variable"},"_links":{"self":[{"href":"https:\/\/www.swedcham.com.br\/en\/wp-json\/wp\/v2\/product\/28564","targetHints":{"allow":["GET"]}}],"collection":[{"href":"https:\/\/www.swedcham.com.br\/en\/wp-json\/wp\/v2\/product"}],"about":[{"href":"https:\/\/www.swedcham.com.br\/en\/wp-json\/wp\/v2\/types\/product"}],"wp:featuredmedia":[{"embeddable":true,"href":"https:\/\/www.swedcham.com.br\/en\/wp-json\/wp\/v2\/media\/28624"}],"wp:attachment":[{"href":"https:\/\/www.swedcham.com.br\/en\/wp-json\/wp\/v2\/media?parent=28564"}],"wp:term":[{"taxonomy":"product_brand","embeddable":true,"href":"https:\/\/www.swedcham.com.br\/en\/wp-json\/wp\/v2\/product_brand?post=28564"},{"taxonomy":"product_cat","embeddable":true,"href":"https:\/\/www.swedcham.com.br\/en\/wp-json\/wp\/v2\/product_cat?post=28564"},{"taxonomy":"product_tag","embeddable":true,"href":"https:\/\/www.swedcham.com.br\/en\/wp-json\/wp\/v2\/product_tag?post=28564"}],"curies":[{"name":"wp","href":"https:\/\/api.w.org\/{rel}","templated":true}]}}

Liderança Feminina nas Culturas Nórdicas

<figure class="wp-block-embed is-type-video is-provider-youtube wp-block-embed-youtube wp-embed-aspect-16-9 wp-has-aspect-ratio"><div class="wp-block-embed__wrapper">
<iframe loading="lazy" title="Liderança Feminina nas Culturas Nórdicas" width="640" height="360" src="https://www.youtube.com/embed/Ml-xJBVjGos?start=220&#038;feature=oembed" frameborder="0" allow="accelerometer; autoplay; clipboard-write; encrypted-media; gyroscope; picture-in-picture; web-share" referrerpolicy="strict-origin-when-cross-origin" allowfullscreen></iframe>
</div></figure>

<p>A Câmara Sueca, em parceria com a <em>NBCC </em>e a <em>Business Finland,</em> tem o prazer de convidar você para um evento único e inspirador que irá explorar o poder, a inovação e a resiliência das mulheres líderes nos países nórdicos!</p>

<p>Junte-se a nós para um painel exclusivo sobre líderes nórdicos,  para entender como essas culturas fomentam a liderança feminina, quais desafios enfrentam e as lições que podemos levar para nossas próprias trajetórias.</p>

<div class="wp-block-group"><div class="wp-block-group__inner-container is-layout-constrained wp-block-group-is-layout-constrained">
<div class="wp-block-columns is-layout-flex wp-container-core-columns-is-layout-9d6595d7 wp-block-columns-is-layout-flex">
<div class="wp-block-column is-layout-flow wp-block-column-is-layout-flow" style="flex-basis:100%"></div>
</div>



<hr class="wp-block-separator has-text-color has-alpha-channel-opacity has-background" style="background-color:#010101;color:#010101"/>
</div></div>

<p></p>

<p></p>

<p></p>

<p></p>

<p></p>

<p></p>

<p>A Câmara Sueca, em parceria com a NBCC e a Business Finland, tem o prazer de convidar você para um evento único e inspirador</p>
