{"id":28500,"date":"2025-05-19T13:20:27","date_gmt":"2025-05-19T16:20:27","guid":{"rendered":"https:\/\/www.swedcham.com.br\/?post_type=product&#038;p=28500"},"modified":"2025-05-19T13:20:29","modified_gmt":"2025-05-19T16:20:29","slug":"visita-a-%f0%9d%90%87%f0%9d%90%a8%f0%9d%90%ab%f0%9d%90%ad%f0%9d%90%9a-%f0%9d%90%9d%f0%9d%90%9a%f0%9d%90%ac-%f0%9d%90%85%f0%9d%90%a5%f0%9d%90%a8%f0%9d%90%ab%f0%9d%90%9e%f0%9d%90%ac","status":"publish","type":"product","link":"https:\/\/www.swedcham.com.br\/en\/product\/our-events\/visita-a-%f0%9d%90%87%f0%9d%90%a8%f0%9d%90%ab%f0%9d%90%ad%f0%9d%90%9a-%f0%9d%90%9d%f0%9d%90%9a%f0%9d%90%ac-%f0%9d%90%85%f0%9d%90%a5%f0%9d%90%a8%f0%9d%90%ab%f0%9d%90%9e%f0%9d%90%ac\/","title":{"rendered":"Visita a \ud835\udc07\ud835\udc28\ud835\udc2b\ud835\udc2d\ud835\udc1a \ud835\udc1d\ud835\udc1a\ud835\udc2c \ud835\udc05\ud835\udc25\ud835\udc28\ud835\udc2b\ud835\udc1e\ud835\udc2c"},"content":{"rendered":"\n<p>Convidamos voc\u00ea para um evento especial em parceria com <strong>Sweden Alumni Network Brazil<\/strong>!<\/p>\n\n\n\n<p>No dia 24\/05, \u00e0s 10h, a \ud835\udc07\ud835\udc28\ud835\udc2b\ud835\udc2d\ud835\udc1a \ud835\udc1d\ud835\udc1a\ud835\udc2c \ud835\udc05\ud835\udc25\ud835\udc28\ud835\udc2b\ud835\udc1e\ud835\udc2c (Av. Alc\u00e2ntara Machado, 2200 \u2013 pr\u00f3ximo ao Metr\u00f4 Bresser-Mooca) recebe nossos membros do YP, juntamente com alumni network e seus amigos e familiares, para uma manh\u00e3 especial de conex\u00e3o com a natureza! \ud83c\udf3b<\/p>\n\n\n\n<p>Teremos um tour guiado pela horta, uma conversa sobre PANCs (Plantas Aliment\u00edcias N\u00e3o Convencionais) e uma atividade de plantio coletivo para deixar nosso legado por l\u00e1.<\/p>\n\n\n\n<p>\ud83d\udccc \ud835\udc0f\ud835\udc1a\ud835\udc2b\ud835\udc1a \ud835\udc29\ud835\udc1a\ud835\udc2b\ud835\udc2d\ud835\udc22\ud835\udc1c\ud835\udc22\ud835\udc29\ud835\udc1a\ud835\udc2b, \ud835\udc2d\ud835\udc28\ud835\udc1d\ud835\udc28\ud835\udc2c \ud835\udc28\ud835\udc2c \ud835\udc22\ud835\udc27\ud835\udc2d\ud835\udc1e\ud835\udc2b\ud835\udc1e\ud835\udc2c\ud835\udc2c\ud835\udc1a\ud835\udc1d\ud835\udc28\ud835\udc2c \u2014 inclusive amigos e familiares \u2014 devem preencher o <\/p>\n\n\n\n<p>formul\u00e1rio de inscri\u00e7\u00e3o !<\/p>\n\n\n\n<div class=\"wp-block-buttons is-layout-flex wp-block-buttons-is-layout-flex\">\n<div class=\"wp-block-button has-custom-width wp-block-button__width-75\"><a class=\"wp-block-button__link has-background wp-element-button\" href=\"https:\/\/lnkd.in\/dfgxmshs\" style=\"background-color:#0d2f42\">Clique aqui e confirme a sua presen\u00e7a!<\/a><\/div>\n<\/div>\n\n\n\n<p><\/p>\n","protected":false},"excerpt":{"rendered":"<p>Convidamos voc\u00ea para um evento especial em parceria com Sweden Alumni Network Brazil! No dia 24\/05, \u00e0s 10h, a \ud835\udc07\ud835\udc28\ud835\udc2b\ud835\udc2d\ud835\udc1a<\/p>\n","protected":false},"featured_media":28499,"template":"","meta":[],"product_brand":[],"product_cat":[228],"product_tag":[],"class_list":{"0":"post-28500","1":"product","2":"type-product","3":"status-publish","4":"has-post-thumbnail","6":"product_cat-our-events","8":"first","9":"instock","10":"shipping-taxable","11":"product-type-simple"},"_links":{"self":[{"href":"https:\/\/www.swedcham.com.br\/en\/wp-json\/wp\/v2\/product\/28500","targetHints":{"allow":["GET"]}}],"collection":[{"href":"https:\/\/www.swedcham.com.br\/en\/wp-json\/wp\/v2\/product"}],"about":[{"href":"https:\/\/www.swedcham.com.br\/en\/wp-json\/wp\/v2\/types\/product"}],"wp:featuredmedia":[{"embeddable":true,"href":"https:\/\/www.swedcham.com.br\/en\/wp-json\/wp\/v2\/media\/28499"}],"wp:attachment":[{"href":"https:\/\/www.swedcham.com.br\/en\/wp-json\/wp\/v2\/media?parent=28500"}],"wp:term":[{"taxonomy":"product_brand","embeddable":true,"href":"https:\/\/www.swedcham.com.br\/en\/wp-json\/wp\/v2\/product_brand?post=28500"},{"taxonomy":"product_cat","embeddable":true,"href":"https:\/\/www.swedcham.com.br\/en\/wp-json\/wp\/v2\/product_cat?post=28500"},{"taxonomy":"product_tag","embeddable":true,"href":"https:\/\/www.swedcham.com.br\/en\/wp-json\/wp\/v2\/product_tag?post=28500"}],"curies":[{"name":"wp","href":"https:\/\/api.w.org\/{rel}","templated":true}]}}

Visita a 𝐇𝐨𝐫𝐭𝐚 𝐝𝐚𝐬 𝐅𝐥𝐨𝐫𝐞𝐬

<p>Convidamos você para um evento especial em parceria com <strong>Sweden Alumni Network Brazil</strong>!</p>



<p>No dia 24/05, às 10h, a 𝐇𝐨𝐫𝐭𝐚 𝐝𝐚𝐬 𝐅𝐥𝐨𝐫𝐞𝐬 (Av. Alcântara Machado, 2200 – próximo ao Metrô Bresser-Mooca) recebe nossos membros do YP, juntamente com alumni network e seus amigos e familiares, para uma manhã especial de conexão com a natureza! 🌻</p>



<p>Teremos um tour guiado pela horta, uma conversa sobre PANCs (Plantas Alimentícias Não Convencionais) e uma atividade de plantio coletivo para deixar nosso legado por lá.</p>



<p>📌 𝐏𝐚𝐫𝐚 𝐩𝐚𝐫𝐭𝐢𝐜𝐢𝐩𝐚𝐫, 𝐭𝐨𝐝𝐨𝐬 𝐨𝐬 𝐢𝐧𝐭𝐞𝐫𝐞𝐬𝐬𝐚𝐝𝐨𝐬 — inclusive amigos e familiares — devem preencher o </p>



<p>formulário de inscrição !</p>



<div class="wp-block-buttons is-layout-flex wp-block-buttons-is-layout-flex">
<div class="wp-block-button has-custom-width wp-block-button__width-75"><a class="wp-block-button__link has-background wp-element-button" href="https://lnkd.in/dfgxmshs" style="background-color:#0d2f42">Clique aqui e confirme a sua presença!</a></div>
</div>



<p></p>

<p>Convidamos você para um evento especial em parceria com Sweden Alumni Network Brazil! No dia 24/05, às 10h, a 𝐇𝐨𝐫𝐭𝐚</p>
