{"id":28485,"date":"2025-05-25T13:19:11","date_gmt":"2025-05-25T16:19:11","guid":{"rendered":"https:\/\/www.swedcham.com.br\/product\/uncategorized\/friday-fika-o-mapa-da-motivacao\/"},"modified":"2025-05-30T16:06:12","modified_gmt":"2025-05-30T19:06:12","slug":"friday-fika-o-mapa-da-motivacao","status":"publish","type":"product","link":"https:\/\/www.swedcham.com.br\/en\/product\/our-events\/friday-fika-o-mapa-da-motivacao\/","title":{"rendered":"O Mapa da Motiva\u00e7\u00e3o"},"content":{"rendered":"\n<p><strong>Afinal, o que faz com que as pessoas realmente tenham motiva\u00e7\u00e3o e engajamento?<\/strong><\/p>\n\n\n\n<figure class=\"wp-block-embed is-type-video is-provider-youtube wp-block-embed-youtube wp-embed-aspect-16-9 wp-has-aspect-ratio\"><div class=\"wp-block-embed__wrapper\">\n<iframe loading=\"lazy\" title=\"O Mapa da Motiva\u00e7\u00e3o\" width=\"640\" height=\"360\" src=\"https:\/\/www.youtube.com\/embed\/92luPZYyzOY?start=98&#038;feature=oembed\" frameborder=\"0\" allow=\"accelerometer; autoplay; clipboard-write; encrypted-media; gyroscope; picture-in-picture; web-share\" referrerpolicy=\"strict-origin-when-cross-origin\" allowfullscreen><\/iframe>\n<\/div><\/figure>\n\n\n\n<p>\u00c9 evidente que boas condi\u00e7\u00f5es de trabalho, sal\u00e1rio digno e justo e boas rela\u00e7\u00f5es interpessoais s\u00e3o extremamente relevantes. Mas, qual \u00e9 o papel dos l\u00edderes nesse processo? Ser\u00e1 que \u00e9 mesmo poss\u00edvel motivar algu\u00e9m?<br>A partir dessas perguntas, fundamentais em todas as empresas, passamos a entrevistar colaboradores, gestores, diretores e empres\u00e1rios, al\u00e9m de te\u00f3ricos e outros estudos.<br>O resultado dessa pesquisa resultou no livro \u201cO Mapa da Motiva\u00e7\u00e3o\u201d. Em s\u00edntese, entendemos que h\u00e1 quatro grandes \u201cenergizadores\u201d:<\/p>\n\n\n\n<ul class=\"wp-block-list\">\n<li>Ser reconhecido como pessoa e como profissional<\/li>\n\n\n\n<li>Ter um grau de autonomia adequado, sendo respons\u00e1vel por desafios importantes<\/li>\n\n\n\n<li>Atuar em um ambiente em que seja poss\u00edvel aprender<\/li>\n\n\n\n<li>Trabalhar inspirado por um prop\u00f3sito maior.<\/li>\n<\/ul>\n\n\n\n<p><\/p>\n\n\n\n<div class=\"wp-block-media-text is-stacked-on-mobile\" style=\"grid-template-columns:27% auto\"><figure class=\"wp-block-media-text__media\"><img loading=\"lazy\" decoding=\"async\" width=\"483\" height=\"587\" src=\"https:\/\/www.swedcham.com.br\/wp-content\/uploads\/2025\/05\/ed.jpg\" alt=\"\" class=\"wp-image-28480 size-full\" srcset=\"https:\/\/www.swedcham.com.br\/wp-content\/uploads\/2025\/05\/ed.jpg 483w, https:\/\/www.swedcham.com.br\/wp-content\/uploads\/2025\/05\/ed-247x300.jpg 247w\" sizes=\"auto, (max-width: 483px) 100vw, 483px\" \/><\/figure><div class=\"wp-block-media-text__content\">\n<p class=\"has-small-font-size\"><strong>Edilberto Camalionte <\/strong>\u00e9 socio da Atingire, empresa de educa\u00e7\u00e3o corporativa. Graduado em filosofia e psicologia, mestre e doutor pela USP, MBA em Finan\u00e7as \u00e9 professor h\u00e1 31 anos, atuando em diversas institui\u00e7\u00f5es de ensino, como USP, FGV, UNESP, FDC, FIA, FAAP, Mackenzie, entre outras. Foi coordenador de cursos de P\u00f3s-gradua\u00e7\u00e3o de Administra\u00e7\u00e3o em Marketing, Marketing de Servi\u00e7os e Marketing Global, sendo o introdutor de curso de Marketing de Servi\u00e7os no Brasil. Foi criador e coordenador do n\u00facleo de pesquisa de Intelig\u00eancia Estrat\u00e9gica da USP e criador do curso Intelig\u00eancia de Mercado. &nbsp;Autor de 14 livros, entre os quais Academia de Lideran\u00e7a, Mapa da Motiva\u00e7\u00e3o, Marketing Estrat\u00e9gico e Intelig\u00eancia de Mercado. Palestrante internacional. Foi executivo do mercado financeiro, onde trabalhou por 21 anos. J\u00e1 ajudou em processos de capacita\u00e7\u00e3o, treinamentos e palestras para mais de 600 mil pessoas. \u00c9 o entrevistador do Podcast PodAtingir, no Youtube, com mais de 15 mil inscritos no canal da Atingire.<\/p>\n<\/div><\/div>\n\n\n\n<p><\/p>\n","protected":false},"excerpt":{"rendered":"<p>Afinal, o que faz com que as pessoas realmente tenham motiva\u00e7\u00e3o e engajamento? \u00c9 evidente que boas condi\u00e7\u00f5es de trabalho,<\/p>\n","protected":false},"featured_media":28521,"template":"","meta":[],"product_brand":[],"product_cat":[228],"product_tag":[],"class_list":{"0":"post-28485","1":"product","2":"type-product","3":"status-publish","4":"has-post-thumbnail","6":"product_cat-our-events","8":"first","9":"instock","10":"shipping-taxable","11":"product-type-simple"},"_links":{"self":[{"href":"https:\/\/www.swedcham.com.br\/en\/wp-json\/wp\/v2\/product\/28485","targetHints":{"allow":["GET"]}}],"collection":[{"href":"https:\/\/www.swedcham.com.br\/en\/wp-json\/wp\/v2\/product"}],"about":[{"href":"https:\/\/www.swedcham.com.br\/en\/wp-json\/wp\/v2\/types\/product"}],"wp:featuredmedia":[{"embeddable":true,"href":"https:\/\/www.swedcham.com.br\/en\/wp-json\/wp\/v2\/media\/28521"}],"wp:attachment":[{"href":"https:\/\/www.swedcham.com.br\/en\/wp-json\/wp\/v2\/media?parent=28485"}],"wp:term":[{"taxonomy":"product_brand","embeddable":true,"href":"https:\/\/www.swedcham.com.br\/en\/wp-json\/wp\/v2\/product_brand?post=28485"},{"taxonomy":"product_cat","embeddable":true,"href":"https:\/\/www.swedcham.com.br\/en\/wp-json\/wp\/v2\/product_cat?post=28485"},{"taxonomy":"product_tag","embeddable":true,"href":"https:\/\/www.swedcham.com.br\/en\/wp-json\/wp\/v2\/product_tag?post=28485"}],"curies":[{"name":"wp","href":"https:\/\/api.w.org\/{rel}","templated":true}]}}

O Mapa da Motivação

<p><strong>Afinal, o que faz com que as pessoas realmente tenham motivação e engajamento?</strong></p>



<figure class="wp-block-embed is-type-video is-provider-youtube wp-block-embed-youtube wp-embed-aspect-16-9 wp-has-aspect-ratio"><div class="wp-block-embed__wrapper">
<iframe loading="lazy" title="O Mapa da Motivação" width="640" height="360" src="https://www.youtube.com/embed/92luPZYyzOY?start=98&#038;feature=oembed" frameborder="0" allow="accelerometer; autoplay; clipboard-write; encrypted-media; gyroscope; picture-in-picture; web-share" referrerpolicy="strict-origin-when-cross-origin" allowfullscreen></iframe>
</div></figure>



<p>É evidente que boas condições de trabalho, salário digno e justo e boas relações interpessoais são extremamente relevantes. Mas, qual é o papel dos líderes nesse processo? Será que é mesmo possível motivar alguém?<br>A partir dessas perguntas, fundamentais em todas as empresas, passamos a entrevistar colaboradores, gestores, diretores e empresários, além de teóricos e outros estudos.<br>O resultado dessa pesquisa resultou no livro “O Mapa da Motivação”. Em síntese, entendemos que há quatro grandes “energizadores”:</p>



<ul class="wp-block-list">
<li>Ser reconhecido como pessoa e como profissional</li>



<li>Ter um grau de autonomia adequado, sendo responsável por desafios importantes</li>



<li>Atuar em um ambiente em que seja possível aprender</li>



<li>Trabalhar inspirado por um propósito maior.</li>
</ul>



<p></p>



<div class="wp-block-media-text is-stacked-on-mobile" style="grid-template-columns:27% auto"><figure class="wp-block-media-text__media"><img loading="lazy" decoding="async" width="483" height="587" src="https://www.swedcham.com.br/wp-content/uploads/2025/05/ed.jpg" alt="" class="wp-image-28480 size-full" srcset="https://www.swedcham.com.br/wp-content/uploads/2025/05/ed.jpg 483w, https://www.swedcham.com.br/wp-content/uploads/2025/05/ed-247x300.jpg 247w" sizes="auto, (max-width: 483px) 100vw, 483px" /></figure><div class="wp-block-media-text__content">
<p class="has-small-font-size"><strong>Edilberto Camalionte </strong>é socio da Atingire, empresa de educação corporativa. Graduado em filosofia e psicologia, mestre e doutor pela USP, MBA em Finanças é professor há 31 anos, atuando em diversas instituições de ensino, como USP, FGV, UNESP, FDC, FIA, FAAP, Mackenzie, entre outras. Foi coordenador de cursos de Pós-graduação de Administração em Marketing, Marketing de Serviços e Marketing Global, sendo o introdutor de curso de Marketing de Serviços no Brasil. Foi criador e coordenador do núcleo de pesquisa de Inteligência Estratégica da USP e criador do curso Inteligência de Mercado. &nbsp;Autor de 14 livros, entre os quais Academia de Liderança, Mapa da Motivação, Marketing Estratégico e Inteligência de Mercado. Palestrante internacional. Foi executivo do mercado financeiro, onde trabalhou por 21 anos. Já ajudou em processos de capacitação, treinamentos e palestras para mais de 600 mil pessoas. É o entrevistador do Podcast PodAtingir, no Youtube, com mais de 15 mil inscritos no canal da Atingire.</p>
</div></div>



<p></p>

<p>Afinal, o que faz com que as pessoas realmente tenham motivação e engajamento? É evidente que boas condições de trabalho,</p>
