{"id":28457,"date":"2025-05-14T16:37:38","date_gmt":"2025-05-14T19:37:38","guid":{"rendered":"https:\/\/www.swedcham.com.br\/?post_type=product&#038;p=28457"},"modified":"2025-05-19T13:25:57","modified_gmt":"2025-05-19T16:25:57","slug":"solucoes-circulares-guia-para-implementacao-de-acoes-de-impacto","status":"publish","type":"product","link":"https:\/\/www.swedcham.com.br\/en\/product\/our-events\/solucoes-circulares-guia-para-implementacao-de-acoes-de-impacto\/","title":{"rendered":"Solu\u00e7\u00f5es Circulares: guia para implementa\u00e7\u00e3o de a\u00e7\u00f5es de impacto"},"content":{"rendered":"\n<figure class=\"wp-block-image size-large is-resized\"><a href=\"https:\/\/www.swedcham.com.br\/wp-content\/uploads\/2025\/04\/111.png\"><img loading=\"lazy\" decoding=\"async\" width=\"1024\" height=\"402\" src=\"https:\/\/www.swedcham.com.br\/wp-content\/uploads\/2025\/04\/111-1024x402.png\" alt=\"\" class=\"wp-image-28450\" style=\"width:617px;height:auto\" srcset=\"https:\/\/www.swedcham.com.br\/wp-content\/uploads\/2025\/04\/111-1024x402.png 1024w, https:\/\/www.swedcham.com.br\/wp-content\/uploads\/2025\/04\/111-300x118.png 300w, https:\/\/www.swedcham.com.br\/wp-content\/uploads\/2025\/04\/111-768x301.png 768w, https:\/\/www.swedcham.com.br\/wp-content\/uploads\/2025\/04\/111-1536x602.png 1536w, https:\/\/www.swedcham.com.br\/wp-content\/uploads\/2025\/04\/111-600x235.png 600w, https:\/\/www.swedcham.com.br\/wp-content\/uploads\/2025\/04\/111.png 1920w\" sizes=\"auto, (max-width: 1024px) 100vw, 1024px\" \/><\/a><\/figure>\n\n\n\n<p><\/p>\n\n\n\n<p><strong>Workshop solu\u00e7\u00f5es circulares: guia para implementa\u00e7\u00e3o de a\u00e7\u00f5es de impacto<\/strong><br><\/p>\n\n\n\n<figure class=\"wp-block-embed is-type-video is-provider-youtube wp-block-embed-youtube wp-embed-aspect-16-9 wp-has-aspect-ratio\"><div class=\"wp-block-embed__wrapper\">\n<iframe loading=\"lazy\" title=\"Solu\u00e7\u00f5es Circulares: guia para implementa\u00e7\u00e3o de a\u00e7\u00f5es de impacto\" width=\"640\" height=\"360\" src=\"https:\/\/www.youtube.com\/embed\/HhsWj7eBXJo?feature=oembed\" frameborder=\"0\" allow=\"accelerometer; autoplay; clipboard-write; encrypted-media; gyroscope; picture-in-picture; web-share\" referrerpolicy=\"strict-origin-when-cross-origin\" allowfullscreen><\/iframe>\n<\/div><\/figure>\n\n\n\n<p>No dia 16 de maio, a\u00a0<strong>C\u00e2mara Sueca<\/strong> em parceria com a <strong>C\u00e2mara Holandesa,<\/strong> convidou para\u00a0 uma sess\u00e3o especial de acelera\u00e7\u00e3o, promovida em virtude do <a href=\"https:\/\/wcef2025.com\/\" target=\"_blank\" rel=\"noreferrer noopener\">World Circular Economy Forum 2025<\/a>, o evento global sobre economia circular mais relevante do mundo.\u00a0\u00a0<\/p>\n\n\n\n<p>O workshop reuniu\u00a0empresas holandesas e suecas\u00a0atuantes no\u00a0Brasil\u00a0que j\u00e1 implementaram a\u00e7\u00f5es impactantes voltadas para a\u00a0economia circular. Na mesa redonda proposta, foram debatidos os principais desafios e oportunidades\u00a0capazes de impulsionar a economia circular no pa\u00eds.\u00a0<\/p>\n\n\n\n<p><strong>Convidados:<\/strong><\/p>\n\n\n\n<p><a href=\"https:\/\/www.linkedin.com\/in\/valeria-michel-32797b1b\/?originalSubdomain=br\">Val\u00e9ria Michel <\/a>&#8211; Diretora de Sustentabilidade na <strong>Tetra Pak<\/strong><\/p>\n\n\n\n<p><a href=\"https:\/\/www.linkedin.com\/in\/joao-zeni\/?originalSubdomain=br\">Jo\u00e3o Zeni <\/a>&#8211; Head de sustentabilidade na <strong>Electrolux <\/strong>para Am\u00e9rica Latina&nbsp;<\/p>\n\n\n\n<p><a href=\"https:\/\/www.linkedin.com\/in\/patricia-acioli-gontijo-mendes-709370172\/?originalSubdomain=br\">Patricia Acioli <\/a>&#8211; Diretora de Comunica\u00e7\u00e3o e Sustentabilidade na <strong>Scania<\/strong><\/p>\n\n\n\n<p><a href=\"https:\/\/www.linkedin.com\/in\/ligia-camargo-a7a766b\">Ligia Camargo <\/a>&#8211; Diretora de Sustentabilidade na <strong>Heineken<\/strong><\/p>\n\n\n\n<p><a href=\"https:\/\/www.linkedin.com\/in\/flavia-takeuchi-a49a2725\">Fl\u00e1via Takeuchi<\/a> &#8211; Gerente de Sustentabilidade na <strong>AkzoNobel<\/strong><\/p>\n\n\n\n<p><a href=\"https:\/\/www.linkedin.com\/in\/giuliana-jorge-netto-1a94a116\">Giuliana Neto<\/a> &#8211; l\u00edder de Sustainability Advisory na<strong> Arcadis<\/strong><\/p>\n\n\n\n<p><br><\/p>\n\n\n\n<p><\/p>\n\n\n\n<p><\/p>\n","protected":false},"excerpt":{"rendered":"<p>Workshop solu\u00e7\u00f5es circulares: guia para implementa\u00e7\u00e3o de a\u00e7\u00f5es de impacto No dia 16 de maio, a\u00a0C\u00e2mara Sueca em parceria com<\/p>\n","protected":false},"featured_media":28465,"template":"","meta":[],"product_brand":[],"product_cat":[228],"product_tag":[],"class_list":{"0":"post-28457","1":"product","2":"type-product","3":"status-publish","4":"has-post-thumbnail","6":"product_cat-our-events","8":"first","9":"instock","10":"shipping-taxable","11":"product-type-simple"},"_links":{"self":[{"href":"https:\/\/www.swedcham.com.br\/en\/wp-json\/wp\/v2\/product\/28457","targetHints":{"allow":["GET"]}}],"collection":[{"href":"https:\/\/www.swedcham.com.br\/en\/wp-json\/wp\/v2\/product"}],"about":[{"href":"https:\/\/www.swedcham.com.br\/en\/wp-json\/wp\/v2\/types\/product"}],"wp:featuredmedia":[{"embeddable":true,"href":"https:\/\/www.swedcham.com.br\/en\/wp-json\/wp\/v2\/media\/28465"}],"wp:attachment":[{"href":"https:\/\/www.swedcham.com.br\/en\/wp-json\/wp\/v2\/media?parent=28457"}],"wp:term":[{"taxonomy":"product_brand","embeddable":true,"href":"https:\/\/www.swedcham.com.br\/en\/wp-json\/wp\/v2\/product_brand?post=28457"},{"taxonomy":"product_cat","embeddable":true,"href":"https:\/\/www.swedcham.com.br\/en\/wp-json\/wp\/v2\/product_cat?post=28457"},{"taxonomy":"product_tag","embeddable":true,"href":"https:\/\/www.swedcham.com.br\/en\/wp-json\/wp\/v2\/product_tag?post=28457"}],"curies":[{"name":"wp","href":"https:\/\/api.w.org\/{rel}","templated":true}]}}

Soluções Circulares: guia para implementação de ações de impacto

<figure class="wp-block-image size-large is-resized"><a href="https://www.swedcham.com.br/wp-content/uploads/2025/04/111.png"><img loading="lazy" decoding="async" width="1024" height="402" src="https://www.swedcham.com.br/wp-content/uploads/2025/04/111-1024x402.png" alt="" class="wp-image-28450" style="width:617px;height:auto" srcset="https://www.swedcham.com.br/wp-content/uploads/2025/04/111-1024x402.png 1024w, https://www.swedcham.com.br/wp-content/uploads/2025/04/111-300x118.png 300w, https://www.swedcham.com.br/wp-content/uploads/2025/04/111-768x301.png 768w, https://www.swedcham.com.br/wp-content/uploads/2025/04/111-1536x602.png 1536w, https://www.swedcham.com.br/wp-content/uploads/2025/04/111-600x235.png 600w, https://www.swedcham.com.br/wp-content/uploads/2025/04/111.png 1920w" sizes="auto, (max-width: 1024px) 100vw, 1024px" /></a></figure>



<p></p>



<p><strong>Workshop soluções circulares: guia para implementação de ações de impacto</strong><br></p>



<figure class="wp-block-embed is-type-video is-provider-youtube wp-block-embed-youtube wp-embed-aspect-16-9 wp-has-aspect-ratio"><div class="wp-block-embed__wrapper">
<iframe loading="lazy" title="Soluções Circulares: guia para implementação de ações de impacto" width="640" height="360" src="https://www.youtube.com/embed/HhsWj7eBXJo?feature=oembed" frameborder="0" allow="accelerometer; autoplay; clipboard-write; encrypted-media; gyroscope; picture-in-picture; web-share" referrerpolicy="strict-origin-when-cross-origin" allowfullscreen></iframe>
</div></figure>



<p>No dia 16 de maio, a <strong>Câmara Sueca</strong> em parceria com a <strong>Câmara Holandesa,</strong> convidou para  uma sessão especial de aceleração, promovida em virtude do <a href="https://wcef2025.com/" target="_blank" rel="noreferrer noopener">World Circular Economy Forum 2025</a>, o evento global sobre economia circular mais relevante do mundo.  </p>



<p>O workshop reuniu empresas holandesas e suecas atuantes no Brasil que já implementaram ações impactantes voltadas para a economia circular. Na mesa redonda proposta, foram debatidos os principais desafios e oportunidades capazes de impulsionar a economia circular no país. </p>



<p><strong>Convidados:</strong></p>



<p><a href="https://www.linkedin.com/in/valeria-michel-32797b1b/?originalSubdomain=br">Valéria Michel </a>&#8211; Diretora de Sustentabilidade na <strong>Tetra Pak</strong></p>



<p><a href="https://www.linkedin.com/in/joao-zeni/?originalSubdomain=br">João Zeni </a>&#8211; Head de sustentabilidade na <strong>Electrolux </strong>para América Latina&nbsp;</p>



<p><a href="https://www.linkedin.com/in/patricia-acioli-gontijo-mendes-709370172/?originalSubdomain=br">Patricia Acioli </a>&#8211; Diretora de Comunicação e Sustentabilidade na <strong>Scania</strong></p>



<p><a href="https://www.linkedin.com/in/ligia-camargo-a7a766b">Ligia Camargo </a>&#8211; Diretora de Sustentabilidade na <strong>Heineken</strong></p>



<p><a href="https://www.linkedin.com/in/flavia-takeuchi-a49a2725">Flávia Takeuchi</a> &#8211; Gerente de Sustentabilidade na <strong>AkzoNobel</strong></p>



<p><a href="https://www.linkedin.com/in/giuliana-jorge-netto-1a94a116">Giuliana Neto</a> &#8211; líder de Sustainability Advisory na<strong> Arcadis</strong></p>



<p><br></p>



<p></p>



<p></p>

<p>Workshop soluções circulares: guia para implementação de ações de impacto No dia 16 de maio, a Câmara Sueca em parceria com</p>
