{"id":28395,"date":"2025-04-14T16:35:00","date_gmt":"2025-04-14T19:35:00","guid":{"rendered":"https:\/\/www.swedcham.com.br\/?post_type=product&#038;p=28395"},"modified":"2025-04-23T14:27:58","modified_gmt":"2025-04-23T17:27:58","slug":"visita-corporativa-ao-electrolux-group","status":"publish","type":"product","link":"https:\/\/www.swedcham.com.br\/en\/product\/our-events\/visita-corporativa-ao-electrolux-group\/","title":{"rendered":"Visita Corporativa ao Electrolux Group"},"content":{"rendered":"\n<div class=\"wp-block-media-text is-stacked-on-mobile\" style=\"grid-template-columns:51% auto\"><figure class=\"wp-block-media-text__media\"><img loading=\"lazy\" decoding=\"async\" width=\"819\" height=\"1024\" src=\"https:\/\/www.swedcham.com.br\/wp-content\/uploads\/2025\/04\/WhatsApp-Image-2025-04-17-at-11.19.24-819x1024.jpeg\" alt=\"\" class=\"wp-image-28391 size-full\" srcset=\"https:\/\/www.swedcham.com.br\/wp-content\/uploads\/2025\/04\/WhatsApp-Image-2025-04-17-at-11.19.24-819x1024.jpeg 819w, https:\/\/www.swedcham.com.br\/wp-content\/uploads\/2025\/04\/WhatsApp-Image-2025-04-17-at-11.19.24-240x300.jpeg 240w, https:\/\/www.swedcham.com.br\/wp-content\/uploads\/2025\/04\/WhatsApp-Image-2025-04-17-at-11.19.24-768x960.jpeg 768w, https:\/\/www.swedcham.com.br\/wp-content\/uploads\/2025\/04\/WhatsApp-Image-2025-04-17-at-11.19.24-600x750.jpeg 600w, https:\/\/www.swedcham.com.br\/wp-content\/uploads\/2025\/04\/WhatsApp-Image-2025-04-17-at-11.19.24.jpeg 1080w\" sizes=\"auto, (max-width: 819px) 100vw, 819px\" \/><\/figure><div class=\"wp-block-media-text__content\">\n<p><\/p>\n\n\n\n<p><\/p>\n\n\n\n<p><\/p>\n\n\n\n<p>Voc\u00ea est\u00e1 preparado(a) para uma tarde de aprendizado, desafios pr\u00e1ticos e conex\u00e3o com uma das refer\u00eancias mundiais no setor de eletrodom\u00e9sticos?<\/p>\n\n\n\n<p>Uma oportunidade \u00fanica de conhecer de perto o Electrolux Group \u2013 ampliar seu networking e explorar novas possibilidades de carreira. Tudo isso com a oportunidade de resolver um case real ligado ao futuro da experi\u00eancia no lar.<\/p>\n\n\n\n<p><strong>Evento exclusivo para jovens profissionais ( at\u00e9 35 anos) vinculados a empresas ou universidades associadas \u00e0 Swedcham.<\/strong><\/p>\n\n\n\n<p class=\"has-text-align-center\"><strong>As vagas s\u00e3o limitadas \u2013 garanta a sua agora!<\/strong><\/p>\n\n\n\n<div class=\"wp-block-buttons is-layout-flex wp-block-buttons-is-layout-flex\">\n<div class=\"wp-block-button has-custom-width wp-block-button__width-100\"><a class=\"wp-block-button__link has-background wp-element-button\" href=\"https:\/\/docs.google.com\/forms\/d\/e\/1FAIpQLSe5GLmaz3lKCvpWMsdP0XiR4FF4MPyq7by972aNx94_d3_uhw\/viewform\" style=\"background-color:#122734\">Inscreva-se j\u00e1!<\/a><\/div>\n<\/div>\n\n\n\n<p><\/p>\n<\/div><\/div>\n","protected":false},"excerpt":{"rendered":"","protected":false},"featured_media":28394,"template":"","meta":[],"product_brand":[],"product_cat":[228],"product_tag":[],"class_list":{"0":"post-28395","1":"product","2":"type-product","3":"status-publish","4":"has-post-thumbnail","6":"product_cat-our-events","8":"first","9":"instock","10":"shipping-taxable","11":"product-type-simple"},"_links":{"self":[{"href":"https:\/\/www.swedcham.com.br\/en\/wp-json\/wp\/v2\/product\/28395","targetHints":{"allow":["GET"]}}],"collection":[{"href":"https:\/\/www.swedcham.com.br\/en\/wp-json\/wp\/v2\/product"}],"about":[{"href":"https:\/\/www.swedcham.com.br\/en\/wp-json\/wp\/v2\/types\/product"}],"wp:featuredmedia":[{"embeddable":true,"href":"https:\/\/www.swedcham.com.br\/en\/wp-json\/wp\/v2\/media\/28394"}],"wp:attachment":[{"href":"https:\/\/www.swedcham.com.br\/en\/wp-json\/wp\/v2\/media?parent=28395"}],"wp:term":[{"taxonomy":"product_brand","embeddable":true,"href":"https:\/\/www.swedcham.com.br\/en\/wp-json\/wp\/v2\/product_brand?post=28395"},{"taxonomy":"product_cat","embeddable":true,"href":"https:\/\/www.swedcham.com.br\/en\/wp-json\/wp\/v2\/product_cat?post=28395"},{"taxonomy":"product_tag","embeddable":true,"href":"https:\/\/www.swedcham.com.br\/en\/wp-json\/wp\/v2\/product_tag?post=28395"}],"curies":[{"name":"wp","href":"https:\/\/api.w.org\/{rel}","templated":true}]}}

<div class="wp-block-media-text is-stacked-on-mobile" style="grid-template-columns:51% auto"><figure class="wp-block-media-text__media"><img loading="lazy" decoding="async" width="819" height="1024" src="https://www.swedcham.com.br/wp-content/uploads/2025/04/WhatsApp-Image-2025-04-17-at-11.19.24-819x1024.jpeg" alt="" class="wp-image-28391 size-full" srcset="https://www.swedcham.com.br/wp-content/uploads/2025/04/WhatsApp-Image-2025-04-17-at-11.19.24-819x1024.jpeg 819w, https://www.swedcham.com.br/wp-content/uploads/2025/04/WhatsApp-Image-2025-04-17-at-11.19.24-240x300.jpeg 240w, https://www.swedcham.com.br/wp-content/uploads/2025/04/WhatsApp-Image-2025-04-17-at-11.19.24-768x960.jpeg 768w, https://www.swedcham.com.br/wp-content/uploads/2025/04/WhatsApp-Image-2025-04-17-at-11.19.24-600x750.jpeg 600w, https://www.swedcham.com.br/wp-content/uploads/2025/04/WhatsApp-Image-2025-04-17-at-11.19.24.jpeg 1080w" sizes="auto, (max-width: 819px) 100vw, 819px" /></figure><div class="wp-block-media-text__content">
<p></p>



<p></p>



<p></p>



<p>Você está preparado(a) para uma tarde de aprendizado, desafios práticos e conexão com uma das referências mundiais no setor de eletrodomésticos?</p>



<p>Uma oportunidade única de conhecer de perto o Electrolux Group – ampliar seu networking e explorar novas possibilidades de carreira. Tudo isso com a oportunidade de resolver um case real ligado ao futuro da experiência no lar.</p>



<p><strong>Evento exclusivo para jovens profissionais ( até 35 anos) vinculados a empresas ou universidades associadas à Swedcham.</strong></p>



<p class="has-text-align-center"><strong>As vagas são limitadas – garanta a sua agora!</strong></p>



<div class="wp-block-buttons is-layout-flex wp-block-buttons-is-layout-flex">
<div class="wp-block-button has-custom-width wp-block-button__width-100"><a class="wp-block-button__link has-background wp-element-button" href="https://docs.google.com/forms/d/e/1FAIpQLSe5GLmaz3lKCvpWMsdP0XiR4FF4MPyq7by972aNx94_d3_uhw/viewform" style="background-color:#122734">Inscreva-se já!</a></div>
</div>



<p></p>
</div></div>
