{"id":28038,"date":"2024-11-14T10:51:38","date_gmt":"2024-11-14T13:51:38","guid":{"rendered":"https:\/\/www.swedcham.com.br\/?post_type=product&#038;p=28038"},"modified":"2024-12-11T08:17:32","modified_gmt":"2024-12-11T11:17:32","slug":"da-estrategia-a-pratica-como-disseminar-as-diretrizes-desustentabilidade-esg","status":"publish","type":"product","link":"https:\/\/www.swedcham.com.br\/en\/product\/our-events\/da-estrategia-a-pratica-como-disseminar-as-diretrizes-desustentabilidade-esg\/","title":{"rendered":"Da estrat\u00e9gia \u00e0 pr\u00e1tica \u2013 Como disseminar as diretrizes deSustentabilidade\/ESG\u00a0"},"content":{"rendered":"\n<p><strong>Da estrat\u00e9gia \u00e0 pr\u00e1tica \u2013 Como disseminar as diretrizes de<br>Sustentabilidade\/ESG&nbsp;<\/strong><\/p>\n\n\n\n<figure class=\"wp-block-embed is-type-video is-provider-youtube wp-block-embed-youtube wp-embed-aspect-16-9 wp-has-aspect-ratio\"><div class=\"wp-block-embed__wrapper\">\n<iframe loading=\"lazy\" title=\"Como disseminar as diretrizes deSustentabilidade\/ESG\" width=\"640\" height=\"360\" src=\"https:\/\/www.youtube.com\/embed\/PlDtyTJc0_o?feature=oembed\" frameborder=\"0\" allow=\"accelerometer; autoplay; clipboard-write; encrypted-media; gyroscope; picture-in-picture; web-share\" referrerpolicy=\"strict-origin-when-cross-origin\" allowfullscreen><\/iframe>\n<\/div><\/figure>\n\n\n\n<p><\/p>\n\n\n\n<p><strong>Sobre a Palestra<\/strong><br>Nesta palestra, voc\u00ea aprender\u00e1:<\/p>\n\n\n\n<ul class=\"wp-block-list\">\n<li>A import\u00e2ncia da sustentabilidade e ESG no mundo corporativo atual.<\/li>\n\n\n\n<li>Como transformar diretrizes estrat\u00e9gicas em pr\u00e1ticas efetivas.<\/li>\n\n\n\n<li>Ferramentas e metodologias para implementar pol\u00edticas de ESG.<\/li>\n\n\n\n<li>Estudos de caso de sucesso e li\u00e7\u00f5es aprendidas.<\/li>\n\n\n\n<li>Como engajar todas as partes interessadas no processo de sustentabilidade.<\/li>\n<\/ul>\n\n\n\n<p><\/p>\n\n\n\n<div class=\"wp-block-media-text is-stacked-on-mobile\" style=\"grid-template-columns:28% auto\"><figure class=\"wp-block-media-text__media\"><img loading=\"lazy\" decoding=\"async\" width=\"200\" height=\"200\" src=\"https:\/\/www.swedcham.com.br\/wp-content\/uploads\/2024\/11\/anna.jpeg\" alt=\"\" class=\"wp-image-28036 size-full\" srcset=\"https:\/\/www.swedcham.com.br\/wp-content\/uploads\/2024\/11\/anna.jpeg 200w, https:\/\/www.swedcham.com.br\/wp-content\/uploads\/2024\/11\/anna-150x150.jpeg 150w, https:\/\/www.swedcham.com.br\/wp-content\/uploads\/2024\/11\/anna-100x100.jpeg 100w\" sizes=\"auto, (max-width: 200px) 100vw, 200px\" \/><\/figure><div class=\"wp-block-media-text__content\">\n<p class=\"has-small-font-size\"><strong>Anna Costa<\/strong> &#8211; Apaixonada por contar hist\u00f3rias, iniciou sua&nbsp;carreira em r\u00e1dio e TV, depois passou&nbsp;por jornais, revistas e, em 2000, decidiu contar hist\u00f3rias e desenvolver estrat\u00e9gias de comunica\u00e7\u00e3o para ampliar o relacionamento das empresas com seus p\u00fablicos de interesse. Desde 2008 \u00e9&nbsp;s\u00f3cia da Quintal 22, ama&nbsp;o que faz&nbsp;e acredita&nbsp;que comunica\u00e7\u00e3o com conte\u00fado adequado e humanizado valoriza as rela\u00e7\u00f5es. Desde 2021 vem&nbsp;aprofundando seus conhecimentos em marca e reputa\u00e7\u00e3o e ESG.<\/p>\n<\/div><\/div>\n\n\n\n<p><\/p>\n\n\n\n<div class=\"wp-block-media-text is-stacked-on-mobile\" style=\"grid-template-columns:28% auto\"><figure class=\"wp-block-media-text__media\"><img loading=\"lazy\" decoding=\"async\" width=\"400\" height=\"400\" src=\"https:\/\/www.swedcham.com.br\/wp-content\/uploads\/2024\/11\/Andreza-Rodrigues.png\" alt=\"\" class=\"wp-image-28032 size-full\" srcset=\"https:\/\/www.swedcham.com.br\/wp-content\/uploads\/2024\/11\/Andreza-Rodrigues.png 400w, https:\/\/www.swedcham.com.br\/wp-content\/uploads\/2024\/11\/Andreza-Rodrigues-300x300.png 300w, https:\/\/www.swedcham.com.br\/wp-content\/uploads\/2024\/11\/Andreza-Rodrigues-150x150.png 150w, https:\/\/www.swedcham.com.br\/wp-content\/uploads\/2024\/11\/Andreza-Rodrigues-100x100.png 100w\" sizes=\"auto, (max-width: 400px) 100vw, 400px\" \/><\/figure><div class=\"wp-block-media-text__content\">\n<p class=\"has-small-font-size\"><strong>Andreza&nbsp;Rodrigues<\/strong> \u00e9 uma profissional com mais de 20 anos de experi\u00eancia em comunica\u00e7\u00e3o corporativa global, atuando em setores variados como embalagens, biotecnologia e bens de consumo. Atualmente, como Gerente de Comunica\u00e7\u00e3o Interna Global na Tetra Pak, ela apoia 27 mercados, conectando estrat\u00e9gias globais com insights locais para ampliar engajamento e efic\u00e1cia.&nbsp;<\/p>\n<\/div><\/div>\n\n\n\n<p><\/p>\n\n\n\n<div class=\"wp-block-media-text is-stacked-on-mobile\" style=\"grid-template-columns:28% auto\"><figure class=\"wp-block-media-text__media\"><img loading=\"lazy\" decoding=\"async\" width=\"200\" height=\"200\" src=\"https:\/\/www.swedcham.com.br\/wp-content\/uploads\/2024\/11\/Victor.jpg\" alt=\"\" class=\"wp-image-28066 size-full\" srcset=\"https:\/\/www.swedcham.com.br\/wp-content\/uploads\/2024\/11\/Victor.jpg 200w, https:\/\/www.swedcham.com.br\/wp-content\/uploads\/2024\/11\/Victor-150x150.jpg 150w, https:\/\/www.swedcham.com.br\/wp-content\/uploads\/2024\/11\/Victor-100x100.jpg 100w\" sizes=\"auto, (max-width: 200px) 100vw, 200px\" \/><\/figure><div class=\"wp-block-media-text__content\">\n<p class=\"has-small-font-size\"><strong>Victor Soriano <\/strong>\u00e9 Gerente de Comunica\u00e7\u00e3o Corporativa na PepsiCo. Na companhia desde 2022, possui 10 anos de experi\u00eancia em Redes Sociais, Rela\u00e7\u00f5es P\u00fablicas, Dados e ESG. Hoje, \u00e9 respons\u00e1vel pelo trabalho de marca corporativa,&nbsp;reputa\u00e7\u00e3o e plataformas digitais. Com habilidades em tecnologia digital, redes sociais, comunica\u00e7\u00e3o e ESG, tem a miss\u00e3o \u00e9 conectar a PepsiCo com key opinion leaders de maneira aut\u00eantica e impactante. Formado em Comunica\u00e7\u00e3o Social com habilita\u00e7\u00e3o em&nbsp;Jornalismo pela Universidade Federal do Rio de Janeiro, \u00e9 p\u00f3s-graduado em Reinven\u00e7\u00e3o Digital, pela Escola Superior de Propaganda e Marketing.<\/p>\n<\/div><\/div>\n\n\n\n<p><\/p>\n\n\n\n<p><strong>Quando:<\/strong><br>Quinta-feira, 28 de novembro \u00e0s 17h<\/p>\n\n\n\n<p><\/p>\n\n\n\n<p><\/p>\n","protected":false},"excerpt":{"rendered":"<p>Da estrat\u00e9gia \u00e0 pr\u00e1tica \u2013 Como disseminar as diretrizes deSustentabilidade\/ESG&nbsp; Sobre a PalestraNesta palestra, voc\u00ea aprender\u00e1: Anna Costa &#8211; Apaixonada<\/p>\n","protected":false},"featured_media":28079,"template":"","meta":[],"product_brand":[],"product_cat":[228],"product_tag":[],"class_list":{"0":"post-28038","1":"product","2":"type-product","3":"status-publish","4":"has-post-thumbnail","6":"product_cat-our-events","8":"first","9":"instock","10":"shipping-taxable","11":"product-type-simple"},"_links":{"self":[{"href":"https:\/\/www.swedcham.com.br\/en\/wp-json\/wp\/v2\/product\/28038","targetHints":{"allow":["GET"]}}],"collection":[{"href":"https:\/\/www.swedcham.com.br\/en\/wp-json\/wp\/v2\/product"}],"about":[{"href":"https:\/\/www.swedcham.com.br\/en\/wp-json\/wp\/v2\/types\/product"}],"wp:featuredmedia":[{"embeddable":true,"href":"https:\/\/www.swedcham.com.br\/en\/wp-json\/wp\/v2\/media\/28079"}],"wp:attachment":[{"href":"https:\/\/www.swedcham.com.br\/en\/wp-json\/wp\/v2\/media?parent=28038"}],"wp:term":[{"taxonomy":"product_brand","embeddable":true,"href":"https:\/\/www.swedcham.com.br\/en\/wp-json\/wp\/v2\/product_brand?post=28038"},{"taxonomy":"product_cat","embeddable":true,"href":"https:\/\/www.swedcham.com.br\/en\/wp-json\/wp\/v2\/product_cat?post=28038"},{"taxonomy":"product_tag","embeddable":true,"href":"https:\/\/www.swedcham.com.br\/en\/wp-json\/wp\/v2\/product_tag?post=28038"}],"curies":[{"name":"wp","href":"https:\/\/api.w.org\/{rel}","templated":true}]}}

Da estratégia à prática – Como disseminar as diretrizes deSustentabilidade/ESG

<p><strong>Da estratégia à prática – Como disseminar as diretrizes de<br>Sustentabilidade/ESG&nbsp;</strong></p>



<figure class="wp-block-embed is-type-video is-provider-youtube wp-block-embed-youtube wp-embed-aspect-16-9 wp-has-aspect-ratio"><div class="wp-block-embed__wrapper">
<iframe loading="lazy" title="Como disseminar as diretrizes deSustentabilidade/ESG" width="640" height="360" src="https://www.youtube.com/embed/PlDtyTJc0_o?feature=oembed" frameborder="0" allow="accelerometer; autoplay; clipboard-write; encrypted-media; gyroscope; picture-in-picture; web-share" referrerpolicy="strict-origin-when-cross-origin" allowfullscreen></iframe>
</div></figure>



<p></p>



<p><strong>Sobre a Palestra</strong><br>Nesta palestra, você aprenderá:</p>



<ul class="wp-block-list">
<li>A importância da sustentabilidade e ESG no mundo corporativo atual.</li>



<li>Como transformar diretrizes estratégicas em práticas efetivas.</li>



<li>Ferramentas e metodologias para implementar políticas de ESG.</li>



<li>Estudos de caso de sucesso e lições aprendidas.</li>



<li>Como engajar todas as partes interessadas no processo de sustentabilidade.</li>
</ul>



<p></p>



<div class="wp-block-media-text is-stacked-on-mobile" style="grid-template-columns:28% auto"><figure class="wp-block-media-text__media"><img loading="lazy" decoding="async" width="200" height="200" src="https://www.swedcham.com.br/wp-content/uploads/2024/11/anna.jpeg" alt="" class="wp-image-28036 size-full" srcset="https://www.swedcham.com.br/wp-content/uploads/2024/11/anna.jpeg 200w, https://www.swedcham.com.br/wp-content/uploads/2024/11/anna-150x150.jpeg 150w, https://www.swedcham.com.br/wp-content/uploads/2024/11/anna-100x100.jpeg 100w" sizes="auto, (max-width: 200px) 100vw, 200px" /></figure><div class="wp-block-media-text__content">
<p class="has-small-font-size"><strong>Anna Costa</strong> &#8211; Apaixonada por contar histórias, iniciou sua&nbsp;carreira em rádio e TV, depois passou&nbsp;por jornais, revistas e, em 2000, decidiu contar histórias e desenvolver estratégias de comunicação para ampliar o relacionamento das empresas com seus públicos de interesse. Desde 2008 é&nbsp;sócia da Quintal 22, ama&nbsp;o que faz&nbsp;e acredita&nbsp;que comunicação com conteúdo adequado e humanizado valoriza as relações. Desde 2021 vem&nbsp;aprofundando seus conhecimentos em marca e reputação e ESG.</p>
</div></div>



<p></p>



<div class="wp-block-media-text is-stacked-on-mobile" style="grid-template-columns:28% auto"><figure class="wp-block-media-text__media"><img loading="lazy" decoding="async" width="400" height="400" src="https://www.swedcham.com.br/wp-content/uploads/2024/11/Andreza-Rodrigues.png" alt="" class="wp-image-28032 size-full" srcset="https://www.swedcham.com.br/wp-content/uploads/2024/11/Andreza-Rodrigues.png 400w, https://www.swedcham.com.br/wp-content/uploads/2024/11/Andreza-Rodrigues-300x300.png 300w, https://www.swedcham.com.br/wp-content/uploads/2024/11/Andreza-Rodrigues-150x150.png 150w, https://www.swedcham.com.br/wp-content/uploads/2024/11/Andreza-Rodrigues-100x100.png 100w" sizes="auto, (max-width: 400px) 100vw, 400px" /></figure><div class="wp-block-media-text__content">
<p class="has-small-font-size"><strong>Andreza&nbsp;Rodrigues</strong> é uma profissional com mais de 20 anos de experiência em comunicação corporativa global, atuando em setores variados como embalagens, biotecnologia e bens de consumo. Atualmente, como Gerente de Comunicação Interna Global na Tetra Pak, ela apoia 27 mercados, conectando estratégias globais com insights locais para ampliar engajamento e eficácia.&nbsp;</p>
</div></div>



<p></p>



<div class="wp-block-media-text is-stacked-on-mobile" style="grid-template-columns:28% auto"><figure class="wp-block-media-text__media"><img loading="lazy" decoding="async" width="200" height="200" src="https://www.swedcham.com.br/wp-content/uploads/2024/11/Victor.jpg" alt="" class="wp-image-28066 size-full" srcset="https://www.swedcham.com.br/wp-content/uploads/2024/11/Victor.jpg 200w, https://www.swedcham.com.br/wp-content/uploads/2024/11/Victor-150x150.jpg 150w, https://www.swedcham.com.br/wp-content/uploads/2024/11/Victor-100x100.jpg 100w" sizes="auto, (max-width: 200px) 100vw, 200px" /></figure><div class="wp-block-media-text__content">
<p class="has-small-font-size"><strong>Victor Soriano </strong>é Gerente de Comunicação Corporativa na PepsiCo. Na companhia desde 2022, possui 10 anos de experiência em Redes Sociais, Relações Públicas, Dados e ESG. Hoje, é responsável pelo trabalho de marca corporativa,&nbsp;reputação e plataformas digitais. Com habilidades em tecnologia digital, redes sociais, comunicação e ESG, tem a missão é conectar a PepsiCo com key opinion leaders de maneira autêntica e impactante. Formado em Comunicação Social com habilitação em&nbsp;Jornalismo pela Universidade Federal do Rio de Janeiro, é pós-graduado em Reinvenção Digital, pela Escola Superior de Propaganda e Marketing.</p>
</div></div>



<p></p>



<p><strong>Quando:</strong><br>Quinta-feira, 28 de novembro às 17h</p>



<p></p>



<p></p>

<p>Da estratégia à prática – Como disseminar as diretrizes deSustentabilidade/ESG&nbsp; Sobre a PalestraNesta palestra, você aprenderá: Anna Costa &#8211; Apaixonada</p>
