{"id":27833,"date":"2024-10-01T12:06:56","date_gmt":"2024-10-01T15:06:56","guid":{"rendered":"https:\/\/www.swedcham.com.br\/?post_type=product&#038;p=27833"},"modified":"2024-10-03T15:42:58","modified_gmt":"2024-10-03T18:42:58","slug":"cenario-economico-navegando-a-aversao-ao-risco","status":"publish","type":"product","link":"https:\/\/www.swedcham.com.br\/en\/product\/our-events\/cenario-economico-navegando-a-aversao-ao-risco\/","title":{"rendered":"Cen\u00e1rio econ\u00f4mico &#8211; Navegando a avers\u00e3o ao risco"},"content":{"rendered":"\n<p class=\"has-medium-font-size\"><\/p>\n\n\n\n<p class=\"has-medium-font-size\"><strong>Cen\u00e1rio econ\u00f4mico &#8211; Navegando a avers\u00e3o ao risco<\/strong><br><\/p>\n\n\n\n<p>O Comit\u00ea Financeiro tem o prazer de convidar todos para a palestra &#8220;Cen\u00e1rio econ\u00f4mico: Navegando a avers\u00e3o ao risco&#8221;. Atualmente, estamos diante de uma conjuntura econ\u00f4mica desafiadora, onde os gastos p\u00fablicos e a infla\u00e7\u00e3o emergem como quest\u00f5es cruciais que demandam nossa aten\u00e7\u00e3o. O convidado Fernando Honorato Barbosa ir\u00e1 explorar temas como as expectativas para a taxa Selic nos pr\u00f3ximos meses e os desenvolvimentos do PIB. Compreender essas din\u00e2micas \u00e9 fundamental para a gest\u00e3o eficaz de riscos em um ambiente repleto de incertezas. Participe conosco para adquirir insights que permitir\u00e3o uma abordagem mais estrat\u00e9gica e informada&nbsp;diante do cen\u00e1rio economico atual.<\/p>\n\n\n\n<div class=\"wp-block-media-text is-stacked-on-mobile\" style=\"grid-template-columns:24% auto\"><figure class=\"wp-block-media-text__media\"><img loading=\"lazy\" decoding=\"async\" width=\"732\" height=\"1024\" src=\"https:\/\/www.swedcham.com.br\/wp-content\/uploads\/2024\/09\/FHB_02-1-732x1024.jpg\" alt=\"\" class=\"wp-image-27831 size-full\" srcset=\"https:\/\/www.swedcham.com.br\/wp-content\/uploads\/2024\/09\/FHB_02-1-732x1024.jpg 732w, https:\/\/www.swedcham.com.br\/wp-content\/uploads\/2024\/09\/FHB_02-1-214x300.jpg 214w, https:\/\/www.swedcham.com.br\/wp-content\/uploads\/2024\/09\/FHB_02-1-768x1075.jpg 768w, https:\/\/www.swedcham.com.br\/wp-content\/uploads\/2024\/09\/FHB_02-1-1097x1536.jpg 1097w, https:\/\/www.swedcham.com.br\/wp-content\/uploads\/2024\/09\/FHB_02-1-600x840.jpg 600w, https:\/\/www.swedcham.com.br\/wp-content\/uploads\/2024\/09\/FHB_02-1.jpg 1286w\" sizes=\"auto, (max-width: 732px) 100vw, 732px\" \/><\/figure><div class=\"wp-block-media-text__content\">\n<p><\/p>\n\n\n\n<p><\/p>\n\n\n\n<p class=\"has-small-font-size\"><strong>Fernando Honorato Barbosa&nbsp;<\/strong>\u00e9 atualmente economista-chefe e diretor do Departamento de Pesquisas e Estudos Econ\u00f4micos do Bradesco. \u00c9 tamb\u00e9m coordenador do Grupo Consultivo Macroecon\u00f4mico da Anbima, membro convidado do G100 e da comunidade de economistas-chefes globais do F\u00f3rum Econ\u00f4mico Mundial. Durante seus mais de 20 anos na organiza\u00e7\u00e3o Bradesco, j\u00e1 ocupou diversas posi\u00e7\u00f5es. Ele tem experi\u00eancia de mais de 25 anos em an\u00e1lise econ\u00f4mica e tem artigos publicados em revistas, jornais e livros no Brasil e no exterior. Bem como a sua experi\u00eancia com o Bradesco, ele tamb\u00e9m trabalhou para o BBVA, BankBoston e Rosenberg &amp; Associados. Fernando Honorato Barbosa tem mestrado e gradua\u00e7\u00e3o em Economia pela Universidade de S\u00e3o Paulo (USP), PMD em gest\u00e3o pelo IESE e AMP pelo MIT. Seu trabalho acad\u00eamico concentra-se no setor externo brasileiro e pol\u00edticas macroecon\u00f3micas desde o plano Real. Ele \u00e9 um participante regular em eventos organizados pelo Banco Central do Brasil, Minist\u00e9rio da Fazenda, Tesouro Nacional, FMI e F\u00f3rum Econ\u00f4mico Mundial.&nbsp;<\/p>\n\n\n\n<p><\/p>\n\n\n\n<p><\/p>\n<\/div><\/div>\n\n\n\n<p><\/p>\n\n\n\n<p><strong>Quando:<\/strong><br>Ter\u00e7a-feira, 08&nbsp;de outubro<br><br><strong>Agenda:<\/strong><\/p>\n\n\n\n<p>16.45&nbsp;&#8211; Welcome Coffee&nbsp;<\/p>\n\n\n\n<p>17.00 &#8211; Abertura &#8211; Christian Rezende &#8211; Coordenador do Comit\u00ea Financeiro<\/p>\n\n\n\n<p>17.05 &#8211; Apresenta\u00e7\u00e3o &#8211; Fernanda Honorato &#8211; Bradesco<\/p>\n\n\n\n<p>17:55 &#8211; Q&amp;A<\/p>\n\n\n\n<p>18.15\u00a0&#8211; Encerramento &#8211; Jonas Lindstr\u00f6m &#8211; Diretor Executivo da Swedcham<br>18:20 &#8211;\u00a0Happy Hour<\/p>\n\n\n\n<p><strong>Onde:<\/strong><br>Swedcham \u2013 Rua Oscar Freire, 379 \u2013 cj 121&nbsp;<\/p>\n\n\n\n<p><strong>Estacionamento:<\/strong><br>Recomendamos o estacionamento do Hotel Regent Park \u2013 Rua Oscar Freire, 533.<\/p>\n\n\n\n<div class=\"wp-block-buttons is-layout-flex wp-block-buttons-is-layout-flex\">\n<div class=\"wp-block-button has-custom-width wp-block-button__width-75\"><a class=\"wp-block-button__link has-background wp-element-button\" href=\"https:\/\/docs.google.com\/forms\/d\/e\/1FAIpQLScsC514X7Fiy3fs9juAoyMjLOxHhmt3BAaUI53yFzp43-AyUQ\/viewform?vc=0&amp;c=0&amp;w=1&amp;flr=0\" style=\"background-color:#0f4463\">Confirme aqui sua presen\u00e7a!<\/a><\/div>\n<\/div>\n\n\n\n<p><\/p>\n","protected":false},"excerpt":{"rendered":"<p>Cen\u00e1rio econ\u00f4mico &#8211; Navegando a avers\u00e3o ao risco O Comit\u00ea Financeiro tem o prazer de convidar todos para a palestra<\/p>\n","protected":false},"featured_media":27875,"template":"","meta":[],"product_brand":[],"product_cat":[228],"product_tag":[],"class_list":{"0":"post-27833","1":"product","2":"type-product","3":"status-publish","4":"has-post-thumbnail","6":"product_cat-our-events","8":"first","9":"instock","10":"shipping-taxable","11":"product-type-simple"},"_links":{"self":[{"href":"https:\/\/www.swedcham.com.br\/en\/wp-json\/wp\/v2\/product\/27833","targetHints":{"allow":["GET"]}}],"collection":[{"href":"https:\/\/www.swedcham.com.br\/en\/wp-json\/wp\/v2\/product"}],"about":[{"href":"https:\/\/www.swedcham.com.br\/en\/wp-json\/wp\/v2\/types\/product"}],"wp:featuredmedia":[{"embeddable":true,"href":"https:\/\/www.swedcham.com.br\/en\/wp-json\/wp\/v2\/media\/27875"}],"wp:attachment":[{"href":"https:\/\/www.swedcham.com.br\/en\/wp-json\/wp\/v2\/media?parent=27833"}],"wp:term":[{"taxonomy":"product_brand","embeddable":true,"href":"https:\/\/www.swedcham.com.br\/en\/wp-json\/wp\/v2\/product_brand?post=27833"},{"taxonomy":"product_cat","embeddable":true,"href":"https:\/\/www.swedcham.com.br\/en\/wp-json\/wp\/v2\/product_cat?post=27833"},{"taxonomy":"product_tag","embeddable":true,"href":"https:\/\/www.swedcham.com.br\/en\/wp-json\/wp\/v2\/product_tag?post=27833"}],"curies":[{"name":"wp","href":"https:\/\/api.w.org\/{rel}","templated":true}]}}

Cenário econômico &#8211; Navegando a aversão ao risco

<p class="has-medium-font-size"></p>



<p class="has-medium-font-size"><strong>Cenário econômico &#8211; Navegando a aversão ao risco</strong><br></p>



<p>O Comitê Financeiro tem o prazer de convidar todos para a palestra &#8220;Cenário econômico: Navegando a aversão ao risco&#8221;. Atualmente, estamos diante de uma conjuntura econômica desafiadora, onde os gastos públicos e a inflação emergem como questões cruciais que demandam nossa atenção. O convidado Fernando Honorato Barbosa irá explorar temas como as expectativas para a taxa Selic nos próximos meses e os desenvolvimentos do PIB. Compreender essas dinâmicas é fundamental para a gestão eficaz de riscos em um ambiente repleto de incertezas. Participe conosco para adquirir insights que permitirão uma abordagem mais estratégica e informada&nbsp;diante do cenário economico atual.</p>



<div class="wp-block-media-text is-stacked-on-mobile" style="grid-template-columns:24% auto"><figure class="wp-block-media-text__media"><img loading="lazy" decoding="async" width="732" height="1024" src="https://www.swedcham.com.br/wp-content/uploads/2024/09/FHB_02-1-732x1024.jpg" alt="" class="wp-image-27831 size-full" srcset="https://www.swedcham.com.br/wp-content/uploads/2024/09/FHB_02-1-732x1024.jpg 732w, https://www.swedcham.com.br/wp-content/uploads/2024/09/FHB_02-1-214x300.jpg 214w, https://www.swedcham.com.br/wp-content/uploads/2024/09/FHB_02-1-768x1075.jpg 768w, https://www.swedcham.com.br/wp-content/uploads/2024/09/FHB_02-1-1097x1536.jpg 1097w, https://www.swedcham.com.br/wp-content/uploads/2024/09/FHB_02-1-600x840.jpg 600w, https://www.swedcham.com.br/wp-content/uploads/2024/09/FHB_02-1.jpg 1286w" sizes="auto, (max-width: 732px) 100vw, 732px" /></figure><div class="wp-block-media-text__content">
<p></p>



<p></p>



<p class="has-small-font-size"><strong>Fernando Honorato Barbosa&nbsp;</strong>é atualmente economista-chefe e diretor do Departamento de Pesquisas e Estudos Econômicos do Bradesco. É também coordenador do Grupo Consultivo Macroeconômico da Anbima, membro convidado do G100 e da comunidade de economistas-chefes globais do Fórum Econômico Mundial. Durante seus mais de 20 anos na organização Bradesco, já ocupou diversas posições. Ele tem experiência de mais de 25 anos em análise econômica e tem artigos publicados em revistas, jornais e livros no Brasil e no exterior. Bem como a sua experiência com o Bradesco, ele também trabalhou para o BBVA, BankBoston e Rosenberg &amp; Associados. Fernando Honorato Barbosa tem mestrado e graduação em Economia pela Universidade de São Paulo (USP), PMD em gestão pelo IESE e AMP pelo MIT. Seu trabalho acadêmico concentra-se no setor externo brasileiro e políticas macroeconómicas desde o plano Real. Ele é um participante regular em eventos organizados pelo Banco Central do Brasil, Ministério da Fazenda, Tesouro Nacional, FMI e Fórum Econômico Mundial.&nbsp;</p>



<p></p>



<p></p>
</div></div>



<p></p>



<p><strong>Quando:</strong><br>Terça-feira, 08&nbsp;de outubro<br><br><strong>Agenda:</strong></p>



<p>16.45&nbsp;&#8211; Welcome Coffee&nbsp;</p>



<p>17.00 &#8211; Abertura &#8211; Christian Rezende &#8211; Coordenador do Comitê Financeiro</p>



<p>17.05 &#8211; Apresentação &#8211; Fernanda Honorato &#8211; Bradesco</p>



<p>17:55 &#8211; Q&amp;A</p>



<p>18.15 &#8211; Encerramento &#8211; Jonas Lindström &#8211; Diretor Executivo da Swedcham<br>18:20 &#8211; Happy Hour</p>



<p><strong>Onde:</strong><br>Swedcham – Rua Oscar Freire, 379 – cj 121&nbsp;</p>



<p><strong>Estacionamento:</strong><br>Recomendamos o estacionamento do Hotel Regent Park – Rua Oscar Freire, 533.</p>



<div class="wp-block-buttons is-layout-flex wp-block-buttons-is-layout-flex">
<div class="wp-block-button has-custom-width wp-block-button__width-75"><a class="wp-block-button__link has-background wp-element-button" href="https://docs.google.com/forms/d/e/1FAIpQLScsC514X7Fiy3fs9juAoyMjLOxHhmt3BAaUI53yFzp43-AyUQ/viewform?vc=0&amp;c=0&amp;w=1&amp;flr=0" style="background-color:#0f4463">Confirme aqui sua presença!</a></div>
</div>



<p></p>

<p>Cenário econômico &#8211; Navegando a aversão ao risco O Comitê Financeiro tem o prazer de convidar todos para a palestra</p>
