{"id":27790,"date":"2024-09-19T11:25:33","date_gmt":"2024-09-19T14:25:33","guid":{"rendered":"https:\/\/www.swedcham.com.br\/?post_type=product&#038;p=27790"},"modified":"2024-09-19T11:25:34","modified_gmt":"2024-09-19T14:25:34","slug":"formando-lideres-para-o-futuro","status":"publish","type":"product","link":"https:\/\/www.swedcham.com.br\/en\/product\/our-events\/formando-lideres-para-o-futuro\/","title":{"rendered":"Formando L\u00edderes para o Futuro"},"content":{"rendered":"\n<p><strong>Swedcham Young Professionals, em parceria com a Sweden Alumni Network Brazil, convidam voc\u00ea para um evento inesquec\u00edvel..<\/strong>.<br><\/p>\n\n\n\n<div class=\"wp-block-group has-medium-font-size\"><div class=\"wp-block-group__inner-container is-layout-constrained wp-block-group-is-layout-constrained\">\n<p class=\"has-large-font-size\"><strong>Formando L\u00edderes para o Futuro <\/strong>&#8211; <strong>Insights da Universidade e do Mercado<\/strong><\/p>\n\n\n\n<p class=\"has-large-font-size\"><\/p>\n<\/div><\/div>\n\n\n\n<ul class=\"wp-block-list\">\n<li><strong>O que significa ser um l\u00edder no mundo de hoje?<\/strong><\/li>\n\n\n\n<li><strong>Quais s\u00e3o as \u00faltimas tend\u00eancias em lideran\u00e7a ?\u00a0<\/strong><\/li>\n\n\n\n<li><strong>O que \u00e9 necess\u00e1rio para levar sua lideran\u00e7a ao pr\u00f3ximo n\u00edvel?<\/strong><\/li>\n<\/ul>\n\n\n\n<p>Essas s\u00e3o apenas algumas das perguntas que ser\u00e3o respondidas nesta noite empolgante. Com dois palestrantes de destaque \u2013 um do mundo acad\u00eamico e um renomado l\u00edder do mundo empresarial \u2013 voc\u00ea ter\u00e1 a oportunidade de ouvir insights e conselhos dos melhores. Esta \u00e9 uma oportunidade \u00fanica que voc\u00ea n\u00e3o vai querer perder, ent\u00e3o garanta sua inscri\u00e7\u00e3o antes que as vagas se esgotem!<\/p>\n\n\n\n<p><strong>Palestrantes:<\/strong><\/p>\n\n\n\n<div class=\"wp-block-media-text is-stacked-on-mobile\" style=\"grid-template-columns:26% auto\"><figure class=\"wp-block-media-text__media\"><img loading=\"lazy\" decoding=\"async\" width=\"800\" height=\"799\" src=\"https:\/\/www.swedcham.com.br\/wp-content\/uploads\/2024\/09\/gustavo-T.jpg\" alt=\"\" class=\"wp-image-27791 size-full\" srcset=\"https:\/\/www.swedcham.com.br\/wp-content\/uploads\/2024\/09\/gustavo-T.jpg 800w, https:\/\/www.swedcham.com.br\/wp-content\/uploads\/2024\/09\/gustavo-T-300x300.jpg 300w, https:\/\/www.swedcham.com.br\/wp-content\/uploads\/2024\/09\/gustavo-T-150x150.jpg 150w, https:\/\/www.swedcham.com.br\/wp-content\/uploads\/2024\/09\/gustavo-T-768x767.jpg 768w, https:\/\/www.swedcham.com.br\/wp-content\/uploads\/2024\/09\/gustavo-T-600x599.jpg 600w, https:\/\/www.swedcham.com.br\/wp-content\/uploads\/2024\/09\/gustavo-T-100x100.jpg 100w\" sizes=\"auto, (max-width: 800px) 100vw, 800px\" \/><\/figure><div class=\"wp-block-media-text__content\">\n<p><\/p>\n\n\n\n<p><strong>Gustavo M. Tavares,<\/strong> professor de Gest\u00e3o de Pessoas e Lideran\u00e7a no Insper. Com um doutorado em Administra\u00e7\u00e3o pela EBAPE\/FGV, Gustavo \u00e9 um renomado pesquisador com diversas publica\u00e7\u00f5es internacionais em administra\u00e7\u00e3o e comportamento organizacional. Al\u00e9m de sua atua\u00e7\u00e3o acad\u00eamica, ele traz uma experi\u00eancia \u00fanica como ex-Oficial da For\u00e7a A\u00e9rea Brasileira e professor no Instituto Federal do Rio de Janeiro. Venha descobrir como ele est\u00e1 moldando os l\u00edderes do futuro!<\/p>\n\n\n\n<p><\/p>\n\n\n\n<p><\/p>\n<\/div><\/div>\n\n\n\n<div class=\"wp-block-media-text is-stacked-on-mobile\" style=\"grid-template-columns:26% auto\"><figure class=\"wp-block-media-text__media\"><img loading=\"lazy\" decoding=\"async\" width=\"800\" height=\"800\" src=\"https:\/\/www.swedcham.com.br\/wp-content\/uploads\/2024\/09\/Silvia-s.jpg\" alt=\"\" class=\"wp-image-27793 size-full\" srcset=\"https:\/\/www.swedcham.com.br\/wp-content\/uploads\/2024\/09\/Silvia-s.jpg 800w, https:\/\/www.swedcham.com.br\/wp-content\/uploads\/2024\/09\/Silvia-s-300x300.jpg 300w, https:\/\/www.swedcham.com.br\/wp-content\/uploads\/2024\/09\/Silvia-s-150x150.jpg 150w, https:\/\/www.swedcham.com.br\/wp-content\/uploads\/2024\/09\/Silvia-s-768x768.jpg 768w, https:\/\/www.swedcham.com.br\/wp-content\/uploads\/2024\/09\/Silvia-s-600x600.jpg 600w, https:\/\/www.swedcham.com.br\/wp-content\/uploads\/2024\/09\/Silvia-s-100x100.jpg 100w\" sizes=\"auto, (max-width: 800px) 100vw, 800px\" \/><\/figure><div class=\"wp-block-media-text__content\">\n<p><\/p>\n\n\n\n<p><strong>Silvia Sauaia<\/strong>,\u00a0General Manager na Atlas Copco em S\u00e3o Paulo, com mais de 20 anos de experi\u00eancia em planejamento e gest\u00e3o operacional. Ela \u00e9 especialista em design de processos, melhoria e padroniza\u00e7\u00e3o, al\u00e9m de S&amp;OP e gest\u00e3o de estoques. Silvia liderou com sucesso departamentos de log\u00edstica e controle de qualidade, sendo reconhecida por sua vis\u00e3o estrat\u00e9gica e empreendedora. Sua habilidade em enfrentar desafios complexos e liderar com integridade a torna uma l\u00edder inspiradora. Venha ouvir Silvia compartilhar suas experi\u00eancias!\u00a0<\/p>\n\n\n\n<p><\/p>\n\n\n\n<p><\/p>\n<\/div><\/div>\n\n\n\n<p><\/p>\n\n\n\n<p><strong>Quando:<\/strong><br>Quinta-feira, 19 de setembro<br><br><strong>Agenda:<\/strong><\/p>\n\n\n\n<p>18:00 Mingling<\/p>\n\n\n\n<p>18:20 Insights da Universidade &#8211; Prof. Gustavo M. Tavares<\/p>\n\n\n\n<p>19:10 Insights do Mercado &#8211;&nbsp;Silvia Sauaia<\/p>\n\n\n\n<p>19:40 Q &amp; A<\/p>\n\n\n\n<p>20:00 Happy hour<\/p>\n\n\n\n<p><strong>Onde:<\/strong><br>Swedcham \u2013 Rua Oscar Freire, 379 \u2013 cj 121&nbsp;<\/p>\n\n\n\n<p><strong>Estacionamento:<\/strong><br>Recomendamos o estacionamento do Hotel Regent Park \u2013 Rua Oscar Freire, 533.<\/p>\n\n\n\n<div class=\"wp-block-buttons is-layout-flex wp-block-buttons-is-layout-flex\">\n<div class=\"wp-block-button has-custom-width wp-block-button__width-75\"><a class=\"wp-block-button__link has-background wp-element-button\" href=\"https:\/\/docs.google.com\/forms\/d\/e\/1FAIpQLSfnIRwZAe6YK4DFcDA4IGmUwn2QWEd2IeZZw5LNzqEtbILbfg\/viewform\" style=\"background-color:#0f4463\">Clique aqui e confirme aqui sua presen\u00e7a!<\/a><\/div>\n<\/div>\n","protected":false},"excerpt":{"rendered":"<p>Swedcham Young Professionals, em parceria com a Sweden Alumni Network Brazil, convidam voc\u00ea para um evento inesquec\u00edvel&#8230; Formando L\u00edderes para<\/p>\n","protected":false},"featured_media":27796,"template":"","meta":[],"product_brand":[],"product_cat":[228],"product_tag":[],"class_list":{"0":"post-27790","1":"product","2":"type-product","3":"status-publish","4":"has-post-thumbnail","6":"product_cat-our-events","8":"first","9":"instock","10":"shipping-taxable","11":"product-type-simple"},"_links":{"self":[{"href":"https:\/\/www.swedcham.com.br\/en\/wp-json\/wp\/v2\/product\/27790","targetHints":{"allow":["GET"]}}],"collection":[{"href":"https:\/\/www.swedcham.com.br\/en\/wp-json\/wp\/v2\/product"}],"about":[{"href":"https:\/\/www.swedcham.com.br\/en\/wp-json\/wp\/v2\/types\/product"}],"wp:featuredmedia":[{"embeddable":true,"href":"https:\/\/www.swedcham.com.br\/en\/wp-json\/wp\/v2\/media\/27796"}],"wp:attachment":[{"href":"https:\/\/www.swedcham.com.br\/en\/wp-json\/wp\/v2\/media?parent=27790"}],"wp:term":[{"taxonomy":"product_brand","embeddable":true,"href":"https:\/\/www.swedcham.com.br\/en\/wp-json\/wp\/v2\/product_brand?post=27790"},{"taxonomy":"product_cat","embeddable":true,"href":"https:\/\/www.swedcham.com.br\/en\/wp-json\/wp\/v2\/product_cat?post=27790"},{"taxonomy":"product_tag","embeddable":true,"href":"https:\/\/www.swedcham.com.br\/en\/wp-json\/wp\/v2\/product_tag?post=27790"}],"curies":[{"name":"wp","href":"https:\/\/api.w.org\/{rel}","templated":true}]}}

Formando Líderes para o Futuro

<p><strong>Swedcham Young Professionals, em parceria com a Sweden Alumni Network Brazil, convidam você para um evento inesquecível..</strong>.<br></p>



<div class="wp-block-group has-medium-font-size"><div class="wp-block-group__inner-container is-layout-constrained wp-block-group-is-layout-constrained">
<p class="has-large-font-size"><strong>Formando Líderes para o Futuro </strong>&#8211; <strong>Insights da Universidade e do Mercado</strong></p>



<p class="has-large-font-size"></p>
</div></div>



<ul class="wp-block-list">
<li><strong>O que significa ser um líder no mundo de hoje?</strong></li>



<li><strong>Quais são as últimas tendências em liderança ? </strong></li>



<li><strong>O que é necessário para levar sua liderança ao próximo nível?</strong></li>
</ul>



<p>Essas são apenas algumas das perguntas que serão respondidas nesta noite empolgante. Com dois palestrantes de destaque – um do mundo acadêmico e um renomado líder do mundo empresarial – você terá a oportunidade de ouvir insights e conselhos dos melhores. Esta é uma oportunidade única que você não vai querer perder, então garanta sua inscrição antes que as vagas se esgotem!</p>



<p><strong>Palestrantes:</strong></p>



<div class="wp-block-media-text is-stacked-on-mobile" style="grid-template-columns:26% auto"><figure class="wp-block-media-text__media"><img loading="lazy" decoding="async" width="800" height="799" src="https://www.swedcham.com.br/wp-content/uploads/2024/09/gustavo-T.jpg" alt="" class="wp-image-27791 size-full" srcset="https://www.swedcham.com.br/wp-content/uploads/2024/09/gustavo-T.jpg 800w, https://www.swedcham.com.br/wp-content/uploads/2024/09/gustavo-T-300x300.jpg 300w, https://www.swedcham.com.br/wp-content/uploads/2024/09/gustavo-T-150x150.jpg 150w, https://www.swedcham.com.br/wp-content/uploads/2024/09/gustavo-T-768x767.jpg 768w, https://www.swedcham.com.br/wp-content/uploads/2024/09/gustavo-T-600x599.jpg 600w, https://www.swedcham.com.br/wp-content/uploads/2024/09/gustavo-T-100x100.jpg 100w" sizes="auto, (max-width: 800px) 100vw, 800px" /></figure><div class="wp-block-media-text__content">
<p></p>



<p><strong>Gustavo M. Tavares,</strong> professor de Gestão de Pessoas e Liderança no Insper. Com um doutorado em Administração pela EBAPE/FGV, Gustavo é um renomado pesquisador com diversas publicações internacionais em administração e comportamento organizacional. Além de sua atuação acadêmica, ele traz uma experiência única como ex-Oficial da Força Aérea Brasileira e professor no Instituto Federal do Rio de Janeiro. Venha descobrir como ele está moldando os líderes do futuro!</p>



<p></p>



<p></p>
</div></div>



<div class="wp-block-media-text is-stacked-on-mobile" style="grid-template-columns:26% auto"><figure class="wp-block-media-text__media"><img loading="lazy" decoding="async" width="800" height="800" src="https://www.swedcham.com.br/wp-content/uploads/2024/09/Silvia-s.jpg" alt="" class="wp-image-27793 size-full" srcset="https://www.swedcham.com.br/wp-content/uploads/2024/09/Silvia-s.jpg 800w, https://www.swedcham.com.br/wp-content/uploads/2024/09/Silvia-s-300x300.jpg 300w, https://www.swedcham.com.br/wp-content/uploads/2024/09/Silvia-s-150x150.jpg 150w, https://www.swedcham.com.br/wp-content/uploads/2024/09/Silvia-s-768x768.jpg 768w, https://www.swedcham.com.br/wp-content/uploads/2024/09/Silvia-s-600x600.jpg 600w, https://www.swedcham.com.br/wp-content/uploads/2024/09/Silvia-s-100x100.jpg 100w" sizes="auto, (max-width: 800px) 100vw, 800px" /></figure><div class="wp-block-media-text__content">
<p></p>



<p><strong>Silvia Sauaia</strong>, General Manager na Atlas Copco em São Paulo, com mais de 20 anos de experiência em planejamento e gestão operacional. Ela é especialista em design de processos, melhoria e padronização, além de S&amp;OP e gestão de estoques. Silvia liderou com sucesso departamentos de logística e controle de qualidade, sendo reconhecida por sua visão estratégica e empreendedora. Sua habilidade em enfrentar desafios complexos e liderar com integridade a torna uma líder inspiradora. Venha ouvir Silvia compartilhar suas experiências! </p>



<p></p>



<p></p>
</div></div>



<p></p>



<p><strong>Quando:</strong><br>Quinta-feira, 19 de setembro<br><br><strong>Agenda:</strong></p>



<p>18:00 Mingling</p>



<p>18:20 Insights da Universidade &#8211; Prof. Gustavo M. Tavares</p>



<p>19:10 Insights do Mercado &#8211;&nbsp;Silvia Sauaia</p>



<p>19:40 Q &amp; A</p>



<p>20:00 Happy hour</p>



<p><strong>Onde:</strong><br>Swedcham – Rua Oscar Freire, 379 – cj 121&nbsp;</p>



<p><strong>Estacionamento:</strong><br>Recomendamos o estacionamento do Hotel Regent Park – Rua Oscar Freire, 533.</p>



<div class="wp-block-buttons is-layout-flex wp-block-buttons-is-layout-flex">
<div class="wp-block-button has-custom-width wp-block-button__width-75"><a class="wp-block-button__link has-background wp-element-button" href="https://docs.google.com/forms/d/e/1FAIpQLSfnIRwZAe6YK4DFcDA4IGmUwn2QWEd2IeZZw5LNzqEtbILbfg/viewform" style="background-color:#0f4463">Clique aqui e confirme aqui sua presença!</a></div>
</div>

<p>Swedcham Young Professionals, em parceria com a Sweden Alumni Network Brazil, convidam você para um evento inesquecível&#8230; Formando Líderes para</p>
