{"id":27632,"date":"2024-11-14T10:50:19","date_gmt":"2024-11-14T13:50:19","guid":{"rendered":"https:\/\/www.swedcham.com.br\/?post_type=product&#038;p=27632"},"modified":"2024-12-11T08:14:18","modified_gmt":"2024-12-11T11:14:18","slug":"end-of-year-party","status":"publish","type":"product","link":"https:\/\/www.swedcham.com.br\/en\/product\/our-events\/end-of-year-party\/","title":{"rendered":"End of Year Party!"},"content":{"rendered":"\n<figure class=\"wp-block-embed is-type-video is-provider-youtube wp-block-embed-youtube wp-embed-aspect-16-9 wp-has-aspect-ratio\"><div class=\"wp-block-embed__wrapper\">\n<iframe loading=\"lazy\" title=\"End of Year Party - Dec 5\" width=\"640\" height=\"360\" src=\"https:\/\/www.youtube.com\/embed\/xWuMC-XPsvQ?feature=oembed\" frameborder=\"0\" allow=\"accelerometer; autoplay; clipboard-write; encrypted-media; gyroscope; picture-in-picture; web-share\" referrerpolicy=\"strict-origin-when-cross-origin\" allowfullscreen><\/iframe>\n<\/div><\/figure>\n\n\n\n<p>Nossa festa foi um sucesso absoluto! Gostar\u00edamos de agradecer a todos os nossos convidados pela energia contagiante e esperamos que todos tenham se divertido e que nossa tradicional festa de fim de ano tenha se tornado mais uma lembran\u00e7a inesquec\u00edvel. O encontro foi um importante momento de celebra\u00e7\u00e3o do ano de 2024 e de renova\u00e7\u00e3o das nossas energias para 2025. Um agradecimento especial a todos os colaboradores que tornaram essa confraterniza\u00e7\u00e3o poss\u00edvel.<\/p>\n\n\n\n<p> M\u00fasica e v\u00eddeo: @amaromusicoficial.<\/p>\n\n\n\n<p><strong>Quando:&nbsp;<\/strong><br>Quinta-feira, &nbsp;05 de dezembro \u00e0s 19h<\/p>\n\n\n\n<p><strong>Onde:<\/strong><br>Grand&nbsp;Mercure&nbsp;S\u00e3o Paulo&nbsp;Ibirapuera<br>Rua Sena Madureira, 1355 &#8211;&nbsp;Ibirapuera, S\u00e3o Paulo &#8211; SP, 04021-051<\/p>\n\n\n\n<p><\/p>\n\n\n\n<p><\/p>\n","protected":false},"excerpt":{"rendered":"<p>Nossa festa foi um sucesso absoluto! Gostar\u00edamos de agradecer a todos os nossos convidados pela energia contagiante e esperamos que<\/p>\n","protected":false},"featured_media":28094,"template":"","meta":[],"product_brand":[],"product_cat":[228],"product_tag":[],"class_list":{"0":"post-27632","1":"product","2":"type-product","3":"status-publish","4":"has-post-thumbnail","6":"product_cat-our-events","8":"first","9":"outofstock","10":"shipping-taxable","11":"purchasable","12":"product-type-variable"},"_links":{"self":[{"href":"https:\/\/www.swedcham.com.br\/en\/wp-json\/wp\/v2\/product\/27632","targetHints":{"allow":["GET"]}}],"collection":[{"href":"https:\/\/www.swedcham.com.br\/en\/wp-json\/wp\/v2\/product"}],"about":[{"href":"https:\/\/www.swedcham.com.br\/en\/wp-json\/wp\/v2\/types\/product"}],"wp:featuredmedia":[{"embeddable":true,"href":"https:\/\/www.swedcham.com.br\/en\/wp-json\/wp\/v2\/media\/28094"}],"wp:attachment":[{"href":"https:\/\/www.swedcham.com.br\/en\/wp-json\/wp\/v2\/media?parent=27632"}],"wp:term":[{"taxonomy":"product_brand","embeddable":true,"href":"https:\/\/www.swedcham.com.br\/en\/wp-json\/wp\/v2\/product_brand?post=27632"},{"taxonomy":"product_cat","embeddable":true,"href":"https:\/\/www.swedcham.com.br\/en\/wp-json\/wp\/v2\/product_cat?post=27632"},{"taxonomy":"product_tag","embeddable":true,"href":"https:\/\/www.swedcham.com.br\/en\/wp-json\/wp\/v2\/product_tag?post=27632"}],"curies":[{"name":"wp","href":"https:\/\/api.w.org\/{rel}","templated":true}]}}

<figure class="wp-block-embed is-type-video is-provider-youtube wp-block-embed-youtube wp-embed-aspect-16-9 wp-has-aspect-ratio"><div class="wp-block-embed__wrapper">
<iframe loading="lazy" title="End of Year Party - Dec 5" width="640" height="360" src="https://www.youtube.com/embed/xWuMC-XPsvQ?feature=oembed" frameborder="0" allow="accelerometer; autoplay; clipboard-write; encrypted-media; gyroscope; picture-in-picture; web-share" referrerpolicy="strict-origin-when-cross-origin" allowfullscreen></iframe>
</div></figure>



<p>Nossa festa foi um sucesso absoluto! Gostaríamos de agradecer a todos os nossos convidados pela energia contagiante e esperamos que todos tenham se divertido e que nossa tradicional festa de fim de ano tenha se tornado mais uma lembrança inesquecível. O encontro foi um importante momento de celebração do ano de 2024 e de renovação das nossas energias para 2025. Um agradecimento especial a todos os colaboradores que tornaram essa confraternização possível.</p>



<p> Música e vídeo: @amaromusicoficial.</p>



<p><strong>Quando:&nbsp;</strong><br>Quinta-feira, &nbsp;05 de dezembro às 19h</p>



<p><strong>Onde:</strong><br>Grand&nbsp;Mercure&nbsp;São Paulo&nbsp;Ibirapuera<br>Rua Sena Madureira, 1355 &#8211;&nbsp;Ibirapuera, São Paulo &#8211; SP, 04021-051</p>



<p></p>



<p></p>

<p>Nossa festa foi um sucesso absoluto! Gostaríamos de agradecer a todos os nossos convidados pela energia contagiante e esperamos que</p>
