{"id":27581,"date":"2024-05-27T09:22:51","date_gmt":"2024-05-27T12:22:51","guid":{"rendered":"https:\/\/www.swedcham.com.br\/?post_type=product&#038;p=27581"},"modified":"2024-06-11T10:45:10","modified_gmt":"2024-06-11T13:45:10","slug":"qual-e-a-sua-fase-reflexoes-sobre-tecnologia-evolucao-carreira-lideranca-entre-outros","status":"publish","type":"product","link":"https:\/\/www.swedcham.com.br\/en\/product\/our-events\/qual-e-a-sua-fase-reflexoes-sobre-tecnologia-evolucao-carreira-lideranca-entre-outros\/","title":{"rendered":"Qual \u00e9 a sua fase?- reflex\u00f5es sobre tecnologia, evolu\u00e7\u00e3o, carreira, lideran\u00e7a, entre outros"},"content":{"rendered":"\n<p><strong>Os Young Professionals convidam para a palestra:<\/strong><\/p>\n\n\n\n<p><strong>Qual \u00e9 a sua fase?<\/strong><br><strong>&#8211; reflex\u00f5es sobre tecnologia, evolu\u00e7\u00e3o, carreira, lideran\u00e7a, entre outros<\/strong><\/p>\n\n\n\n<figure class=\"wp-block-embed is-type-video is-provider-youtube wp-block-embed-youtube wp-embed-aspect-16-9 wp-has-aspect-ratio\"><div class=\"wp-block-embed__wrapper\">\n<iframe loading=\"lazy\" title=\"Qual \u00e9 a sua fase?- reflex\u00f5es sobre tecnologia, evolu\u00e7\u00e3o, carreira, lideran\u00e7a, entre outros\" width=\"640\" height=\"360\" src=\"https:\/\/www.youtube.com\/embed\/PcXS3BoybKk?feature=oembed\" frameborder=\"0\" allow=\"accelerometer; autoplay; clipboard-write; encrypted-media; gyroscope; picture-in-picture; web-share\" referrerpolicy=\"strict-origin-when-cross-origin\" allowfullscreen><\/iframe>\n<\/div><\/figure>\n\n\n\n<p>Neste evento, discutiremos a trajet\u00f3ria das telecomunica\u00e7\u00f5es, desde a telefonia tradicional e redes IP at\u00e9 a intelig\u00eancia artificial e os modelos futuros. Tamb\u00e9m exploraremos para onde est\u00e1 indo o trabalho e como ser\u00e1 a lideran\u00e7a da pr\u00f3xima gera\u00e7\u00e3o. Junte-se a n\u00f3s para uma vis\u00e3o aprofundada sobre o futuro das telecomunica\u00e7\u00f5es e suas implica\u00e7\u00f5es.<\/p>\n\n\n\n<div class=\"wp-block-media-text is-stacked-on-mobile\" style=\"grid-template-columns:34% auto\"><figure class=\"wp-block-media-text__media\"><img loading=\"lazy\" decoding=\"async\" width=\"1024\" height=\"682\" src=\"https:\/\/www.swedcham.com.br\/wp-content\/uploads\/2024\/05\/WhatsApp-Image-2024-05-23-at-17.26.07-1-1024x682.jpeg\" alt=\"\" class=\"wp-image-27579 size-full\" srcset=\"https:\/\/www.swedcham.com.br\/wp-content\/uploads\/2024\/05\/WhatsApp-Image-2024-05-23-at-17.26.07-1-1024x682.jpeg 1024w, https:\/\/www.swedcham.com.br\/wp-content\/uploads\/2024\/05\/WhatsApp-Image-2024-05-23-at-17.26.07-1-300x200.jpeg 300w, https:\/\/www.swedcham.com.br\/wp-content\/uploads\/2024\/05\/WhatsApp-Image-2024-05-23-at-17.26.07-1-768x512.jpeg 768w, https:\/\/www.swedcham.com.br\/wp-content\/uploads\/2024\/05\/WhatsApp-Image-2024-05-23-at-17.26.07-1-600x400.jpeg 600w, https:\/\/www.swedcham.com.br\/wp-content\/uploads\/2024\/05\/WhatsApp-Image-2024-05-23-at-17.26.07-1.jpeg 1280w\" sizes=\"auto, (max-width: 1024px) 100vw, 1024px\" \/><\/figure><div class=\"wp-block-media-text__content\">\n<p class=\"has-small-font-size\"><strong>S\u00e9rgio Quiroga \u2013&nbsp;<\/strong>S\u00e9rgio Quiroga, chairman da Swedcham, trabalhou 28 anos na Ericsson, ocupando diferentes posi\u00e7\u00f5es de Alta Gest\u00e3o Executiva em n\u00edveis nacional, regional e global. Com um portf\u00f3lio extenso, S\u00e9rgio liderou equipes no Brasil, Chile, Col\u00f4mbia, M\u00e9xico e Su\u00e9cia; foi CEO da Am\u00e9rica Latina por 7 anos consecutivos e, finalmente, foi respons\u00e1vel pelas Vendas Globais e Gest\u00e3o Comercial da Ericsson, na Su\u00e9cia.<\/p>\n\n\n\n<p class=\"has-small-font-size\">Sua forma\u00e7\u00e3o acad\u00eamica inclui gradua\u00e7\u00e3o em Engenharia de Telecomunica\u00e7\u00f5es pelo INATEL, um MBA em Gest\u00e3o Geral pela Funda\u00e7\u00e3o Get\u00falio Vargas e uma ampla educa\u00e7\u00e3o executiva por institui\u00e7\u00f5es como a Columbia Business School, IMD e Insead. Hoje,  \u00e9 advisor e participa em v\u00e1rios conselhos de empresas tech.<\/p>\n<\/div><\/div>\n","protected":false},"excerpt":{"rendered":"<p>Os Young Professionals convidam para a palestra: Qual \u00e9 a sua fase?&#8211; reflex\u00f5es sobre tecnologia, evolu\u00e7\u00e3o, carreira, lideran\u00e7a, entre outros<\/p>\n","protected":false},"featured_media":27585,"template":"","meta":[],"product_brand":[],"product_cat":[228],"product_tag":[],"class_list":{"0":"post-27581","1":"product","2":"type-product","3":"status-publish","4":"has-post-thumbnail","6":"product_cat-our-events","8":"first","9":"instock","10":"shipping-taxable","11":"product-type-simple"},"_links":{"self":[{"href":"https:\/\/www.swedcham.com.br\/en\/wp-json\/wp\/v2\/product\/27581","targetHints":{"allow":["GET"]}}],"collection":[{"href":"https:\/\/www.swedcham.com.br\/en\/wp-json\/wp\/v2\/product"}],"about":[{"href":"https:\/\/www.swedcham.com.br\/en\/wp-json\/wp\/v2\/types\/product"}],"wp:featuredmedia":[{"embeddable":true,"href":"https:\/\/www.swedcham.com.br\/en\/wp-json\/wp\/v2\/media\/27585"}],"wp:attachment":[{"href":"https:\/\/www.swedcham.com.br\/en\/wp-json\/wp\/v2\/media?parent=27581"}],"wp:term":[{"taxonomy":"product_brand","embeddable":true,"href":"https:\/\/www.swedcham.com.br\/en\/wp-json\/wp\/v2\/product_brand?post=27581"},{"taxonomy":"product_cat","embeddable":true,"href":"https:\/\/www.swedcham.com.br\/en\/wp-json\/wp\/v2\/product_cat?post=27581"},{"taxonomy":"product_tag","embeddable":true,"href":"https:\/\/www.swedcham.com.br\/en\/wp-json\/wp\/v2\/product_tag?post=27581"}],"curies":[{"name":"wp","href":"https:\/\/api.w.org\/{rel}","templated":true}]}}

Qual é a sua fase?- reflexões sobre tecnologia, evolução, carreira, liderança, entre outros

<p><strong>Os Young Professionals convidam para a palestra:</strong></p>



<p><strong>Qual é a sua fase?</strong><br><strong>&#8211; reflexões sobre tecnologia, evolução, carreira, liderança, entre outros</strong></p>



<figure class="wp-block-embed is-type-video is-provider-youtube wp-block-embed-youtube wp-embed-aspect-16-9 wp-has-aspect-ratio"><div class="wp-block-embed__wrapper">
<iframe loading="lazy" title="Qual é a sua fase?- reflexões sobre tecnologia, evolução, carreira, liderança, entre outros" width="640" height="360" src="https://www.youtube.com/embed/PcXS3BoybKk?feature=oembed" frameborder="0" allow="accelerometer; autoplay; clipboard-write; encrypted-media; gyroscope; picture-in-picture; web-share" referrerpolicy="strict-origin-when-cross-origin" allowfullscreen></iframe>
</div></figure>



<p>Neste evento, discutiremos a trajetória das telecomunicações, desde a telefonia tradicional e redes IP até a inteligência artificial e os modelos futuros. Também exploraremos para onde está indo o trabalho e como será a liderança da próxima geração. Junte-se a nós para uma visão aprofundada sobre o futuro das telecomunicações e suas implicações.</p>



<div class="wp-block-media-text is-stacked-on-mobile" style="grid-template-columns:34% auto"><figure class="wp-block-media-text__media"><img loading="lazy" decoding="async" width="1024" height="682" src="https://www.swedcham.com.br/wp-content/uploads/2024/05/WhatsApp-Image-2024-05-23-at-17.26.07-1-1024x682.jpeg" alt="" class="wp-image-27579 size-full" srcset="https://www.swedcham.com.br/wp-content/uploads/2024/05/WhatsApp-Image-2024-05-23-at-17.26.07-1-1024x682.jpeg 1024w, https://www.swedcham.com.br/wp-content/uploads/2024/05/WhatsApp-Image-2024-05-23-at-17.26.07-1-300x200.jpeg 300w, https://www.swedcham.com.br/wp-content/uploads/2024/05/WhatsApp-Image-2024-05-23-at-17.26.07-1-768x512.jpeg 768w, https://www.swedcham.com.br/wp-content/uploads/2024/05/WhatsApp-Image-2024-05-23-at-17.26.07-1-600x400.jpeg 600w, https://www.swedcham.com.br/wp-content/uploads/2024/05/WhatsApp-Image-2024-05-23-at-17.26.07-1.jpeg 1280w" sizes="auto, (max-width: 1024px) 100vw, 1024px" /></figure><div class="wp-block-media-text__content">
<p class="has-small-font-size"><strong>Sérgio Quiroga –&nbsp;</strong>Sérgio Quiroga, chairman da Swedcham, trabalhou 28 anos na Ericsson, ocupando diferentes posições de Alta Gestão Executiva em níveis nacional, regional e global. Com um portfólio extenso, Sérgio liderou equipes no Brasil, Chile, Colômbia, México e Suécia; foi CEO da América Latina por 7 anos consecutivos e, finalmente, foi responsável pelas Vendas Globais e Gestão Comercial da Ericsson, na Suécia.</p>



<p class="has-small-font-size">Sua formação acadêmica inclui graduação em Engenharia de Telecomunicações pelo INATEL, um MBA em Gestão Geral pela Fundação Getúlio Vargas e uma ampla educação executiva por instituições como a Columbia Business School, IMD e Insead. Hoje,  é advisor e participa em vários conselhos de empresas tech.</p>
</div></div>

<p>Os Young Professionals convidam para a palestra: Qual é a sua fase?&#8211; reflexões sobre tecnologia, evolução, carreira, liderança, entre outros</p>
