{"id":27435,"date":"2024-04-23T13:45:13","date_gmt":"2024-04-23T16:45:13","guid":{"rendered":"https:\/\/www.swedcham.com.br\/product\/uncategorized\/almoco-de-networking-4\/"},"modified":"2024-04-25T15:27:36","modified_gmt":"2024-04-25T18:27:36","slug":"almoco-de-networking-4","status":"publish","type":"product","link":"https:\/\/www.swedcham.com.br\/en\/product\/our-events\/almoco-de-networking-4\/","title":{"rendered":"Almo\u00e7o de Networking"},"content":{"rendered":"\n<figure class=\"wp-block-image size-large is-resized\"><a href=\"https:\/\/www.swedcham.com.br\/wp-content\/uploads\/2024\/04\/foto.png\"><img loading=\"lazy\" decoding=\"async\" width=\"1024\" height=\"465\" src=\"https:\/\/www.swedcham.com.br\/wp-content\/uploads\/2024\/04\/foto-1024x465.png\" alt=\"\" class=\"wp-image-27425\" style=\"width:713px;height:auto\" srcset=\"https:\/\/www.swedcham.com.br\/wp-content\/uploads\/2024\/04\/foto-1024x465.png 1024w, https:\/\/www.swedcham.com.br\/wp-content\/uploads\/2024\/04\/foto-300x136.png 300w, https:\/\/www.swedcham.com.br\/wp-content\/uploads\/2024\/04\/foto-768x349.png 768w, https:\/\/www.swedcham.com.br\/wp-content\/uploads\/2024\/04\/foto-600x273.png 600w, https:\/\/www.swedcham.com.br\/wp-content\/uploads\/2024\/04\/foto.png 1107w\" sizes=\"auto, (max-width: 1024px) 100vw, 1024px\" \/><\/a><\/figure>\n\n\n\n<p>\u00c9 com grande prazer que a Swedcham convida voc\u00ea para nosso tradicional almo\u00e7o de networking, onde voc\u00ea poder\u00e1 conhecer e conversar com outros membros, e ampliar sua rede de relacionamentos.<br>O restaurante <strong>Tuy Cocina <\/strong>re\u00fane pratos, tapas e petiscos da gastronomia ib\u00e9rica contempor\u00e2nea, em um ambiente moderno e descontra\u00eddo no Jardins.<\/p>\n\n\n\n<p><strong>Quando:<\/strong><br>Sexta-feira, 26 de abril \u00e0s 12h<\/p>\n\n\n\n<p><strong>Onde:<\/strong><br><strong>Tuy Cocina I Jardins \u00e0s 12h<\/strong><br>R. Padre Jo\u00e3o Manuel, 1156 &#8211; Jardins, S\u00e3o Paulo &#8211; SP, 01411-000<\/p>\n\n\n\n<p>Incluso:\u00a0Entrada, prato principal, sobremesa, bebida n\u00e3o alco\u00f3lica e caf\u00e9<br><br><strong>Bem vindos!<\/strong><\/p>\n","protected":false},"excerpt":{"rendered":"<p>\u00c9 com grande prazer que a Swedcham convida voc\u00ea para nosso tradicional almo\u00e7o de networking, onde voc\u00ea poder\u00e1 conhecer e<\/p>\n","protected":false},"featured_media":27315,"template":"","meta":[],"product_brand":[],"product_cat":[228],"product_tag":[],"class_list":{"0":"post-27435","1":"product","2":"type-product","3":"status-publish","4":"has-post-thumbnail","6":"product_cat-our-events","8":"first","9":"instock","10":"shipping-taxable","11":"product-type-simple"},"_links":{"self":[{"href":"https:\/\/www.swedcham.com.br\/en\/wp-json\/wp\/v2\/product\/27435","targetHints":{"allow":["GET"]}}],"collection":[{"href":"https:\/\/www.swedcham.com.br\/en\/wp-json\/wp\/v2\/product"}],"about":[{"href":"https:\/\/www.swedcham.com.br\/en\/wp-json\/wp\/v2\/types\/product"}],"wp:featuredmedia":[{"embeddable":true,"href":"https:\/\/www.swedcham.com.br\/en\/wp-json\/wp\/v2\/media\/27315"}],"wp:attachment":[{"href":"https:\/\/www.swedcham.com.br\/en\/wp-json\/wp\/v2\/media?parent=27435"}],"wp:term":[{"taxonomy":"product_brand","embeddable":true,"href":"https:\/\/www.swedcham.com.br\/en\/wp-json\/wp\/v2\/product_brand?post=27435"},{"taxonomy":"product_cat","embeddable":true,"href":"https:\/\/www.swedcham.com.br\/en\/wp-json\/wp\/v2\/product_cat?post=27435"},{"taxonomy":"product_tag","embeddable":true,"href":"https:\/\/www.swedcham.com.br\/en\/wp-json\/wp\/v2\/product_tag?post=27435"}],"curies":[{"name":"wp","href":"https:\/\/api.w.org\/{rel}","templated":true}]}}

Almoço de Networking

<figure class="wp-block-image size-large is-resized"><a href="https://www.swedcham.com.br/wp-content/uploads/2024/04/foto.png"><img loading="lazy" decoding="async" width="1024" height="465" src="https://www.swedcham.com.br/wp-content/uploads/2024/04/foto-1024x465.png" alt="" class="wp-image-27425" style="width:713px;height:auto" srcset="https://www.swedcham.com.br/wp-content/uploads/2024/04/foto-1024x465.png 1024w, https://www.swedcham.com.br/wp-content/uploads/2024/04/foto-300x136.png 300w, https://www.swedcham.com.br/wp-content/uploads/2024/04/foto-768x349.png 768w, https://www.swedcham.com.br/wp-content/uploads/2024/04/foto-600x273.png 600w, https://www.swedcham.com.br/wp-content/uploads/2024/04/foto.png 1107w" sizes="auto, (max-width: 1024px) 100vw, 1024px" /></a></figure>



<p>É com grande prazer que a Swedcham convida você para nosso tradicional almoço de networking, onde você poderá conhecer e conversar com outros membros, e ampliar sua rede de relacionamentos.<br>O restaurante <strong>Tuy Cocina </strong>reúne pratos, tapas e petiscos da gastronomia ibérica contemporânea, em um ambiente moderno e descontraído no Jardins.</p>



<p><strong>Quando:</strong><br>Sexta-feira, 26 de abril às 12h</p>



<p><strong>Onde:</strong><br><strong>Tuy Cocina I Jardins às 12h</strong><br>R. Padre João Manuel, 1156 &#8211; Jardins, São Paulo &#8211; SP, 01411-000</p>



<p>Incluso: Entrada, prato principal, sobremesa, bebida não alcoólica e café<br><br><strong>Bem vindos!</strong></p>

<p>É com grande prazer que a Swedcham convida você para nosso tradicional almoço de networking, onde você poderá conhecer e</p>
