{"id":27356,"date":"2024-03-11T15:37:11","date_gmt":"2024-03-11T18:37:11","guid":{"rendered":"https:\/\/www.swedcham.com.br\/?post_type=product&#038;p=27356"},"modified":"2024-03-15T11:50:03","modified_gmt":"2024-03-15T14:50:03","slug":"desafio-de-igualdade-genero-nas-areas-de-lideranca-nos-setores-de-tecnologia-e-infra-estrutura","status":"publish","type":"product","link":"https:\/\/www.swedcham.com.br\/en\/product\/our-events\/desafio-de-igualdade-genero-nas-areas-de-lideranca-nos-setores-de-tecnologia-e-infra-estrutura\/","title":{"rendered":"Desafio de Igualdade G\u00eanero nas \u00e1reas de Lideran\u00e7a nos setores de Tecnologia e Infra Estrutura"},"content":{"rendered":"\n<p><strong>A C\u00e2mara Sueca em parceria com a empresa associada &nbsp;BR-Visa Migration Solutions convidam para a palestra:<\/strong><\/p>\n\n\n\n<p><strong>Desafio de Igualdade G\u00eanero nas \u00e1reas de Lideran\u00e7a nos setores de Tecnologia e Infra Estrutura<\/strong><\/p>\n\n\n\n<p>Segundo a CNI (Confedera\u00e7\u00e3o Nacional da Ind\u00fastria), em levantamento com dados de 2023, as mulheres empregadas estudaram por 12 anos em m\u00e9dia, n\u00famero superior aos 10,7 anos de m\u00e9dia apresentada pelos homens. Mesmo assim, as mulheres ocupam menos de 40% dos cargos de lideran\u00e7a do Brasil.<br>Ainda de acordo com a CNI, em 2023, a equidade salarial entre homens e mulheres no Brasil chegou a 78,7 pontos de um total de 100 na escala utilizada pelo F\u00f3rum Econ\u00f4mico Mundial. Em 2013, o \u00edndice era de 72 pontos, e quanto mais perto de 100, maior a paridade. Mesmo com o aumento apresentado na \u00faltima d\u00e9cada, o ritmo tem sido bastante reduzido e, se mantido, ser\u00e3o necess\u00e1rios 131 anos para alcan\u00e7ar a igualdade entre homens e mulheres no Brasil.<br>Por isso, no <strong>m\u00eas do Dia Internacional das Mulheres<\/strong>, abrir espa\u00e7o para debater os desafios da Igualdade de G\u00eanero se torna ainda mais essencial. Participe do evento com lideran\u00e7as femininas que compartilhar\u00e3o suas experi\u00eancias e vis\u00f5es sobre o tema.<\/p>\n\n\n\n<div class=\"wp-block-media-text is-stacked-on-mobile\" style=\"grid-template-columns:28% auto\"><figure class=\"wp-block-media-text__media\"><img loading=\"lazy\" decoding=\"async\" width=\"200\" height=\"200\" src=\"https:\/\/www.swedcham.com.br\/wp-content\/uploads\/2024\/03\/Patricia.jpeg\" alt=\"\" class=\"wp-image-27348 size-full\" srcset=\"https:\/\/www.swedcham.com.br\/wp-content\/uploads\/2024\/03\/Patricia.jpeg 200w, https:\/\/www.swedcham.com.br\/wp-content\/uploads\/2024\/03\/Patricia-150x150.jpeg 150w, https:\/\/www.swedcham.com.br\/wp-content\/uploads\/2024\/03\/Patricia-100x100.jpeg 100w\" sizes=\"auto, (max-width: 200px) 100vw, 200px\" \/><\/figure><div class=\"wp-block-media-text__content\">\n<p><strong>Patricia Acioli Gontijo Mendes &#8211;\u00a0<\/strong>Head Corporate Relations &amp; Sustainability Scania Latin America.<br>Com filho no curr\u00edculo, Patricia \u00e9 realizadora por natureza e executiva apaixonada por escrever, ler e interpretar, com experi\u00eancia nas \u00e1reas de estrat\u00e9gias de novos neg\u00f3cios, engajamento de pessoas, constru\u00e7\u00e3o de cultura, impacto social, sustentabilidade e comunica\u00e7\u00e3o, \u00e9 formada em Jornalismo, com passagem pela imprensa e ag\u00eancias de PR, onde atuou na dire\u00e7\u00e3o de opera\u00e7\u00f5es e em projetos internacionais.<\/p>\n<\/div><\/div>\n\n\n\n<div class=\"wp-block-media-text is-stacked-on-mobile\" style=\"grid-template-columns:28% auto\"><figure class=\"wp-block-media-text__media\"><img loading=\"lazy\" decoding=\"async\" width=\"386\" height=\"401\" src=\"https:\/\/www.swedcham.com.br\/wp-content\/uploads\/2024\/03\/ap.png\" alt=\"\" class=\"wp-image-27350 size-full\" srcset=\"https:\/\/www.swedcham.com.br\/wp-content\/uploads\/2024\/03\/ap.png 386w, https:\/\/www.swedcham.com.br\/wp-content\/uploads\/2024\/03\/ap-289x300.png 289w\" sizes=\"auto, (max-width: 386px) 100vw, 386px\" \/><\/figure><div class=\"wp-block-media-text__content\">\n<p><\/p>\n\n\n\n<p><strong>Ana Paula Cordeiro <\/strong>&#8211; Executiva s\u00eanior com mais de 25 anos de experi\u00eancia internacional nos mercados de defesa, seguran\u00e7a e aeroespacial, com \u00eanfase em desenvolvimento de mercados, industrializa\u00e7\u00e3o e inova\u00e7\u00e3o tecnol\u00f3gica. Em sua carreira, Ana Paula atuou em projetos nas \u00e1reas de defesa e seguran\u00e7a na Am\u00e9rica Latina, Am\u00e9rica do Norte, Europa, \u00c1sia e Oriente M\u00e9dio. Atualmente Ana Paula \u00e9 Vice Presidente da ICEYE, tendo sob sua responsabilidade o desenvolvimento do mercado latino americano para a l\u00edder finlandesa do segmento New Space. \u00a0<\/p>\n\n\n\n<p><\/p>\n<\/div><\/div>\n\n\n\n<div class=\"wp-block-media-text is-stacked-on-mobile\" style=\"grid-template-columns:29% auto\"><figure class=\"wp-block-media-text__media\"><img loading=\"lazy\" decoding=\"async\" width=\"250\" height=\"230\" src=\"https:\/\/www.swedcham.com.br\/wp-content\/uploads\/2024\/03\/Ju-1.png\" alt=\"\" class=\"wp-image-27354 size-full\"\/><\/figure><div class=\"wp-block-media-text__content\">\n<p><strong>Juliana G. Meyer Gottardi &#8211;\u00a0<\/strong>\u00a0C\u00f4nsul Geral Honor\u00e1ria da Noruega em S\u00e3o Paulo, Diretora Jur\u00eddica da Swecham, S\u00f3cia-fundadora do escrit\u00f3rio Pacheco Neto Sanden Teisseire (\u201cPNST\u201d) que representa alguns grupos n\u00f3rdicos no Brasil; Conselheira da ONG Rede Cultural Beija Flor.<\/p>\n<\/div><\/div>\n\n\n\n<p><\/p>\n\n\n\n<p><strong>Quando:\u00a0<\/strong><br>Quinta-feira, 14 de mar\u00e7o \u00e0s 17:30<\/p>\n\n\n\n<p><strong>Agenda:<\/strong><br>17:30 &#8211; Welcome Coffee<br>18:00 &#8211; Bem vindos &#8211; Jonas Lindstr\u00f6m e Juliana Meyer<br>18:05 &#8211; Patricia Acioli<br>18:20 &#8211; Ana Paula Cordeiro<br>18:40 &#8211; Painel &#8211; Patricia, Ana Paula e Juliana Meyer<br>19:00\/19:10 &#8211; Encerramento &#8211; Marta Mitico &#8211;&nbsp;S\u00f3cia-fundadora da BR-Visa Migration Solutions<br>19:10 &#8211; Happy Hour<\/p>\n\n\n\n<p><strong>Onde:<\/strong><br><strong>Evento presencial &#8211;&nbsp;<\/strong>Swedcham &#8211; Rua Oscar Freire, 379 &#8211; cj 121&nbsp;<\/p>\n\n\n\n<p><strong>Investimento:<\/strong><br><strong>Sem custo para associados da Swedcham, NBCC e Finncham<\/strong><br><strong>N\u00e3o associados:<\/strong> R$80,00 &#8211; entrar em contato com a Swedcham<\/p>\n\n\n\n<p><strong>Estacionamento:<\/strong><br>Recomendamos o estacionamento do Hotel Regent Park &#8211; Rua Oscar Freire, 533.<\/p>\n\n\n\n<p><\/p>\n\n\n\n<div class=\"wp-block-buttons is-layout-flex wp-block-buttons-is-layout-flex\">\n<div class=\"wp-block-button has-custom-width wp-block-button__width-75\"><a class=\"wp-block-button__link has-background wp-element-button\" href=\"https:\/\/docs.google.com\/forms\/d\/e\/1FAIpQLSfJoS9r35UEH-ZsFzV0hswZ6SlzPXhRUPffoUu8eVRnn2FDMw\/viewform?vc=0&amp;c=0&amp;w=1&amp;flr=0\" style=\"background-color:#072f47\">Clique aqui para confirmar sua presen\u00e7a<\/a><\/div>\n<\/div>\n","protected":false},"excerpt":{"rendered":"<p>A C\u00e2mara Sueca em parceria com a empresa associada &nbsp;BR-Visa Migration Solutions convidam para a palestra: Desafio de Igualdade G\u00eanero<\/p>\n","protected":false},"featured_media":27358,"template":"","meta":[],"product_brand":[],"product_cat":[228],"product_tag":[],"class_list":{"0":"post-27356","1":"product","2":"type-product","3":"status-publish","4":"has-post-thumbnail","6":"product_cat-our-events","8":"first","9":"instock","10":"shipping-taxable","11":"product-type-simple"},"_links":{"self":[{"href":"https:\/\/www.swedcham.com.br\/en\/wp-json\/wp\/v2\/product\/27356","targetHints":{"allow":["GET"]}}],"collection":[{"href":"https:\/\/www.swedcham.com.br\/en\/wp-json\/wp\/v2\/product"}],"about":[{"href":"https:\/\/www.swedcham.com.br\/en\/wp-json\/wp\/v2\/types\/product"}],"wp:featuredmedia":[{"embeddable":true,"href":"https:\/\/www.swedcham.com.br\/en\/wp-json\/wp\/v2\/media\/27358"}],"wp:attachment":[{"href":"https:\/\/www.swedcham.com.br\/en\/wp-json\/wp\/v2\/media?parent=27356"}],"wp:term":[{"taxonomy":"product_brand","embeddable":true,"href":"https:\/\/www.swedcham.com.br\/en\/wp-json\/wp\/v2\/product_brand?post=27356"},{"taxonomy":"product_cat","embeddable":true,"href":"https:\/\/www.swedcham.com.br\/en\/wp-json\/wp\/v2\/product_cat?post=27356"},{"taxonomy":"product_tag","embeddable":true,"href":"https:\/\/www.swedcham.com.br\/en\/wp-json\/wp\/v2\/product_tag?post=27356"}],"curies":[{"name":"wp","href":"https:\/\/api.w.org\/{rel}","templated":true}]}}

Desafio de Igualdade Gênero nas áreas de Liderança nos setores de Tecnologia e Infra Estrutura

<p><strong>A Câmara Sueca em parceria com a empresa associada &nbsp;BR-Visa Migration Solutions convidam para a palestra:</strong></p>



<p><strong>Desafio de Igualdade Gênero nas áreas de Liderança nos setores de Tecnologia e Infra Estrutura</strong></p>



<p>Segundo a CNI (Confederação Nacional da Indústria), em levantamento com dados de 2023, as mulheres empregadas estudaram por 12 anos em média, número superior aos 10,7 anos de média apresentada pelos homens. Mesmo assim, as mulheres ocupam menos de 40% dos cargos de liderança do Brasil.<br>Ainda de acordo com a CNI, em 2023, a equidade salarial entre homens e mulheres no Brasil chegou a 78,7 pontos de um total de 100 na escala utilizada pelo Fórum Econômico Mundial. Em 2013, o índice era de 72 pontos, e quanto mais perto de 100, maior a paridade. Mesmo com o aumento apresentado na última década, o ritmo tem sido bastante reduzido e, se mantido, serão necessários 131 anos para alcançar a igualdade entre homens e mulheres no Brasil.<br>Por isso, no <strong>mês do Dia Internacional das Mulheres</strong>, abrir espaço para debater os desafios da Igualdade de Gênero se torna ainda mais essencial. Participe do evento com lideranças femininas que compartilharão suas experiências e visões sobre o tema.</p>



<div class="wp-block-media-text is-stacked-on-mobile" style="grid-template-columns:28% auto"><figure class="wp-block-media-text__media"><img loading="lazy" decoding="async" width="200" height="200" src="https://www.swedcham.com.br/wp-content/uploads/2024/03/Patricia.jpeg" alt="" class="wp-image-27348 size-full" srcset="https://www.swedcham.com.br/wp-content/uploads/2024/03/Patricia.jpeg 200w, https://www.swedcham.com.br/wp-content/uploads/2024/03/Patricia-150x150.jpeg 150w, https://www.swedcham.com.br/wp-content/uploads/2024/03/Patricia-100x100.jpeg 100w" sizes="auto, (max-width: 200px) 100vw, 200px" /></figure><div class="wp-block-media-text__content">
<p><strong>Patricia Acioli Gontijo Mendes &#8211; </strong>Head Corporate Relations &amp; Sustainability Scania Latin America.<br>Com filho no currículo, Patricia é realizadora por natureza e executiva apaixonada por escrever, ler e interpretar, com experiência nas áreas de estratégias de novos negócios, engajamento de pessoas, construção de cultura, impacto social, sustentabilidade e comunicação, é formada em Jornalismo, com passagem pela imprensa e agências de PR, onde atuou na direção de operações e em projetos internacionais.</p>
</div></div>



<div class="wp-block-media-text is-stacked-on-mobile" style="grid-template-columns:28% auto"><figure class="wp-block-media-text__media"><img loading="lazy" decoding="async" width="386" height="401" src="https://www.swedcham.com.br/wp-content/uploads/2024/03/ap.png" alt="" class="wp-image-27350 size-full" srcset="https://www.swedcham.com.br/wp-content/uploads/2024/03/ap.png 386w, https://www.swedcham.com.br/wp-content/uploads/2024/03/ap-289x300.png 289w" sizes="auto, (max-width: 386px) 100vw, 386px" /></figure><div class="wp-block-media-text__content">
<p></p>



<p><strong>Ana Paula Cordeiro </strong>&#8211; Executiva sênior com mais de 25 anos de experiência internacional nos mercados de defesa, segurança e aeroespacial, com ênfase em desenvolvimento de mercados, industrialização e inovação tecnológica. Em sua carreira, Ana Paula atuou em projetos nas áreas de defesa e segurança na América Latina, América do Norte, Europa, Ásia e Oriente Médio. Atualmente Ana Paula é Vice Presidente da ICEYE, tendo sob sua responsabilidade o desenvolvimento do mercado latino americano para a líder finlandesa do segmento New Space.  </p>



<p></p>
</div></div>



<div class="wp-block-media-text is-stacked-on-mobile" style="grid-template-columns:29% auto"><figure class="wp-block-media-text__media"><img loading="lazy" decoding="async" width="250" height="230" src="https://www.swedcham.com.br/wp-content/uploads/2024/03/Ju-1.png" alt="" class="wp-image-27354 size-full"/></figure><div class="wp-block-media-text__content">
<p><strong>Juliana G. Meyer Gottardi &#8211; </strong> Cônsul Geral Honorária da Noruega em São Paulo, Diretora Jurídica da Swecham, Sócia-fundadora do escritório Pacheco Neto Sanden Teisseire (“PNST”) que representa alguns grupos nórdicos no Brasil; Conselheira da ONG Rede Cultural Beija Flor.</p>
</div></div>



<p></p>



<p><strong>Quando: </strong><br>Quinta-feira, 14 de março às 17:30</p>



<p><strong>Agenda:</strong><br>17:30 &#8211; Welcome Coffee<br>18:00 &#8211; Bem vindos &#8211; Jonas Lindström e Juliana Meyer<br>18:05 &#8211; Patricia Acioli<br>18:20 &#8211; Ana Paula Cordeiro<br>18:40 &#8211; Painel &#8211; Patricia, Ana Paula e Juliana Meyer<br>19:00/19:10 &#8211; Encerramento &#8211; Marta Mitico &#8211;&nbsp;Sócia-fundadora da BR-Visa Migration Solutions<br>19:10 &#8211; Happy Hour</p>



<p><strong>Onde:</strong><br><strong>Evento presencial &#8211;&nbsp;</strong>Swedcham &#8211; Rua Oscar Freire, 379 &#8211; cj 121&nbsp;</p>



<p><strong>Investimento:</strong><br><strong>Sem custo para associados da Swedcham, NBCC e Finncham</strong><br><strong>Não associados:</strong> R$80,00 &#8211; entrar em contato com a Swedcham</p>



<p><strong>Estacionamento:</strong><br>Recomendamos o estacionamento do Hotel Regent Park &#8211; Rua Oscar Freire, 533.</p>



<p></p>



<div class="wp-block-buttons is-layout-flex wp-block-buttons-is-layout-flex">
<div class="wp-block-button has-custom-width wp-block-button__width-75"><a class="wp-block-button__link has-background wp-element-button" href="https://docs.google.com/forms/d/e/1FAIpQLSfJoS9r35UEH-ZsFzV0hswZ6SlzPXhRUPffoUu8eVRnn2FDMw/viewform?vc=0&amp;c=0&amp;w=1&amp;flr=0" style="background-color:#072f47">Clique aqui para confirmar sua presença</a></div>
</div>

<p>A Câmara Sueca em parceria com a empresa associada &nbsp;BR-Visa Migration Solutions convidam para a palestra: Desafio de Igualdade Gênero</p>
