{"id":27270,"date":"2024-02-23T11:09:20","date_gmt":"2024-02-23T14:09:20","guid":{"rendered":"https:\/\/www.swedcham.com.br\/?post_type=product&#038;p=27270"},"modified":"2024-03-15T12:03:07","modified_gmt":"2024-03-15T15:03:07","slug":"brasil-2024","status":"publish","type":"product","link":"https:\/\/www.swedcham.com.br\/en\/product\/our-events\/brasil-2024\/","title":{"rendered":"Brazil 2024 &#8211; An\u00e1lises e Proje\u00e7\u00f5es para o ano"},"content":{"rendered":"\n<figure class=\"wp-block-embed is-type-video is-provider-youtube wp-block-embed-youtube wp-embed-aspect-16-9 wp-has-aspect-ratio\"><div class=\"wp-block-embed__wrapper\">\n<iframe loading=\"lazy\" title=\"Brazil 2024 - An\u00e1lises e Proje\u00e7\u00f5es para o ano\" width=\"640\" height=\"360\" src=\"https:\/\/www.youtube.com\/embed\/8Fek5WaBa5Y?feature=oembed\" frameborder=\"0\" allow=\"accelerometer; autoplay; clipboard-write; encrypted-media; gyroscope; picture-in-picture; web-share\" referrerpolicy=\"strict-origin-when-cross-origin\" allowfullscreen><\/iframe>\n<\/div><\/figure>\n\n\n\n<p>O ano de 2024 promete ser interessante no\u00a0cen\u00e1rio\u00a0econ\u00f4mico\u00a0e pol\u00edtico\u00a0global, impactando empresas de todas as escalas e setores. Um ambiente econ\u00f4mico em constante mudan\u00e7a exige que as empresas permane\u00e7am \u00e1geis, atualizadas e adapt\u00e1veis. <strong>Mas como podemos saber quais desafios ser\u00e3o os mais prementes? E quais oportunidades as empresas podem aproveitar nessa situa\u00e7\u00e3o?<\/strong><br><br>Este evento proporcionar\u00e1 uma vis\u00e3o macro do que a economia brasileira reserva para 2024. Analisaremos fatores como desempenho econ\u00f4mico, mudan\u00e7as de pol\u00edticas e novas reformas. Ele inclui apresenta\u00e7\u00f5es do\u00a0especialista\u00a0<strong>Fernando Honorato Barbosa &#8211;<\/strong>\u00a0Economista-chefe do Bradesco, seguido\u00a0de\u00a0estudos apresentados por <strong>Dany Rappaport &#8211;<\/strong>\u00a0CEO da Investport, e\u00a0<strong>Laurent Jadoul &#8211;<\/strong>\u00a0Head of Portfolio Allocation.<br>O painel\u00a0ser\u00e1 moderado por\u00a0<strong>Christian Meyer de Rezende<\/strong> &#8211; Chief Representative &amp; Area Manager Latam do Banco SEB e como convidada receberemos\u00a0 <strong>D\u00e9bora Miguel &#8211;<\/strong> Finance &amp; Tax Manager \u2013 Holding Latin America da Atlas Copco.<br><\/p>\n\n\n\n<p><strong>Quando:<\/strong><br>Ter\u00e7a-feira 27 de fevereiro- 18h<\/p>\n","protected":false},"excerpt":{"rendered":"<p>O ano de 2024 promete ser interessante no\u00a0cen\u00e1rio\u00a0econ\u00f4mico\u00a0e pol\u00edtico\u00a0global, impactando empresas de todas as escalas e setores. Um ambiente econ\u00f4mico<\/p>\n","protected":false},"featured_media":27267,"template":"","meta":[],"product_brand":[],"product_cat":[228],"product_tag":[],"class_list":{"0":"post-27270","1":"product","2":"type-product","3":"status-publish","4":"has-post-thumbnail","6":"product_cat-our-events","8":"first","9":"instock","10":"shipping-taxable","11":"product-type-simple"},"_links":{"self":[{"href":"https:\/\/www.swedcham.com.br\/en\/wp-json\/wp\/v2\/product\/27270","targetHints":{"allow":["GET"]}}],"collection":[{"href":"https:\/\/www.swedcham.com.br\/en\/wp-json\/wp\/v2\/product"}],"about":[{"href":"https:\/\/www.swedcham.com.br\/en\/wp-json\/wp\/v2\/types\/product"}],"wp:featuredmedia":[{"embeddable":true,"href":"https:\/\/www.swedcham.com.br\/en\/wp-json\/wp\/v2\/media\/27267"}],"wp:attachment":[{"href":"https:\/\/www.swedcham.com.br\/en\/wp-json\/wp\/v2\/media?parent=27270"}],"wp:term":[{"taxonomy":"product_brand","embeddable":true,"href":"https:\/\/www.swedcham.com.br\/en\/wp-json\/wp\/v2\/product_brand?post=27270"},{"taxonomy":"product_cat","embeddable":true,"href":"https:\/\/www.swedcham.com.br\/en\/wp-json\/wp\/v2\/product_cat?post=27270"},{"taxonomy":"product_tag","embeddable":true,"href":"https:\/\/www.swedcham.com.br\/en\/wp-json\/wp\/v2\/product_tag?post=27270"}],"curies":[{"name":"wp","href":"https:\/\/api.w.org\/{rel}","templated":true}]}}

Brazil 2024 &#8211; Análises e Projeções para o ano

<figure class="wp-block-embed is-type-video is-provider-youtube wp-block-embed-youtube wp-embed-aspect-16-9 wp-has-aspect-ratio"><div class="wp-block-embed__wrapper">
<iframe loading="lazy" title="Brazil 2024 - Análises e Projeções para o ano" width="640" height="360" src="https://www.youtube.com/embed/8Fek5WaBa5Y?feature=oembed" frameborder="0" allow="accelerometer; autoplay; clipboard-write; encrypted-media; gyroscope; picture-in-picture; web-share" referrerpolicy="strict-origin-when-cross-origin" allowfullscreen></iframe>
</div></figure>



<p>O ano de 2024 promete ser interessante no cenário econômico e político global, impactando empresas de todas as escalas e setores. Um ambiente econômico em constante mudança exige que as empresas permaneçam ágeis, atualizadas e adaptáveis. <strong>Mas como podemos saber quais desafios serão os mais prementes? E quais oportunidades as empresas podem aproveitar nessa situação?</strong><br><br>Este evento proporcionará uma visão macro do que a economia brasileira reserva para 2024. Analisaremos fatores como desempenho econômico, mudanças de políticas e novas reformas. Ele inclui apresentações do especialista <strong>Fernando Honorato Barbosa &#8211;</strong> Economista-chefe do Bradesco, seguido de estudos apresentados por <strong>Dany Rappaport &#8211;</strong> CEO da Investport, e <strong>Laurent Jadoul &#8211;</strong> Head of Portfolio Allocation.<br>O painel será moderado por <strong>Christian Meyer de Rezende</strong> &#8211; Chief Representative &amp; Area Manager Latam do Banco SEB e como convidada receberemos  <strong>Débora Miguel &#8211;</strong> Finance &amp; Tax Manager – Holding Latin America da Atlas Copco.<br></p>



<p><strong>Quando:</strong><br>Terça-feira 27 de fevereiro- 18h</p>

<p>O ano de 2024 promete ser interessante no cenário econômico e político global, impactando empresas de todas as escalas e setores. Um ambiente econômico</p>
