{"id":27049,"date":"2023-12-06T10:53:25","date_gmt":"2023-12-06T13:53:25","guid":{"rendered":"https:\/\/www.swedcham.com.br\/?post_type=product&#038;p=27049"},"modified":"2023-12-18T10:01:39","modified_gmt":"2023-12-18T13:01:39","slug":"almoco-de-confraternizacao","status":"publish","type":"product","link":"https:\/\/www.swedcham.com.br\/en\/product\/our-events\/almoco-de-confraternizacao\/","title":{"rendered":"Almo\u00e7o de confraterniza\u00e7\u00e3o"},"content":{"rendered":"\n<figure class=\"wp-block-image size-large\"><a href=\"https:\/\/www.swedcham.com.br\/wp-content\/uploads\/2023\/11\/Menta-com-Borda-Almoco-Convite-4.png\"><img loading=\"lazy\" decoding=\"async\" width=\"1024\" height=\"1024\" src=\"https:\/\/www.swedcham.com.br\/wp-content\/uploads\/2023\/11\/Menta-com-Borda-Almoco-Convite-4-1024x1024.png\" alt=\"\" class=\"wp-image-27043\" srcset=\"https:\/\/www.swedcham.com.br\/wp-content\/uploads\/2023\/11\/Menta-com-Borda-Almoco-Convite-4-1024x1024.png 1024w, https:\/\/www.swedcham.com.br\/wp-content\/uploads\/2023\/11\/Menta-com-Borda-Almoco-Convite-4-300x300.png 300w, https:\/\/www.swedcham.com.br\/wp-content\/uploads\/2023\/11\/Menta-com-Borda-Almoco-Convite-4-150x150.png 150w, https:\/\/www.swedcham.com.br\/wp-content\/uploads\/2023\/11\/Menta-com-Borda-Almoco-Convite-4-768x768.png 768w, https:\/\/www.swedcham.com.br\/wp-content\/uploads\/2023\/11\/Menta-com-Borda-Almoco-Convite-4-1536x1536.png 1536w, https:\/\/www.swedcham.com.br\/wp-content\/uploads\/2023\/11\/Menta-com-Borda-Almoco-Convite-4-600x600.png 600w, https:\/\/www.swedcham.com.br\/wp-content\/uploads\/2023\/11\/Menta-com-Borda-Almoco-Convite-4-100x100.png 100w, https:\/\/www.swedcham.com.br\/wp-content\/uploads\/2023\/11\/Menta-com-Borda-Almoco-Convite-4.png 1654w\" sizes=\"auto, (max-width: 1024px) 100vw, 1024px\" \/><\/a><\/figure>\n\n\n\n<p><\/p>\n","protected":false},"excerpt":{"rendered":"","protected":false},"featured_media":27064,"template":"","meta":[],"product_brand":[],"product_cat":[228],"product_tag":[],"class_list":{"0":"post-27049","1":"product","2":"type-product","3":"status-publish","4":"has-post-thumbnail","6":"product_cat-our-events","8":"first","9":"instock","10":"shipping-taxable","11":"purchasable","12":"product-type-variable"},"_links":{"self":[{"href":"https:\/\/www.swedcham.com.br\/en\/wp-json\/wp\/v2\/product\/27049","targetHints":{"allow":["GET"]}}],"collection":[{"href":"https:\/\/www.swedcham.com.br\/en\/wp-json\/wp\/v2\/product"}],"about":[{"href":"https:\/\/www.swedcham.com.br\/en\/wp-json\/wp\/v2\/types\/product"}],"wp:featuredmedia":[{"embeddable":true,"href":"https:\/\/www.swedcham.com.br\/en\/wp-json\/wp\/v2\/media\/27064"}],"wp:attachment":[{"href":"https:\/\/www.swedcham.com.br\/en\/wp-json\/wp\/v2\/media?parent=27049"}],"wp:term":[{"taxonomy":"product_brand","embeddable":true,"href":"https:\/\/www.swedcham.com.br\/en\/wp-json\/wp\/v2\/product_brand?post=27049"},{"taxonomy":"product_cat","embeddable":true,"href":"https:\/\/www.swedcham.com.br\/en\/wp-json\/wp\/v2\/product_cat?post=27049"},{"taxonomy":"product_tag","embeddable":true,"href":"https:\/\/www.swedcham.com.br\/en\/wp-json\/wp\/v2\/product_tag?post=27049"}],"curies":[{"name":"wp","href":"https:\/\/api.w.org\/{rel}","templated":true}]}}

Almoço de confraternização
