{"id":27039,"date":"2023-11-04T14:37:36","date_gmt":"2023-11-04T17:37:36","guid":{"rendered":"https:\/\/www.swedcham.com.br\/?post_type=product&#038;p=27039"},"modified":"2023-11-21T11:04:09","modified_gmt":"2023-11-21T14:04:09","slug":"contos-imprevidenciarios-e-o-futuro-chegou","status":"publish","type":"product","link":"https:\/\/www.swedcham.com.br\/en\/product\/our-events\/contos-imprevidenciarios-e-o-futuro-chegou\/","title":{"rendered":"CONTOS IMPREVIDENCI\u00c1RIOS: e o futuro chegou."},"content":{"rendered":"\n<figure class=\"wp-block-embed is-type-video is-provider-youtube wp-block-embed-youtube wp-embed-aspect-16-9 wp-has-aspect-ratio\"><div class=\"wp-block-embed__wrapper\">\n<iframe loading=\"lazy\" title=\"CONTOS IMPREVIDENCI\u00c1RIOS: e o futuro chegou.\" width=\"640\" height=\"360\" src=\"https:\/\/www.youtube.com\/embed\/ek5ZqwprVmM?feature=oembed\" frameborder=\"0\" allow=\"accelerometer; autoplay; clipboard-write; encrypted-media; gyroscope; picture-in-picture; web-share\" referrerpolicy=\"strict-origin-when-cross-origin\" allowfullscreen><\/iframe>\n<\/div><\/figure>\n\n\n\n<p><strong>Juliana Paula Silva Moretto&nbsp;<\/strong>viveu na Su\u00e9cia por um ano, onde estudou e aprendeu muito sobre a cultura e o idioma daquele pa\u00eds. De volta ao Brasil, graduou-se em Direito e anos mais tarde ingressou nos quadros da Justi\u00e7a Federal, onde trabalha&nbsp;h\u00e1 muitos anos. Na \u00faltima d\u00e9cada t\u00eam assessorado em processos judiciais envolvendo quest\u00f5es previdenci\u00e1rias dos mais variados tipos, as quais evidenciam a aus\u00eancia de previd\u00eancia e\/ou prud\u00eancia em rela\u00e7\u00e3o ao futuro, o qual chega at\u00e9 as pessoas e as encontra de m\u00e3os total ou parcialmente vazias, acarretando imensas dificuldades para o segurado e seus familiares.<br>Inspirada no seu dia a dia laboral e atenta \u00e0s peculiaridades existentes entre o Brasil e a Su\u00e9cia, escreveu o livro&nbsp;<em><strong>CONTOS IMPREVIDENCI\u00c1RIOS: e o futuro chegou<\/strong><\/em>, o qual trata sobre a imprevid\u00eancia de muitos personagens e os dramas por eles vividos, ao mesmo tempo que convida o leitor a refletir sobre os desafios sociais trazidos pela imposi\u00e7\u00e3o da demografia l\u00e1 e c\u00e1.<\/p>\n\n\n\n<div class=\"wp-block-media-text is-stacked-on-mobile\" style=\"grid-template-columns:20% auto\"><figure class=\"wp-block-media-text__media\"><img loading=\"lazy\" decoding=\"async\" width=\"683\" height=\"1024\" src=\"https:\/\/www.swedcham.com.br\/wp-content\/uploads\/2023\/11\/juliana-683x1024.jpg\" alt=\"\" class=\"wp-image-27037 size-full\" srcset=\"https:\/\/www.swedcham.com.br\/wp-content\/uploads\/2023\/11\/juliana-683x1024.jpg 683w, https:\/\/www.swedcham.com.br\/wp-content\/uploads\/2023\/11\/juliana-200x300.jpg 200w, https:\/\/www.swedcham.com.br\/wp-content\/uploads\/2023\/11\/juliana-600x900.jpg 600w, https:\/\/www.swedcham.com.br\/wp-content\/uploads\/2023\/11\/juliana.jpg 720w\" sizes=\"auto, (max-width: 683px) 100vw, 683px\" \/><\/figure><div class=\"wp-block-media-text__content\">\n<p><strong>Juliana Paula Silva Moretto&nbsp;<\/strong>trabalha como Analista Judici\u00e1rio no Tribunal Regional Federal da 4a Regi\u00e3o. Tamb\u00e9m j\u00e1 foi servidora do Tribunal de Justi\u00e7a de Santa Catarina e do Tribunal Regional do Trabalho da 12\u00aa Regi\u00e3o. Al\u00e9m disso, j\u00e1 fez est\u00e1gios na Vara da Inf\u00e2ncia e Juventude e Penitenci\u00e1ria Estadual de Santa Catarina.&nbsp;Casada e m\u00e3e de dois meninos, tamb\u00e9m \u00e9 colaboradora volunt\u00e1ria da Funda\u00e7\u00e3o Logos\u00f3fica em Prol da Supera\u00e7\u00e3o Humana h\u00e1 duas d\u00e9cadas.<\/p>\n<\/div><\/div>\n\n\n\n<p><\/p>\n","protected":false},"excerpt":{"rendered":"<p>Juliana Paula Silva Moretto&nbsp;viveu na Su\u00e9cia por um ano, onde estudou e aprendeu muito sobre a cultura e o idioma<\/p>\n","protected":false},"featured_media":27041,"template":"","meta":[],"product_brand":[],"product_cat":[228],"product_tag":[],"class_list":{"0":"post-27039","1":"product","2":"type-product","3":"status-publish","4":"has-post-thumbnail","6":"product_cat-our-events","8":"first","9":"instock","10":"shipping-taxable","11":"product-type-simple"},"_links":{"self":[{"href":"https:\/\/www.swedcham.com.br\/en\/wp-json\/wp\/v2\/product\/27039","targetHints":{"allow":["GET"]}}],"collection":[{"href":"https:\/\/www.swedcham.com.br\/en\/wp-json\/wp\/v2\/product"}],"about":[{"href":"https:\/\/www.swedcham.com.br\/en\/wp-json\/wp\/v2\/types\/product"}],"wp:featuredmedia":[{"embeddable":true,"href":"https:\/\/www.swedcham.com.br\/en\/wp-json\/wp\/v2\/media\/27041"}],"wp:attachment":[{"href":"https:\/\/www.swedcham.com.br\/en\/wp-json\/wp\/v2\/media?parent=27039"}],"wp:term":[{"taxonomy":"product_brand","embeddable":true,"href":"https:\/\/www.swedcham.com.br\/en\/wp-json\/wp\/v2\/product_brand?post=27039"},{"taxonomy":"product_cat","embeddable":true,"href":"https:\/\/www.swedcham.com.br\/en\/wp-json\/wp\/v2\/product_cat?post=27039"},{"taxonomy":"product_tag","embeddable":true,"href":"https:\/\/www.swedcham.com.br\/en\/wp-json\/wp\/v2\/product_tag?post=27039"}],"curies":[{"name":"wp","href":"https:\/\/api.w.org\/{rel}","templated":true}]}}

CONTOS IMPREVIDENCIÁRIOS: e o futuro chegou.

<figure class="wp-block-embed is-type-video is-provider-youtube wp-block-embed-youtube wp-embed-aspect-16-9 wp-has-aspect-ratio"><div class="wp-block-embed__wrapper">
<iframe loading="lazy" title="CONTOS IMPREVIDENCIÁRIOS: e o futuro chegou." width="640" height="360" src="https://www.youtube.com/embed/ek5ZqwprVmM?feature=oembed" frameborder="0" allow="accelerometer; autoplay; clipboard-write; encrypted-media; gyroscope; picture-in-picture; web-share" referrerpolicy="strict-origin-when-cross-origin" allowfullscreen></iframe>
</div></figure>



<p><strong>Juliana Paula Silva Moretto&nbsp;</strong>viveu na Suécia por um ano, onde estudou e aprendeu muito sobre a cultura e o idioma daquele país. De volta ao Brasil, graduou-se em Direito e anos mais tarde ingressou nos quadros da Justiça Federal, onde trabalha&nbsp;há muitos anos. Na última década têm assessorado em processos judiciais envolvendo questões previdenciárias dos mais variados tipos, as quais evidenciam a ausência de previdência e/ou prudência em relação ao futuro, o qual chega até as pessoas e as encontra de mãos total ou parcialmente vazias, acarretando imensas dificuldades para o segurado e seus familiares.<br>Inspirada no seu dia a dia laboral e atenta às peculiaridades existentes entre o Brasil e a Suécia, escreveu o livro&nbsp;<em><strong>CONTOS IMPREVIDENCIÁRIOS: e o futuro chegou</strong></em>, o qual trata sobre a imprevidência de muitos personagens e os dramas por eles vividos, ao mesmo tempo que convida o leitor a refletir sobre os desafios sociais trazidos pela imposição da demografia lá e cá.</p>



<div class="wp-block-media-text is-stacked-on-mobile" style="grid-template-columns:20% auto"><figure class="wp-block-media-text__media"><img loading="lazy" decoding="async" width="683" height="1024" src="https://www.swedcham.com.br/wp-content/uploads/2023/11/juliana-683x1024.jpg" alt="" class="wp-image-27037 size-full" srcset="https://www.swedcham.com.br/wp-content/uploads/2023/11/juliana-683x1024.jpg 683w, https://www.swedcham.com.br/wp-content/uploads/2023/11/juliana-200x300.jpg 200w, https://www.swedcham.com.br/wp-content/uploads/2023/11/juliana-600x900.jpg 600w, https://www.swedcham.com.br/wp-content/uploads/2023/11/juliana.jpg 720w" sizes="auto, (max-width: 683px) 100vw, 683px" /></figure><div class="wp-block-media-text__content">
<p><strong>Juliana Paula Silva Moretto&nbsp;</strong>trabalha como Analista Judiciário no Tribunal Regional Federal da 4a Região. Também já foi servidora do Tribunal de Justiça de Santa Catarina e do Tribunal Regional do Trabalho da 12ª Região. Além disso, já fez estágios na Vara da Infância e Juventude e Penitenciária Estadual de Santa Catarina.&nbsp;Casada e mãe de dois meninos, também é colaboradora voluntária da Fundação Logosófica em Prol da Superação Humana há duas décadas.</p>
</div></div>



<p></p>

<p>Juliana Paula Silva Moretto&nbsp;viveu na Suécia por um ano, onde estudou e aprendeu muito sobre a cultura e o idioma</p>
