{"id":26964,"date":"2023-10-19T12:00:12","date_gmt":"2023-10-19T15:00:12","guid":{"rendered":"https:\/\/www.swedcham.com.br\/?post_type=product&#038;p=26964"},"modified":"2023-10-20T14:17:47","modified_gmt":"2023-10-20T17:17:47","slug":"combate-ao-assedio-no-trabalho-como-as-empresas-estao-se-adaptando-a-lei-14-457-22","status":"publish","type":"product","link":"https:\/\/www.swedcham.com.br\/en\/product\/our-events\/combate-ao-assedio-no-trabalho-como-as-empresas-estao-se-adaptando-a-lei-14-457-22\/","title":{"rendered":"Combate ao ass\u00e9dio no trabalho: Como as empresas est\u00e3o se adaptando \u00e0 lei 14.457\/22"},"content":{"rendered":"\n<p><\/p>\n\n\n\n<figure class=\"wp-block-image size-large is-resized\"><a href=\"https:\/\/resources.llorenteycuenca.com\/pt-br\/evento-llyc-assedio-no-trabalho?utm_campaign=SUR_COMUNICACI%C3%93N%20COMERCIAL&amp;utm_medium=email&amp;_hsmi=2&amp;_hsenc=p2ANqtz-9VpWFmK-a0Bg8v7vECs2Pi8-DHxMt3L8kPq3aKhH0gYk-ryEt7h09yxnT0RPXR7hOWkQvi9zeFypcx57NTcBEeUVItLZkAZ7ySCQXjMwTUKwru0yM&amp;utm_content=2&amp;utm_source=hs_email\"><img loading=\"lazy\" decoding=\"async\" width=\"425\" height=\"1024\" src=\"https:\/\/www.swedcham.com.br\/wp-content\/uploads\/2023\/10\/LLYC_CS_Assedio-2-1-425x1024.png\" alt=\"\" class=\"wp-image-27009\" style=\"aspect-ratio:0.4150390625;width:479px;height:auto\" srcset=\"https:\/\/www.swedcham.com.br\/wp-content\/uploads\/2023\/10\/LLYC_CS_Assedio-2-1-425x1024.png 425w, https:\/\/www.swedcham.com.br\/wp-content\/uploads\/2023\/10\/LLYC_CS_Assedio-2-1-125x300.png 125w, https:\/\/www.swedcham.com.br\/wp-content\/uploads\/2023\/10\/LLYC_CS_Assedio-2-1-768x1849.png 768w, https:\/\/www.swedcham.com.br\/wp-content\/uploads\/2023\/10\/LLYC_CS_Assedio-2-1-638x1536.png 638w, https:\/\/www.swedcham.com.br\/wp-content\/uploads\/2023\/10\/LLYC_CS_Assedio-2-1-851x2048.png 851w, https:\/\/www.swedcham.com.br\/wp-content\/uploads\/2023\/10\/LLYC_CS_Assedio-2-1-600x1444.png 600w, https:\/\/www.swedcham.com.br\/wp-content\/uploads\/2023\/10\/LLYC_CS_Assedio-2-1.png 1080w\" sizes=\"auto, (max-width: 425px) 100vw, 425px\" \/><\/a><\/figure>\n","protected":false},"excerpt":{"rendered":"","protected":false},"featured_media":26997,"template":"","meta":[],"product_brand":[],"product_cat":[228],"product_tag":[],"class_list":{"0":"post-26964","1":"product","2":"type-product","3":"status-publish","4":"has-post-thumbnail","6":"product_cat-our-events","8":"first","9":"instock","10":"shipping-taxable","11":"product-type-simple"},"_links":{"self":[{"href":"https:\/\/www.swedcham.com.br\/en\/wp-json\/wp\/v2\/product\/26964","targetHints":{"allow":["GET"]}}],"collection":[{"href":"https:\/\/www.swedcham.com.br\/en\/wp-json\/wp\/v2\/product"}],"about":[{"href":"https:\/\/www.swedcham.com.br\/en\/wp-json\/wp\/v2\/types\/product"}],"wp:featuredmedia":[{"embeddable":true,"href":"https:\/\/www.swedcham.com.br\/en\/wp-json\/wp\/v2\/media\/26997"}],"wp:attachment":[{"href":"https:\/\/www.swedcham.com.br\/en\/wp-json\/wp\/v2\/media?parent=26964"}],"wp:term":[{"taxonomy":"product_brand","embeddable":true,"href":"https:\/\/www.swedcham.com.br\/en\/wp-json\/wp\/v2\/product_brand?post=26964"},{"taxonomy":"product_cat","embeddable":true,"href":"https:\/\/www.swedcham.com.br\/en\/wp-json\/wp\/v2\/product_cat?post=26964"},{"taxonomy":"product_tag","embeddable":true,"href":"https:\/\/www.swedcham.com.br\/en\/wp-json\/wp\/v2\/product_tag?post=26964"}],"curies":[{"name":"wp","href":"https:\/\/api.w.org\/{rel}","templated":true}]}}

Combate ao assédio no trabalho: Como as empresas estão se adaptando à lei 14.457/22
