{"id":26691,"date":"2023-08-25T11:10:24","date_gmt":"2023-08-25T14:10:24","guid":{"rendered":"https:\/\/www.swedcham.com.br\/?post_type=product&#038;p=26691"},"modified":"2023-08-25T11:10:26","modified_gmt":"2023-08-25T14:10:26","slug":"usando-tecnologias-do-futuro-nos-dias-de-hoje-swedcham-nexer-microsoft","status":"publish","type":"product","link":"https:\/\/www.swedcham.com.br\/en\/product\/our-events\/usando-tecnologias-do-futuro-nos-dias-de-hoje-swedcham-nexer-microsoft\/","title":{"rendered":"Usando tecnologias do futuro nos dias de hoje &#8211; Swedcham &#8211; Nexer &#8211; Microsoft\u00a0"},"content":{"rendered":"\n<figure class=\"wp-block-image\"><a href=\"https:\/\/www.swedcham.com.br\/wp-admin\/edit.php?post_type=product\"><img decoding=\"async\" src=\"https:\/\/www.swedcham.com.br\/wp-content\/uploads\/2021\/09\/favicon.png\" alt=\"\u00cdcone do site\"\/><\/a><\/figure>\n\n\n\n<p><em><strong>Swedcham<\/strong><\/em> em parceria com a <em><strong>Nexer<\/strong><\/em> promovem na <em><strong>Microsoft<\/strong><\/em> em S\u00e3o Paulo um encontro cheio de tecnologia e inova\u00e7\u00e3o.<br><\/p>\n\n\n\n<p><strong>Usando tecnologias do futuro nos dias de hoje<br>para&nbsp;obter os melhores resultados nos neg\u00f3cios<\/strong><\/p>\n\n\n\n<p>Uma conversa sobre tend\u00eancias tecnol\u00f3gicas que j\u00e1 s\u00e3o realidade em diversos cen\u00e1rios.<\/p>\n\n\n\n<p>Conhe\u00e7a as melhores solu\u00e7\u00f5es baseadas em IA projetadas para ajudar empresas a ampliarem a sua efici\u00eancia, atrav\u00e9s do uso de <strong>dados, machine learning e processos digitais<\/strong>, solucionando problemas reais dos departamentos, oferecendo para os usu\u00e1rios a mais moderna experi\u00eancia.<\/p>\n\n\n\n<p>Atrav\u00e9s de solu\u00e7\u00f5es <strong>Microsoft<\/strong> altamente modernas e integradas, a <strong>NEXER<\/strong> conecta empresas com solu\u00e7\u00f5es simples usando <strong>Low Code\/No Code <\/strong>nodesenvolvimento de aplicativos que conversam com todos os sistemas.<\/p>\n\n\n\n<p><em><strong>Os especialistas Marcondes Faria, Marcelo Fernandes, George Pinheiro, Cl\u00f3vis Moro e Sergio Quiroga compartilham suas experi\u00eancias e possibilidades com o uso de IA. Vamos explorar juntos o que as tecnologias do futuro t\u00eam a oferecer, e como elas podem ser aplicadas com sucesso no mundo dos neg\u00f3cios.<\/strong><\/em><br><br><strong>Evento exclusivo para associados! Vagas limitadas!<\/strong><br><\/p>\n\n\n\n<p><strong>Quando<\/strong><br>Segunda-feira, 28 de agosto \u00e0s 14:00h<\/p>\n\n\n\n<p><strong>Onde:<\/strong><\/p>\n\n\n\n<p><strong>Microsoft Brasil &#8211;&nbsp;<\/strong>Avenida Presidente Juscelino Kubitscheck, 1909 Torre Sul, 16\u00b0 andar<br>Vila Nova Concei\u00e7\u00e3o, S\u00e3o Paulo &#8211; SP, 04543-907<br><br><strong>Estacionamento:<\/strong><br><br>No local<\/p>\n\n\n\n<div class=\"wp-block-buttons is-content-justification-center is-layout-flex wp-container-core-buttons-is-layout-16018d1d wp-block-buttons-is-layout-flex\">\n<div class=\"wp-block-button has-custom-width wp-block-button__width-100\"><a class=\"wp-block-button__link has-background wp-element-button\" href=\"https:\/\/docs.google.com\/forms\/d\/e\/1FAIpQLSciJhUaPAB-K2SIfmhQb0wR4JxPRi__F5-lFyaEKSoA2dpd9Q\/viewform?vc=0&amp;c=0&amp;w=1&amp;flr=0\" style=\"background-color:#04486f\">Clique aqui para confirmar a sua presen\u00e7a!<\/a><\/div>\n<\/div>\n","protected":false},"excerpt":{"rendered":"<p>Swedcham em parceria com a Nexer promovem na Microsoft em S\u00e3o Paulo um encontro cheio de tecnologia e inova\u00e7\u00e3o. Usando<\/p>\n","protected":false},"featured_media":26690,"template":"","meta":[],"product_brand":[],"product_cat":[228],"product_tag":[],"class_list":{"0":"post-26691","1":"product","2":"type-product","3":"status-publish","4":"has-post-thumbnail","6":"product_cat-our-events","8":"first","9":"instock","10":"shipping-taxable","11":"product-type-simple"},"_links":{"self":[{"href":"https:\/\/www.swedcham.com.br\/en\/wp-json\/wp\/v2\/product\/26691","targetHints":{"allow":["GET"]}}],"collection":[{"href":"https:\/\/www.swedcham.com.br\/en\/wp-json\/wp\/v2\/product"}],"about":[{"href":"https:\/\/www.swedcham.com.br\/en\/wp-json\/wp\/v2\/types\/product"}],"wp:featuredmedia":[{"embeddable":true,"href":"https:\/\/www.swedcham.com.br\/en\/wp-json\/wp\/v2\/media\/26690"}],"wp:attachment":[{"href":"https:\/\/www.swedcham.com.br\/en\/wp-json\/wp\/v2\/media?parent=26691"}],"wp:term":[{"taxonomy":"product_brand","embeddable":true,"href":"https:\/\/www.swedcham.com.br\/en\/wp-json\/wp\/v2\/product_brand?post=26691"},{"taxonomy":"product_cat","embeddable":true,"href":"https:\/\/www.swedcham.com.br\/en\/wp-json\/wp\/v2\/product_cat?post=26691"},{"taxonomy":"product_tag","embeddable":true,"href":"https:\/\/www.swedcham.com.br\/en\/wp-json\/wp\/v2\/product_tag?post=26691"}],"curies":[{"name":"wp","href":"https:\/\/api.w.org\/{rel}","templated":true}]}}

<figure class="wp-block-image"><a href="https://www.swedcham.com.br/wp-admin/edit.php?post_type=product"><img decoding="async" src="https://www.swedcham.com.br/wp-content/uploads/2021/09/favicon.png" alt="Ícone do site"/></a></figure>



<p><em><strong>Swedcham</strong></em> em parceria com a <em><strong>Nexer</strong></em> promovem na <em><strong>Microsoft</strong></em> em São Paulo um encontro cheio de tecnologia e inovação.<br></p>



<p><strong>Usando tecnologias do futuro nos dias de hoje<br>para&nbsp;obter os melhores resultados nos negócios</strong></p>



<p>Uma conversa sobre tendências tecnológicas que já são realidade em diversos cenários.</p>



<p>Conheça as melhores soluções baseadas em IA projetadas para ajudar empresas a ampliarem a sua eficiência, através do uso de <strong>dados, machine learning e processos digitais</strong>, solucionando problemas reais dos departamentos, oferecendo para os usuários a mais moderna experiência.</p>



<p>Através de soluções <strong>Microsoft</strong> altamente modernas e integradas, a <strong>NEXER</strong> conecta empresas com soluções simples usando <strong>Low Code/No Code </strong>nodesenvolvimento de aplicativos que conversam com todos os sistemas.</p>



<p><em><strong>Os especialistas Marcondes Faria, Marcelo Fernandes, George Pinheiro, Clóvis Moro e Sergio Quiroga compartilham suas experiências e possibilidades com o uso de IA. Vamos explorar juntos o que as tecnologias do futuro têm a oferecer, e como elas podem ser aplicadas com sucesso no mundo dos negócios.</strong></em><br><br><strong>Evento exclusivo para associados! Vagas limitadas!</strong><br></p>



<p><strong>Quando</strong><br>Segunda-feira, 28 de agosto às 14:00h</p>



<p><strong>Onde:</strong></p>



<p><strong>Microsoft Brasil &#8211;&nbsp;</strong>Avenida Presidente Juscelino Kubitscheck, 1909 Torre Sul, 16° andar<br>Vila Nova Conceição, São Paulo &#8211; SP, 04543-907<br><br><strong>Estacionamento:</strong><br><br>No local</p>



<div class="wp-block-buttons is-content-justification-center is-layout-flex wp-container-core-buttons-is-layout-16018d1d wp-block-buttons-is-layout-flex">
<div class="wp-block-button has-custom-width wp-block-button__width-100"><a class="wp-block-button__link has-background wp-element-button" href="https://docs.google.com/forms/d/e/1FAIpQLSciJhUaPAB-K2SIfmhQb0wR4JxPRi__F5-lFyaEKSoA2dpd9Q/viewform?vc=0&amp;c=0&amp;w=1&amp;flr=0" style="background-color:#04486f">Clique aqui para confirmar a sua presença!</a></div>
</div>

<p>Swedcham em parceria com a Nexer promovem na Microsoft em São Paulo um encontro cheio de tecnologia e inovação. Usando</p>
