{"id":26629,"date":"2023-08-04T14:24:59","date_gmt":"2023-08-04T17:24:59","guid":{"rendered":"https:\/\/www.swedcham.com.br\/uncategorized\/comite-de-inovacao-e-sustentabilidade\/"},"modified":"2023-08-16T09:50:55","modified_gmt":"2023-08-16T12:50:55","slug":"comite-de-inovacao-e-sustentabilidade","status":"publish","type":"product","link":"https:\/\/www.swedcham.com.br\/en\/product\/our-events\/comite-de-inovacao-e-sustentabilidade\/","title":{"rendered":"Direitos Humanos e Empresas: princ\u00edpios e desafios"},"content":{"rendered":"\n<p><strong>Comit\u00ea de Inova\u00e7\u00e3o e Sustentabilidade<\/strong><\/p>\n\n\n\n<figure class=\"wp-block-embed is-type-video is-provider-youtube wp-block-embed-youtube wp-embed-aspect-16-9 wp-has-aspect-ratio\"><div class=\"wp-block-embed__wrapper\">\n<iframe loading=\"lazy\" title=\"Direitos Humanos e Empresas: princ\u00edpios e desafios em um mundo em movimento\" width=\"640\" height=\"360\" src=\"https:\/\/www.youtube.com\/embed\/eh1_Pufk41M?feature=oembed\" frameborder=\"0\" allow=\"accelerometer; autoplay; clipboard-write; encrypted-media; gyroscope; picture-in-picture; web-share\" referrerpolicy=\"strict-origin-when-cross-origin\" allowfullscreen><\/iframe>\n<\/div><\/figure>\n\n\n\n<p><strong>Direitos Humanos e Empresas: princ\u00edpios e desafios em um mundo em movimento<\/strong><\/p>\n\n\n\n<p>O crescimento da agenda ESG, suas constantes novas regulamenta\u00e7\u00f5es, e ainda o est\u00edmulo e press\u00e3o de investidores, clientes e do mercado para que empresas adotem princ\u00edpios \u00e9ticos em suas atividades trouxe ainda mais \u00e0 tona a necessidade de empresas constru\u00edrem uma jornada assertiva a respeito aos Direitos Humanos aplic\u00e1veis aos neg\u00f3cios. De auditorias de fornecedores a implementa\u00e7\u00e3o de pol\u00edticas internas, o tema ganha relev\u00e2ncia especial no momento em que o Brasil retoma a agenda de sustentabilidade como pol\u00edtica p\u00fablica, enquanto ainda apresenta um cen\u00e1rio desafiante de desigualdade e viol\u00eancia. Como conciliar a atividade empresarial com a preserva\u00e7\u00e3o desses direitos?<\/p>\n\n\n\n<p>Esperamos por voc\u00eas!<br>Karin Vecchiatti\u00a0<br>Coordenadora do Comit\u00ea<\/p>\n\n\n\n<div class=\"wp-block-media-text alignwide is-stacked-on-mobile\" style=\"grid-template-columns:24% auto\"><figure class=\"wp-block-media-text__media\"><img loading=\"lazy\" decoding=\"async\" width=\"267\" height=\"300\" src=\"https:\/\/www.swedcham.com.br\/wp-content\/uploads\/2023\/08\/DSCerib6013web2-267x300.jpg\" alt=\"\" class=\"wp-image-26643 size-medium\" srcset=\"https:\/\/www.swedcham.com.br\/wp-content\/uploads\/2023\/08\/DSCerib6013web2-267x300.jpg 267w, https:\/\/www.swedcham.com.br\/wp-content\/uploads\/2023\/08\/DSCerib6013web2-910x1024.jpg 910w, https:\/\/www.swedcham.com.br\/wp-content\/uploads\/2023\/08\/DSCerib6013web2-768x864.jpg 768w, https:\/\/www.swedcham.com.br\/wp-content\/uploads\/2023\/08\/DSCerib6013web2-600x675.jpg 600w, https:\/\/www.swedcham.com.br\/wp-content\/uploads\/2023\/08\/DSCerib6013web2.jpg 1246w\" sizes=\"auto, (max-width: 267px) 100vw, 267px\" \/><\/figure><div class=\"wp-block-media-text__content\">\n<p><strong>Bruno Ferraz de Camargo<\/strong>&nbsp;\u00e9 advogado brasileiro e europeu, mestre em direito empresarial internacional pela Universidade de Tilburg, e certificado em economia regenerativa pelo Capital Institute. Especialista em \u00e9tica empresarial, atualmente \u00e9 o Global ESG Counsel da empresa sueca Getinge AB e membro da Global Alliance of Impact Lawyers (GAIL)&nbsp; e Business and Human Rights Lawyers Association (BHRLA) &#8211; al\u00e9m de permacultor e agroecologista, fundador do projeto Pakov\u00e1 Kat\u00fa (<a rel=\"noreferrer noopener\" href=\"https:\/\/swedcham.us11.list-manage.com\/track\/click?u=9a53a6aa1cef2bc498bbe264b&amp;id=bbd1b542ad&amp;e=7fe8640fb8\" target=\"_blank\">www.pakova.com.br<\/a>).<\/p>\n\n\n\n<div class=\"wp-block-buttons is-layout-flex wp-block-buttons-is-layout-flex\">\n\n<\/div>\n<\/div><\/div>\n","protected":false},"excerpt":{"rendered":"<p>Comit\u00ea de Inova\u00e7\u00e3o e Sustentabilidade Direitos Humanos e Empresas: princ\u00edpios e desafios em um mundo em movimento O crescimento da<\/p>\n","protected":false},"featured_media":26654,"template":"","meta":[],"product_brand":[],"product_cat":[228],"product_tag":[],"class_list":{"0":"post-26629","1":"product","2":"type-product","3":"status-publish","4":"has-post-thumbnail","6":"product_cat-our-events","8":"first","9":"instock","10":"shipping-taxable","11":"product-type-simple"},"_links":{"self":[{"href":"https:\/\/www.swedcham.com.br\/en\/wp-json\/wp\/v2\/product\/26629","targetHints":{"allow":["GET"]}}],"collection":[{"href":"https:\/\/www.swedcham.com.br\/en\/wp-json\/wp\/v2\/product"}],"about":[{"href":"https:\/\/www.swedcham.com.br\/en\/wp-json\/wp\/v2\/types\/product"}],"wp:featuredmedia":[{"embeddable":true,"href":"https:\/\/www.swedcham.com.br\/en\/wp-json\/wp\/v2\/media\/26654"}],"wp:attachment":[{"href":"https:\/\/www.swedcham.com.br\/en\/wp-json\/wp\/v2\/media?parent=26629"}],"wp:term":[{"taxonomy":"product_brand","embeddable":true,"href":"https:\/\/www.swedcham.com.br\/en\/wp-json\/wp\/v2\/product_brand?post=26629"},{"taxonomy":"product_cat","embeddable":true,"href":"https:\/\/www.swedcham.com.br\/en\/wp-json\/wp\/v2\/product_cat?post=26629"},{"taxonomy":"product_tag","embeddable":true,"href":"https:\/\/www.swedcham.com.br\/en\/wp-json\/wp\/v2\/product_tag?post=26629"}],"curies":[{"name":"wp","href":"https:\/\/api.w.org\/{rel}","templated":true}]}}

Direitos Humanos e Empresas: princípios e desafios

<p><strong>Comitê de Inovação e Sustentabilidade</strong></p>



<figure class="wp-block-embed is-type-video is-provider-youtube wp-block-embed-youtube wp-embed-aspect-16-9 wp-has-aspect-ratio"><div class="wp-block-embed__wrapper">
<iframe loading="lazy" title="Direitos Humanos e Empresas: princípios e desafios em um mundo em movimento" width="640" height="360" src="https://www.youtube.com/embed/eh1_Pufk41M?feature=oembed" frameborder="0" allow="accelerometer; autoplay; clipboard-write; encrypted-media; gyroscope; picture-in-picture; web-share" referrerpolicy="strict-origin-when-cross-origin" allowfullscreen></iframe>
</div></figure>



<p><strong>Direitos Humanos e Empresas: princípios e desafios em um mundo em movimento</strong></p>



<p>O crescimento da agenda ESG, suas constantes novas regulamentações, e ainda o estímulo e pressão de investidores, clientes e do mercado para que empresas adotem princípios éticos em suas atividades trouxe ainda mais à tona a necessidade de empresas construírem uma jornada assertiva a respeito aos Direitos Humanos aplicáveis aos negócios. De auditorias de fornecedores a implementação de políticas internas, o tema ganha relevância especial no momento em que o Brasil retoma a agenda de sustentabilidade como política pública, enquanto ainda apresenta um cenário desafiante de desigualdade e violência. Como conciliar a atividade empresarial com a preservação desses direitos?</p>



<p>Esperamos por vocês!<br>Karin Vecchiatti <br>Coordenadora do Comitê</p>



<div class="wp-block-media-text alignwide is-stacked-on-mobile" style="grid-template-columns:24% auto"><figure class="wp-block-media-text__media"><img loading="lazy" decoding="async" width="267" height="300" src="https://www.swedcham.com.br/wp-content/uploads/2023/08/DSCerib6013web2-267x300.jpg" alt="" class="wp-image-26643 size-medium" srcset="https://www.swedcham.com.br/wp-content/uploads/2023/08/DSCerib6013web2-267x300.jpg 267w, https://www.swedcham.com.br/wp-content/uploads/2023/08/DSCerib6013web2-910x1024.jpg 910w, https://www.swedcham.com.br/wp-content/uploads/2023/08/DSCerib6013web2-768x864.jpg 768w, https://www.swedcham.com.br/wp-content/uploads/2023/08/DSCerib6013web2-600x675.jpg 600w, https://www.swedcham.com.br/wp-content/uploads/2023/08/DSCerib6013web2.jpg 1246w" sizes="auto, (max-width: 267px) 100vw, 267px" /></figure><div class="wp-block-media-text__content">
<p><strong>Bruno Ferraz de Camargo</strong>&nbsp;é advogado brasileiro e europeu, mestre em direito empresarial internacional pela Universidade de Tilburg, e certificado em economia regenerativa pelo Capital Institute. Especialista em ética empresarial, atualmente é o Global ESG Counsel da empresa sueca Getinge AB e membro da Global Alliance of Impact Lawyers (GAIL)&nbsp; e Business and Human Rights Lawyers Association (BHRLA) &#8211; além de permacultor e agroecologista, fundador do projeto Paková Katú (<a rel="noreferrer noopener" href="https://swedcham.us11.list-manage.com/track/click?u=9a53a6aa1cef2bc498bbe264b&amp;id=bbd1b542ad&amp;e=7fe8640fb8" target="_blank">www.pakova.com.br</a>).</p>



<div class="wp-block-buttons is-layout-flex wp-block-buttons-is-layout-flex">

</div>
</div></div>

<p>Comitê de Inovação e Sustentabilidade Direitos Humanos e Empresas: princípios e desafios em um mundo em movimento O crescimento da</p>
