{"id":26515,"date":"2023-06-01T13:38:52","date_gmt":"2023-06-01T16:38:52","guid":{"rendered":"https:\/\/www.swedcham.com.br\/?post_type=product&#038;p=26515"},"modified":"2023-06-01T13:39:08","modified_gmt":"2023-06-01T16:39:08","slug":"diversidade-inclusao-no-mercado-juridico-quando-raca-e-genero-se-cruzam","status":"publish","type":"product","link":"https:\/\/www.swedcham.com.br\/en\/product\/our-events\/diversidade-inclusao-no-mercado-juridico-quando-raca-e-genero-se-cruzam\/","title":{"rendered":"\u00a0Diversidade &amp; Inclus\u00e3o no Mercado Jur\u00eddico: quando ra\u00e7a e g\u00eanero se cruzam"},"content":{"rendered":"\n<p>O&nbsp;Comit\u00ea&nbsp;Jur\u00eddico e de Neg\u00f3cios e o Comit\u00ea de Capital Humano convidam para o bate papo:<\/p>\n\n\n\n<p><strong>Diversidade &amp; Inclus\u00e3o no Mercado Jur\u00eddico: quando ra\u00e7a e g\u00eanero se cruzam<\/strong><\/p>\n\n\n\n<p>Neste encontro, a Dione Assis destacar\u00e1 a relev\u00e2ncia do tema e seu impacto nas organiza\u00e7\u00f5es e na sociedade como um todo; discutir\u00e1 a inclus\u00e3o como o processo de cria\u00e7\u00e3o de um ambiente de trabalho acolhedor e respeitoso para todas as pessoas, independentemente de suas caracter\u00edsticas; apresentar\u00e1 uma vis\u00e3o geral da composi\u00e7\u00e3o atual do mercado jur\u00eddico em rela\u00e7\u00e3o \u00e0 diversidade de ra\u00e7a e g\u00eanero; destacar\u00e1 os desafios enfrentados por profissionais pertencentes a grupos minorit\u00e1rios em termos de representatividade e progress\u00e3o na carreira; explorar\u00e1 os benef\u00edcios econ\u00f4micos, sociais e culturais de ter equipes jur\u00eddicas diversas e inclusivas, apresentar\u00e1 estudos de caso e pesquisas que demonstram a correla\u00e7\u00e3o positiva entre diversidade, inova\u00e7\u00e3o, desempenho organizacional e tomada de decis\u00f5es de qualidade, e discutir\u00e1 a import\u00e2ncia da lideran\u00e7a inclusiva, pol\u00edticas de contrata\u00e7\u00e3o equitativas, programas de mentoria e desenvolvimento de talentos, e cria\u00e7\u00e3o de uma cultura organizacional inclusiva.<\/p>\n\n\n\n<p>Participa\u00e7\u00e3o especial:<br><strong>Renato Pacheco Neto<\/strong> &#8211; Coordenador do Comit\u00ea Jur\u00eddico e de Neg\u00f3cios,&nbsp;<br><strong>Juliana Meyer<\/strong> &#8211; Diretora Jur\u00eddica da Swedcham,<br><strong>Carol B\u00f6ttcher<\/strong> &#8211; Coordenadora do Comit\u00ea de Capital Humano&nbsp;<br><strong>Cyntia Peluso <\/strong>&#8211;&nbsp;Gerente Jur\u00eddica Atlas Copco<\/p>\n\n\n\n<div class=\"wp-block-media-text alignwide is-stacked-on-mobile\" style=\"grid-template-columns:25% auto\"><figure class=\"wp-block-media-text__media\"><img loading=\"lazy\" decoding=\"async\" width=\"803\" height=\"1024\" src=\"https:\/\/www.swedcham.com.br\/wp-content\/uploads\/2023\/05\/foto-Dione-803x1024.jpg\" alt=\"\" class=\"wp-image-26516 size-full\" srcset=\"https:\/\/www.swedcham.com.br\/wp-content\/uploads\/2023\/05\/foto-Dione-803x1024.jpg 803w, https:\/\/www.swedcham.com.br\/wp-content\/uploads\/2023\/05\/foto-Dione-235x300.jpg 235w, https:\/\/www.swedcham.com.br\/wp-content\/uploads\/2023\/05\/foto-Dione-768x979.jpg 768w, https:\/\/www.swedcham.com.br\/wp-content\/uploads\/2023\/05\/foto-Dione-1205x1536.jpg 1205w, https:\/\/www.swedcham.com.br\/wp-content\/uploads\/2023\/05\/foto-Dione-1606x2048.jpg 1606w, https:\/\/www.swedcham.com.br\/wp-content\/uploads\/2023\/05\/foto-Dione-600x765.jpg 600w, https:\/\/www.swedcham.com.br\/wp-content\/uploads\/2023\/05\/foto-Dione.jpg 1672w\" sizes=\"auto, (max-width: 803px) 100vw, 803px\" \/><\/figure><div class=\"wp-block-media-text__content\">\n<p><strong>&nbsp; &nbsp; &nbsp; Dione Assis &#8211;&nbsp;<\/strong>Partner | Galdino &amp; Coelho Advogados.<br>&nbsp; &nbsp; &nbsp; Founder | BlackSisters in Law<\/p>\n\n\n\n<ul class=\"wp-block-list\">\n<li>Doutoranda em Direito pela Faculdade de Direito da Universidade Federal Fluminense \u2013 UFF, previs\u00e3o de conclus\u00e3o em 2023<\/li>\n\n\n\n<li>Certificada pela ABNT no curso de Fundamentos do Sistema de Gest\u00e3o da Privacidade da Informa\u00e7\u00e3o-SGPI, de acordo com a norma ABNT NBR ISO\/IEC 27701, em 2020<\/li>\n\n\n\n<li>Certificada em Privacy and Data Protection Essentials \u2013 PDPE pela EXIN, em 2019<\/li>\n\n\n\n<li>Especializada em Direito P\u00fablico e Privado pela Escola da Magistratura do Estado do Rio de Janeiro \u2013 EMERJ, em 2016<\/li>\n\n\n\n<li>Mestre em Direito pela Escola de Direito da Funda\u00e7\u00e3o Getulio Vargas \u2013 Direito Rio, em 2012<\/li>\n\n\n\n<li>Bacharel em Direito pela Escola de Direito da Funda\u00e7\u00e3o Getulio Vargas \u2013 Direito Rio, em 2010<\/li>\n<\/ul>\n<\/div><\/div>\n\n\n\n<p><strong>Quando:&nbsp;<\/strong><br>Ter\u00e7a-feira &#8211; 13 de junho, 15h<\/p>\n\n\n\n<p><strong>Onde:<\/strong><br>Rua Oscar Freire, 379 &#8211; cj 121<\/p>\n\n\n\n<p><strong>RSVP: by <\/strong>12 de junho<\/p>\n\n\n\n<p><\/p>\n\n\n\n<div class=\"wp-block-buttons is-layout-flex wp-block-buttons-is-layout-flex\">\n<div class=\"wp-block-button has-custom-width wp-block-button__width-75\"><a class=\"wp-block-button__link has-background wp-element-button\" href=\"https:\/\/docs.google.com\/forms\/d\/e\/1FAIpQLSezToWa-KwdtRfPoT029xZpkERa8cideDg4WhLNQLZmwfPLGA\/viewform?vc=0&amp;c=0&amp;w=1&amp;flr=0\" style=\"background-color:#083751\">Clique aqui para confirmar sua presen\u00e7a!<\/a><\/div>\n<\/div>\n","protected":false},"excerpt":{"rendered":"<p>O&nbsp;Comit\u00ea&nbsp;Jur\u00eddico e de Neg\u00f3cios e o Comit\u00ea de Capital Humano convidam para o bate papo: Diversidade &amp; Inclus\u00e3o no Mercado<\/p>\n","protected":false},"featured_media":26529,"template":"","meta":[],"product_brand":[],"product_cat":[228],"product_tag":[],"class_list":{"0":"post-26515","1":"product","2":"type-product","3":"status-publish","4":"has-post-thumbnail","6":"product_cat-our-events","8":"first","9":"instock","10":"shipping-taxable","11":"product-type-simple"},"_links":{"self":[{"href":"https:\/\/www.swedcham.com.br\/en\/wp-json\/wp\/v2\/product\/26515","targetHints":{"allow":["GET"]}}],"collection":[{"href":"https:\/\/www.swedcham.com.br\/en\/wp-json\/wp\/v2\/product"}],"about":[{"href":"https:\/\/www.swedcham.com.br\/en\/wp-json\/wp\/v2\/types\/product"}],"wp:featuredmedia":[{"embeddable":true,"href":"https:\/\/www.swedcham.com.br\/en\/wp-json\/wp\/v2\/media\/26529"}],"wp:attachment":[{"href":"https:\/\/www.swedcham.com.br\/en\/wp-json\/wp\/v2\/media?parent=26515"}],"wp:term":[{"taxonomy":"product_brand","embeddable":true,"href":"https:\/\/www.swedcham.com.br\/en\/wp-json\/wp\/v2\/product_brand?post=26515"},{"taxonomy":"product_cat","embeddable":true,"href":"https:\/\/www.swedcham.com.br\/en\/wp-json\/wp\/v2\/product_cat?post=26515"},{"taxonomy":"product_tag","embeddable":true,"href":"https:\/\/www.swedcham.com.br\/en\/wp-json\/wp\/v2\/product_tag?post=26515"}],"curies":[{"name":"wp","href":"https:\/\/api.w.org\/{rel}","templated":true}]}}

Diversidade &amp; Inclusão no Mercado Jurídico: quando raça e gênero se cruzam

<p>O&nbsp;Comitê&nbsp;Jurídico e de Negócios e o Comitê de Capital Humano convidam para o bate papo:</p>



<p><strong>Diversidade &amp; Inclusão no Mercado Jurídico: quando raça e gênero se cruzam</strong></p>



<p>Neste encontro, a Dione Assis destacará a relevância do tema e seu impacto nas organizações e na sociedade como um todo; discutirá a inclusão como o processo de criação de um ambiente de trabalho acolhedor e respeitoso para todas as pessoas, independentemente de suas características; apresentará uma visão geral da composição atual do mercado jurídico em relação à diversidade de raça e gênero; destacará os desafios enfrentados por profissionais pertencentes a grupos minoritários em termos de representatividade e progressão na carreira; explorará os benefícios econômicos, sociais e culturais de ter equipes jurídicas diversas e inclusivas, apresentará estudos de caso e pesquisas que demonstram a correlação positiva entre diversidade, inovação, desempenho organizacional e tomada de decisões de qualidade, e discutirá a importância da liderança inclusiva, políticas de contratação equitativas, programas de mentoria e desenvolvimento de talentos, e criação de uma cultura organizacional inclusiva.</p>



<p>Participação especial:<br><strong>Renato Pacheco Neto</strong> &#8211; Coordenador do Comitê Jurídico e de Negócios,&nbsp;<br><strong>Juliana Meyer</strong> &#8211; Diretora Jurídica da Swedcham,<br><strong>Carol Böttcher</strong> &#8211; Coordenadora do Comitê de Capital Humano&nbsp;<br><strong>Cyntia Peluso </strong>&#8211;&nbsp;Gerente Jurídica Atlas Copco</p>



<div class="wp-block-media-text alignwide is-stacked-on-mobile" style="grid-template-columns:25% auto"><figure class="wp-block-media-text__media"><img loading="lazy" decoding="async" width="803" height="1024" src="https://www.swedcham.com.br/wp-content/uploads/2023/05/foto-Dione-803x1024.jpg" alt="" class="wp-image-26516 size-full" srcset="https://www.swedcham.com.br/wp-content/uploads/2023/05/foto-Dione-803x1024.jpg 803w, https://www.swedcham.com.br/wp-content/uploads/2023/05/foto-Dione-235x300.jpg 235w, https://www.swedcham.com.br/wp-content/uploads/2023/05/foto-Dione-768x979.jpg 768w, https://www.swedcham.com.br/wp-content/uploads/2023/05/foto-Dione-1205x1536.jpg 1205w, https://www.swedcham.com.br/wp-content/uploads/2023/05/foto-Dione-1606x2048.jpg 1606w, https://www.swedcham.com.br/wp-content/uploads/2023/05/foto-Dione-600x765.jpg 600w, https://www.swedcham.com.br/wp-content/uploads/2023/05/foto-Dione.jpg 1672w" sizes="auto, (max-width: 803px) 100vw, 803px" /></figure><div class="wp-block-media-text__content">
<p><strong>&nbsp; &nbsp; &nbsp; Dione Assis &#8211;&nbsp;</strong>Partner | Galdino &amp; Coelho Advogados.<br>&nbsp; &nbsp; &nbsp; Founder | BlackSisters in Law</p>



<ul class="wp-block-list">
<li>Doutoranda em Direito pela Faculdade de Direito da Universidade Federal Fluminense – UFF, previsão de conclusão em 2023</li>



<li>Certificada pela ABNT no curso de Fundamentos do Sistema de Gestão da Privacidade da Informação-SGPI, de acordo com a norma ABNT NBR ISO/IEC 27701, em 2020</li>



<li>Certificada em Privacy and Data Protection Essentials – PDPE pela EXIN, em 2019</li>



<li>Especializada em Direito Público e Privado pela Escola da Magistratura do Estado do Rio de Janeiro – EMERJ, em 2016</li>



<li>Mestre em Direito pela Escola de Direito da Fundação Getulio Vargas – Direito Rio, em 2012</li>



<li>Bacharel em Direito pela Escola de Direito da Fundação Getulio Vargas – Direito Rio, em 2010</li>
</ul>
</div></div>



<p><strong>Quando:&nbsp;</strong><br>Terça-feira &#8211; 13 de junho, 15h</p>



<p><strong>Onde:</strong><br>Rua Oscar Freire, 379 &#8211; cj 121</p>



<p><strong>RSVP: by </strong>12 de junho</p>



<p></p>



<div class="wp-block-buttons is-layout-flex wp-block-buttons-is-layout-flex">
<div class="wp-block-button has-custom-width wp-block-button__width-75"><a class="wp-block-button__link has-background wp-element-button" href="https://docs.google.com/forms/d/e/1FAIpQLSezToWa-KwdtRfPoT029xZpkERa8cideDg4WhLNQLZmwfPLGA/viewform?vc=0&amp;c=0&amp;w=1&amp;flr=0" style="background-color:#083751">Clique aqui para confirmar sua presença!</a></div>
</div>

<p>O&nbsp;Comitê&nbsp;Jurídico e de Negócios e o Comitê de Capital Humano convidam para o bate papo: Diversidade &amp; Inclusão no Mercado</p>
