{"id":26456,"date":"2023-03-09T14:08:04","date_gmt":"2023-03-09T17:08:04","guid":{"rendered":"https:\/\/www.swedcham.com.br\/?post_type=product&#038;p=26456"},"modified":"2023-05-16T16:13:17","modified_gmt":"2023-05-16T19:13:17","slug":"reuniao-do-comite-de-inovacaoe-sustentabilidade","status":"publish","type":"product","link":"https:\/\/www.swedcham.com.br\/en\/product\/our-events\/reuniao-do-comite-de-inovacaoe-sustentabilidade\/","title":{"rendered":"\u00a0Reuni\u00e3o do Comit\u00ea de Inova\u00e7\u00e3oe\u00a0Sustentabilidade"},"content":{"rendered":"\n<p><br>A pr\u00f3xima reuni\u00e3o do Comit\u00ea de Inova\u00e7\u00e3o e Sustentabilidade ser\u00e1 no dia 16 de maio, \u00e0s 14 hs. Procuraremos agendar os encontros sempre na&nbsp;terceira ter\u00e7a-feira&nbsp;de cada m\u00eas, assim facilitamos a programa\u00e7\u00e3o de todos.<\/p>\n\n\n\n<p>Nesta reuni\u00e3o de maio abordaremos quest\u00f5es sobre a&nbsp;<strong>jornada Net-Zero<\/strong>&nbsp;nas empresas, contando com contribui\u00e7\u00f5es de&nbsp;<em>Fernando Fabbris e Felipe Diniz da Mirrow &amp; Co. e de Patr\u00edcia Accioli da Scania.<\/em><\/p>\n\n\n\n<p><\/p>\n\n\n\n<p><strong>Quando:&nbsp;<\/strong><br>Ter\u00e7a- feira &#8211; 16 de maio \u00e0s 14:00h<\/p>\n\n\n\n<p><strong>Onde:<\/strong><br>Swedcham &#8211; Rua Oscar Freire, 379 &#8211; cj 121<\/p>\n\n\n\n<div class=\"wp-block-buttons is-layout-flex wp-block-buttons-is-layout-flex\">\n<div class=\"wp-block-button has-custom-width wp-block-button__width-75\"><a class=\"wp-block-button__link has-background wp-element-button\" href=\"https:\/\/docs.google.com\/forms\/d\/1-7jsLe5wkT-_IOvret6h1rHMH2sXUPo8kcehre0lSqU\/edit\" style=\"background-color:#083751\">Clique aqui para confirmar sua presen\u00e7a!<\/a><\/div>\n<\/div>\n","protected":false},"excerpt":{"rendered":"<p>A pr\u00f3xima reuni\u00e3o do Comit\u00ea de Inova\u00e7\u00e3o e Sustentabilidade ser\u00e1 no dia 16 de maio, \u00e0s 14 hs. Procuraremos agendar<\/p>\n","protected":false},"featured_media":26458,"template":"","meta":[],"product_brand":[],"product_cat":[228],"product_tag":[],"class_list":{"0":"post-26456","1":"product","2":"type-product","3":"status-publish","4":"has-post-thumbnail","6":"product_cat-our-events","8":"first","9":"instock","10":"shipping-taxable","11":"product-type-simple"},"_links":{"self":[{"href":"https:\/\/www.swedcham.com.br\/en\/wp-json\/wp\/v2\/product\/26456","targetHints":{"allow":["GET"]}}],"collection":[{"href":"https:\/\/www.swedcham.com.br\/en\/wp-json\/wp\/v2\/product"}],"about":[{"href":"https:\/\/www.swedcham.com.br\/en\/wp-json\/wp\/v2\/types\/product"}],"wp:featuredmedia":[{"embeddable":true,"href":"https:\/\/www.swedcham.com.br\/en\/wp-json\/wp\/v2\/media\/26458"}],"wp:attachment":[{"href":"https:\/\/www.swedcham.com.br\/en\/wp-json\/wp\/v2\/media?parent=26456"}],"wp:term":[{"taxonomy":"product_brand","embeddable":true,"href":"https:\/\/www.swedcham.com.br\/en\/wp-json\/wp\/v2\/product_brand?post=26456"},{"taxonomy":"product_cat","embeddable":true,"href":"https:\/\/www.swedcham.com.br\/en\/wp-json\/wp\/v2\/product_cat?post=26456"},{"taxonomy":"product_tag","embeddable":true,"href":"https:\/\/www.swedcham.com.br\/en\/wp-json\/wp\/v2\/product_tag?post=26456"}],"curies":[{"name":"wp","href":"https:\/\/api.w.org\/{rel}","templated":true}]}}

Reunião do Comitê de Inovaçãoe Sustentabilidade

<p><br>A próxima reunião do Comitê de Inovação e Sustentabilidade será no dia 16 de maio, às 14 hs. Procuraremos agendar os encontros sempre na&nbsp;terceira terça-feira&nbsp;de cada mês, assim facilitamos a programação de todos.</p>



<p>Nesta reunião de maio abordaremos questões sobre a&nbsp;<strong>jornada Net-Zero</strong>&nbsp;nas empresas, contando com contribuições de&nbsp;<em>Fernando Fabbris e Felipe Diniz da Mirrow &amp; Co. e de Patrícia Accioli da Scania.</em></p>



<p></p>



<p><strong>Quando:&nbsp;</strong><br>Terça- feira &#8211; 16 de maio às 14:00h</p>



<p><strong>Onde:</strong><br>Swedcham &#8211; Rua Oscar Freire, 379 &#8211; cj 121</p>



<div class="wp-block-buttons is-layout-flex wp-block-buttons-is-layout-flex">
<div class="wp-block-button has-custom-width wp-block-button__width-75"><a class="wp-block-button__link has-background wp-element-button" href="https://docs.google.com/forms/d/1-7jsLe5wkT-_IOvret6h1rHMH2sXUPo8kcehre0lSqU/edit" style="background-color:#083751">Clique aqui para confirmar sua presença!</a></div>
</div>

<p>A próxima reunião do Comitê de Inovação e Sustentabilidade será no dia 16 de maio, às 14 hs. Procuraremos agendar</p>
