{"id":26454,"date":"2023-05-04T14:07:55","date_gmt":"2023-05-04T17:07:55","guid":{"rendered":"https:\/\/www.swedcham.com.br\/?post_type=product&#038;p=26454"},"modified":"2023-05-26T16:20:48","modified_gmt":"2023-05-26T19:20:48","slug":"o-papel-das-empresas-na-promocao-do-desenvolvimento-sustentavel-copia","status":"publish","type":"product","link":"https:\/\/www.swedcham.com.br\/en\/product\/our-events\/o-papel-das-empresas-na-promocao-do-desenvolvimento-sustentavel-copia\/","title":{"rendered":"<strong>\u00a0O papel das empresas na promo\u00e7\u00e3o do desenvolvimento sustent\u00e1vel<\/strong> (c\u00f3pia)"},"content":{"rendered":"\n<p>O Comit\u00ea de Inova\u00e7\u00e3o e Sustentabilidade convida para a apresenta\u00e7\u00e3o:<\/p>\n\n\n\n<p><strong>O papel das empresas na promo\u00e7\u00e3o do desenvolvimento sustent\u00e1vel<\/strong><\/p>\n\n\n\n<p>\u2022\u00a0\u00a0\u00a0\u00a0\u00a0\u00a0\u00a0\u00a0\u00a0\u00a0\u00a0 Crescimento da relev\u00e2ncia da gest\u00e3o de aspectos ASG<br>\u2022\u00a0\u00a0\u00a0\u00a0\u00a0 \u00a0\u00a0\u00a0\u00a0\u00a0\u00a0Vis\u00e3o estrat\u00e9gica de sustentabilidade e performance<\/p>\n\n\n\n<figure class=\"wp-block-embed is-type-video is-provider-youtube wp-block-embed-youtube wp-embed-aspect-16-9 wp-has-aspect-ratio\"><div class=\"wp-block-embed__wrapper\">\n<iframe loading=\"lazy\" title=\"O papel das empresas na promo\u00e7\u00e3o do desenvolvimento sustent\u00e1vel.\" width=\"640\" height=\"360\" src=\"https:\/\/www.youtube.com\/embed\/Jc18EOHzcKg?feature=oembed\" frameborder=\"0\" allow=\"accelerometer; autoplay; clipboard-write; encrypted-media; gyroscope; picture-in-picture; web-share\" referrerpolicy=\"strict-origin-when-cross-origin\" allowfullscreen><\/iframe>\n<\/div><\/figure>\n\n\n\n<p><strong>Convidada:<\/strong><\/p>\n\n\n\n<div class=\"wp-block-columns is-layout-flex wp-container-core-columns-is-layout-9d6595d7 wp-block-columns-is-layout-flex\">\n<div class=\"wp-block-column is-layout-flow wp-block-column-is-layout-flow\" style=\"flex-basis:20%\">\n<figure class=\"wp-block-image size-full is-style-rounded\"><a href=\"https:\/\/www.swedcham.com.br\/wp-content\/uploads\/2023\/04\/unnamed.jpg\"><img loading=\"lazy\" decoding=\"async\" width=\"640\" height=\"640\" src=\"https:\/\/www.swedcham.com.br\/wp-content\/uploads\/2023\/04\/unnamed.jpg\" alt=\"\" class=\"wp-image-26404\" srcset=\"https:\/\/www.swedcham.com.br\/wp-content\/uploads\/2023\/04\/unnamed.jpg 640w, https:\/\/www.swedcham.com.br\/wp-content\/uploads\/2023\/04\/unnamed-300x300.jpg 300w, https:\/\/www.swedcham.com.br\/wp-content\/uploads\/2023\/04\/unnamed-150x150.jpg 150w, https:\/\/www.swedcham.com.br\/wp-content\/uploads\/2023\/04\/unnamed-600x600.jpg 600w, https:\/\/www.swedcham.com.br\/wp-content\/uploads\/2023\/04\/unnamed-100x100.jpg 100w\" sizes=\"auto, (max-width: 640px) 100vw, 640px\" \/><\/a><\/figure>\n<\/div>\n\n\n\n<div class=\"wp-block-column is-layout-flow wp-block-column-is-layout-flow\" style=\"flex-basis:80%\">\n<p><strong>Ana Lucia Melo &#8211;&nbsp;<\/strong>Diretora-adjunta no Instituto Ethos. Respons\u00e1vel pelas atividades de pesquisa, desenvolvimento de ferramentas e metodologias, consultoria e capacita\u00e7\u00e3o nas \u00e1reas de gest\u00e3o respons\u00e1vel para a sustentabilidade, cadeias de valor sustent\u00e1veis, direitos humanos, diversidade e integridade. Bacharel em Letras pela Universidade de S\u00e3o Paulo, mestranda em Ci\u00eancias da Comunica\u00e7\u00e3o pela Universidade de S\u00e3o Paulo. Especialista em Economia Brasileira pela Funda\u00e7\u00e3o Instituto de Pesquisas Econ\u00f4micas (Fipe) com MBA em Gest\u00e3o Empresarial (FGV).<\/p>\n<\/div>\n<\/div>\n\n\n\n<p><strong>Quando:&nbsp;<\/strong><br>Quinta- feira -27 de abril \u00e0s 09:30<\/p>\n\n\n\n<p><\/p>\n","protected":false},"excerpt":{"rendered":"<p>O Comit\u00ea de Inova\u00e7\u00e3o e Sustentabilidade convida para a apresenta\u00e7\u00e3o: O papel das empresas na promo\u00e7\u00e3o do desenvolvimento sustent\u00e1vel \u2022\u00a0\u00a0\u00a0\u00a0\u00a0\u00a0\u00a0\u00a0\u00a0\u00a0\u00a0<\/p>\n","protected":false},"featured_media":26411,"template":"","meta":[],"product_brand":[],"product_cat":[228],"product_tag":[],"class_list":{"0":"post-26454","1":"product","2":"type-product","3":"status-publish","4":"has-post-thumbnail","6":"product_cat-our-events","8":"first","9":"instock","10":"shipping-taxable","11":"product-type-simple"},"_links":{"self":[{"href":"https:\/\/www.swedcham.com.br\/en\/wp-json\/wp\/v2\/product\/26454","targetHints":{"allow":["GET"]}}],"collection":[{"href":"https:\/\/www.swedcham.com.br\/en\/wp-json\/wp\/v2\/product"}],"about":[{"href":"https:\/\/www.swedcham.com.br\/en\/wp-json\/wp\/v2\/types\/product"}],"wp:featuredmedia":[{"embeddable":true,"href":"https:\/\/www.swedcham.com.br\/en\/wp-json\/wp\/v2\/media\/26411"}],"wp:attachment":[{"href":"https:\/\/www.swedcham.com.br\/en\/wp-json\/wp\/v2\/media?parent=26454"}],"wp:term":[{"taxonomy":"product_brand","embeddable":true,"href":"https:\/\/www.swedcham.com.br\/en\/wp-json\/wp\/v2\/product_brand?post=26454"},{"taxonomy":"product_cat","embeddable":true,"href":"https:\/\/www.swedcham.com.br\/en\/wp-json\/wp\/v2\/product_cat?post=26454"},{"taxonomy":"product_tag","embeddable":true,"href":"https:\/\/www.swedcham.com.br\/en\/wp-json\/wp\/v2\/product_tag?post=26454"}],"curies":[{"name":"wp","href":"https:\/\/api.w.org\/{rel}","templated":true}]}}

<strong> O papel das empresas na promoção do desenvolvimento sustentável</strong> (cópia)

<p>O Comitê de Inovação e Sustentabilidade convida para a apresentação:</p>



<p><strong>O papel das empresas na promoção do desenvolvimento sustentável</strong></p>



<p>•            Crescimento da relevância da gestão de aspectos ASG<br>•            Visão estratégica de sustentabilidade e performance</p>



<figure class="wp-block-embed is-type-video is-provider-youtube wp-block-embed-youtube wp-embed-aspect-16-9 wp-has-aspect-ratio"><div class="wp-block-embed__wrapper">
<iframe loading="lazy" title="O papel das empresas na promoção do desenvolvimento sustentável." width="640" height="360" src="https://www.youtube.com/embed/Jc18EOHzcKg?feature=oembed" frameborder="0" allow="accelerometer; autoplay; clipboard-write; encrypted-media; gyroscope; picture-in-picture; web-share" referrerpolicy="strict-origin-when-cross-origin" allowfullscreen></iframe>
</div></figure>



<p><strong>Convidada:</strong></p>



<div class="wp-block-columns is-layout-flex wp-container-core-columns-is-layout-9d6595d7 wp-block-columns-is-layout-flex">
<div class="wp-block-column is-layout-flow wp-block-column-is-layout-flow" style="flex-basis:20%">
<figure class="wp-block-image size-full is-style-rounded"><a href="https://www.swedcham.com.br/wp-content/uploads/2023/04/unnamed.jpg"><img loading="lazy" decoding="async" width="640" height="640" src="https://www.swedcham.com.br/wp-content/uploads/2023/04/unnamed.jpg" alt="" class="wp-image-26404" srcset="https://www.swedcham.com.br/wp-content/uploads/2023/04/unnamed.jpg 640w, https://www.swedcham.com.br/wp-content/uploads/2023/04/unnamed-300x300.jpg 300w, https://www.swedcham.com.br/wp-content/uploads/2023/04/unnamed-150x150.jpg 150w, https://www.swedcham.com.br/wp-content/uploads/2023/04/unnamed-600x600.jpg 600w, https://www.swedcham.com.br/wp-content/uploads/2023/04/unnamed-100x100.jpg 100w" sizes="auto, (max-width: 640px) 100vw, 640px" /></a></figure>
</div>



<div class="wp-block-column is-layout-flow wp-block-column-is-layout-flow" style="flex-basis:80%">
<p><strong>Ana Lucia Melo &#8211;&nbsp;</strong>Diretora-adjunta no Instituto Ethos. Responsável pelas atividades de pesquisa, desenvolvimento de ferramentas e metodologias, consultoria e capacitação nas áreas de gestão responsável para a sustentabilidade, cadeias de valor sustentáveis, direitos humanos, diversidade e integridade. Bacharel em Letras pela Universidade de São Paulo, mestranda em Ciências da Comunicação pela Universidade de São Paulo. Especialista em Economia Brasileira pela Fundação Instituto de Pesquisas Econômicas (Fipe) com MBA em Gestão Empresarial (FGV).</p>
</div>
</div>



<p><strong>Quando:&nbsp;</strong><br>Quinta- feira -27 de abril às 09:30</p>



<p></p>

<p>O Comitê de Inovação e Sustentabilidade convida para a apresentação: O papel das empresas na promoção do desenvolvimento sustentável •           </p>
