{"id":26324,"date":"2023-03-02T10:58:00","date_gmt":"2023-03-02T13:58:00","guid":{"rendered":"https:\/\/www.swedcham.com.br\/?post_type=product&#038;p=26324"},"modified":"2023-05-26T16:23:51","modified_gmt":"2023-05-26T19:23:51","slug":"mulher-internacional-e-empreendedora","status":"publish","type":"product","link":"https:\/\/www.swedcham.com.br\/en\/product\/our-events\/mulher-internacional-e-empreendedora\/","title":{"rendered":"Mulher, internacional e empreendedora!"},"content":{"rendered":"\n<h4 class=\"wp-block-heading\"><\/h4>\n\n\n\n<figure class=\"wp-block-embed is-type-video is-provider-youtube wp-block-embed-youtube wp-embed-aspect-16-9 wp-has-aspect-ratio\"><div class=\"wp-block-embed__wrapper\">\n<iframe loading=\"lazy\" title=\"Mulher, internacional e empreendedora!\" width=\"640\" height=\"360\" src=\"https:\/\/www.youtube.com\/embed\/i5NxPRlUAUc?feature=oembed\" frameborder=\"0\" allow=\"accelerometer; autoplay; clipboard-write; encrypted-media; gyroscope; picture-in-picture; web-share\" referrerpolicy=\"strict-origin-when-cross-origin\" allowfullscreen><\/iframe>\n<\/div><\/figure>\n\n\n\n<p>Fechando o <strong>M\u00eas das Mulheres<\/strong>, continuamos a celebrar profissionais de todos os segmentos que se destacam em suas carreiras.&nbsp;Neste encontro internacional participar\u00e3o duas Executivas que inspiram com suas hist\u00f3rias de sucesso como empreendedoras Brasileiras na Su\u00e9cia.<\/p>\n\n\n\n<p>Em dia 22 de mar\u00e7o, \u00e0s 15h, <strong>Carol B\u00f6ttcher<\/strong>, Diretora da <em>BrainKapital Executive Search<\/em> e Coordenadora do Comit\u00ea de Capital Humano da SWEDCHAM ter\u00e1 o prazer de entrevistar&nbsp;<strong>Aurea Cardoso<\/strong> &nbsp;e <strong>Roberta Perez<\/strong>, duas empreendedoras&nbsp;com muitas hist\u00f3rias para contar.<\/p>\n\n\n\n<p><strong>N\u00e3o perca esse bate papo inspirador!<\/strong><\/p>\n\n\n\n<p><strong>Convidados:<\/strong><\/p>\n\n\n\n<div class=\"wp-block-columns is-layout-flex wp-container-core-columns-is-layout-9d6595d7 wp-block-columns-is-layout-flex\">\n<div class=\"wp-block-column is-layout-flow wp-block-column-is-layout-flow\" style=\"flex-basis:20%\">\n<figure class=\"wp-block-image size-full\"><a href=\"https:\/\/www.swedcham.com.br\/wp-content\/uploads\/2023\/03\/Aurea.jpg\"><img loading=\"lazy\" decoding=\"async\" width=\"500\" height=\"500\" src=\"https:\/\/www.swedcham.com.br\/wp-content\/uploads\/2023\/03\/Aurea.jpg\" alt=\"\" class=\"wp-image-26325\" srcset=\"https:\/\/www.swedcham.com.br\/wp-content\/uploads\/2023\/03\/Aurea.jpg 500w, https:\/\/www.swedcham.com.br\/wp-content\/uploads\/2023\/03\/Aurea-300x300.jpg 300w, https:\/\/www.swedcham.com.br\/wp-content\/uploads\/2023\/03\/Aurea-150x150.jpg 150w, https:\/\/www.swedcham.com.br\/wp-content\/uploads\/2023\/03\/Aurea-100x100.jpg 100w\" sizes=\"auto, (max-width: 500px) 100vw, 500px\" \/><\/a><\/figure>\n<\/div>\n\n\n\n<div class=\"wp-block-column is-layout-flow wp-block-column-is-layout-flow\" style=\"flex-basis:80%\">\n<p><strong>Aurea Cardoso &#8211;<\/strong>&nbsp;m\u00e3e de 4 filhos, sendo que 3 s\u00e3o trig\u00eameos&nbsp;&#8211; profissional com mais de 20 anos de experi\u00eancia nas \u00e1reas de comunica\u00e7\u00e3o, rela\u00e7\u00f5es p\u00fablicas, treinamento de porta-vozes, eventos de imprensa, comunica\u00e7\u00e3o de crise, gest\u00e3o de marcas e comportamento do consumidor. S\u00f3cia da <strong>BrazilandCo<\/strong>, loja de produtos brasileiros em Estocolmo!<\/p>\n<\/div>\n<\/div>\n\n\n\n<div class=\"wp-block-columns is-layout-flex wp-container-core-columns-is-layout-9d6595d7 wp-block-columns-is-layout-flex\">\n<div class=\"wp-block-column is-layout-flow wp-block-column-is-layout-flow\" style=\"flex-basis:20%\">\n<figure class=\"wp-block-image size-full\"><a href=\"https:\/\/www.swedcham.com.br\/wp-content\/uploads\/2023\/03\/roberta.jpg\"><img loading=\"lazy\" decoding=\"async\" width=\"500\" height=\"500\" src=\"https:\/\/www.swedcham.com.br\/wp-content\/uploads\/2023\/03\/roberta.jpg\" alt=\"\" class=\"wp-image-26327\" srcset=\"https:\/\/www.swedcham.com.br\/wp-content\/uploads\/2023\/03\/roberta.jpg 500w, https:\/\/www.swedcham.com.br\/wp-content\/uploads\/2023\/03\/roberta-300x300.jpg 300w, https:\/\/www.swedcham.com.br\/wp-content\/uploads\/2023\/03\/roberta-150x150.jpg 150w, https:\/\/www.swedcham.com.br\/wp-content\/uploads\/2023\/03\/roberta-100x100.jpg 100w\" sizes=\"auto, (max-width: 500px) 100vw, 500px\" \/><\/a><\/figure>\n<\/div>\n\n\n\n<div class=\"wp-block-column is-layout-flow wp-block-column-is-layout-flow\" style=\"flex-basis:80%\">\n<p><strong>Roberta Perez &#8211;&nbsp;<\/strong>Diretora e Fundadora da <strong>@NordicWays<\/strong>, apaixonada por Viagens, deixou&nbsp;S\u00e3o Paulo em 2006 para iniciar uma nova vida na Su\u00e9cia. Se especializou em roteiros n\u00f3rdicos, como os fiordes noruegueses, as capitais da Escandin\u00e1via, tour de inverno na Lap\u00f4nia, ca\u00e7a a Aurora Boreal e muito mais.&nbsp;\u00c9 embaixadora de Kiruna, palestrante, e consultora &nbsp;em turismo.<\/p>\n<\/div>\n<\/div>\n\n\n\n<p><\/p>\n\n\n\n<p><\/p>\n","protected":false},"excerpt":{"rendered":"<p>Fechando o M\u00eas das Mulheres, continuamos a celebrar profissionais de todos os segmentos que se destacam em suas carreiras.&nbsp;Neste encontro<\/p>\n","protected":false},"featured_media":26330,"template":"","meta":[],"product_brand":[],"product_cat":[228],"product_tag":[],"class_list":{"0":"post-26324","1":"product","2":"type-product","3":"status-publish","4":"has-post-thumbnail","6":"product_cat-our-events","8":"first","9":"instock","10":"shipping-taxable","11":"product-type-simple"},"_links":{"self":[{"href":"https:\/\/www.swedcham.com.br\/en\/wp-json\/wp\/v2\/product\/26324","targetHints":{"allow":["GET"]}}],"collection":[{"href":"https:\/\/www.swedcham.com.br\/en\/wp-json\/wp\/v2\/product"}],"about":[{"href":"https:\/\/www.swedcham.com.br\/en\/wp-json\/wp\/v2\/types\/product"}],"wp:featuredmedia":[{"embeddable":true,"href":"https:\/\/www.swedcham.com.br\/en\/wp-json\/wp\/v2\/media\/26330"}],"wp:attachment":[{"href":"https:\/\/www.swedcham.com.br\/en\/wp-json\/wp\/v2\/media?parent=26324"}],"wp:term":[{"taxonomy":"product_brand","embeddable":true,"href":"https:\/\/www.swedcham.com.br\/en\/wp-json\/wp\/v2\/product_brand?post=26324"},{"taxonomy":"product_cat","embeddable":true,"href":"https:\/\/www.swedcham.com.br\/en\/wp-json\/wp\/v2\/product_cat?post=26324"},{"taxonomy":"product_tag","embeddable":true,"href":"https:\/\/www.swedcham.com.br\/en\/wp-json\/wp\/v2\/product_tag?post=26324"}],"curies":[{"name":"wp","href":"https:\/\/api.w.org\/{rel}","templated":true}]}}

<h4 class="wp-block-heading"></h4>



<figure class="wp-block-embed is-type-video is-provider-youtube wp-block-embed-youtube wp-embed-aspect-16-9 wp-has-aspect-ratio"><div class="wp-block-embed__wrapper">
<iframe loading="lazy" title="Mulher, internacional e empreendedora!" width="640" height="360" src="https://www.youtube.com/embed/i5NxPRlUAUc?feature=oembed" frameborder="0" allow="accelerometer; autoplay; clipboard-write; encrypted-media; gyroscope; picture-in-picture; web-share" referrerpolicy="strict-origin-when-cross-origin" allowfullscreen></iframe>
</div></figure>



<p>Fechando o <strong>Mês das Mulheres</strong>, continuamos a celebrar profissionais de todos os segmentos que se destacam em suas carreiras.&nbsp;Neste encontro internacional participarão duas Executivas que inspiram com suas histórias de sucesso como empreendedoras Brasileiras na Suécia.</p>



<p>Em dia 22 de março, às 15h, <strong>Carol Böttcher</strong>, Diretora da <em>BrainKapital Executive Search</em> e Coordenadora do Comitê de Capital Humano da SWEDCHAM terá o prazer de entrevistar&nbsp;<strong>Aurea Cardoso</strong> &nbsp;e <strong>Roberta Perez</strong>, duas empreendedoras&nbsp;com muitas histórias para contar.</p>



<p><strong>Não perca esse bate papo inspirador!</strong></p>



<p><strong>Convidados:</strong></p>



<div class="wp-block-columns is-layout-flex wp-container-core-columns-is-layout-9d6595d7 wp-block-columns-is-layout-flex">
<div class="wp-block-column is-layout-flow wp-block-column-is-layout-flow" style="flex-basis:20%">
<figure class="wp-block-image size-full"><a href="https://www.swedcham.com.br/wp-content/uploads/2023/03/Aurea.jpg"><img loading="lazy" decoding="async" width="500" height="500" src="https://www.swedcham.com.br/wp-content/uploads/2023/03/Aurea.jpg" alt="" class="wp-image-26325" srcset="https://www.swedcham.com.br/wp-content/uploads/2023/03/Aurea.jpg 500w, https://www.swedcham.com.br/wp-content/uploads/2023/03/Aurea-300x300.jpg 300w, https://www.swedcham.com.br/wp-content/uploads/2023/03/Aurea-150x150.jpg 150w, https://www.swedcham.com.br/wp-content/uploads/2023/03/Aurea-100x100.jpg 100w" sizes="auto, (max-width: 500px) 100vw, 500px" /></a></figure>
</div>



<div class="wp-block-column is-layout-flow wp-block-column-is-layout-flow" style="flex-basis:80%">
<p><strong>Aurea Cardoso &#8211;</strong>&nbsp;mãe de 4 filhos, sendo que 3 são trigêmeos&nbsp;&#8211; profissional com mais de 20 anos de experiência nas áreas de comunicação, relações públicas, treinamento de porta-vozes, eventos de imprensa, comunicação de crise, gestão de marcas e comportamento do consumidor. Sócia da <strong>BrazilandCo</strong>, loja de produtos brasileiros em Estocolmo!</p>
</div>
</div>



<div class="wp-block-columns is-layout-flex wp-container-core-columns-is-layout-9d6595d7 wp-block-columns-is-layout-flex">
<div class="wp-block-column is-layout-flow wp-block-column-is-layout-flow" style="flex-basis:20%">
<figure class="wp-block-image size-full"><a href="https://www.swedcham.com.br/wp-content/uploads/2023/03/roberta.jpg"><img loading="lazy" decoding="async" width="500" height="500" src="https://www.swedcham.com.br/wp-content/uploads/2023/03/roberta.jpg" alt="" class="wp-image-26327" srcset="https://www.swedcham.com.br/wp-content/uploads/2023/03/roberta.jpg 500w, https://www.swedcham.com.br/wp-content/uploads/2023/03/roberta-300x300.jpg 300w, https://www.swedcham.com.br/wp-content/uploads/2023/03/roberta-150x150.jpg 150w, https://www.swedcham.com.br/wp-content/uploads/2023/03/roberta-100x100.jpg 100w" sizes="auto, (max-width: 500px) 100vw, 500px" /></a></figure>
</div>



<div class="wp-block-column is-layout-flow wp-block-column-is-layout-flow" style="flex-basis:80%">
<p><strong>Roberta Perez &#8211;&nbsp;</strong>Diretora e Fundadora da <strong>@NordicWays</strong>, apaixonada por Viagens, deixou&nbsp;São Paulo em 2006 para iniciar uma nova vida na Suécia. Se especializou em roteiros nórdicos, como os fiordes noruegueses, as capitais da Escandinávia, tour de inverno na Lapônia, caça a Aurora Boreal e muito mais.&nbsp;É embaixadora de Kiruna, palestrante, e consultora &nbsp;em turismo.</p>
</div>
</div>



<p></p>



<p></p>

<p>Fechando o Mês das Mulheres, continuamos a celebrar profissionais de todos os segmentos que se destacam em suas carreiras.&nbsp;Neste encontro</p>
