{"id":26274,"date":"2023-02-10T10:52:31","date_gmt":"2023-02-10T13:52:31","guid":{"rendered":"https:\/\/www.swedcham.com.br\/?post_type=product&#038;p=26274"},"modified":"2023-05-26T16:28:13","modified_gmt":"2023-05-26T19:28:13","slug":"improviso-consciente-jornalista-gloria-vanique","status":"publish","type":"product","link":"https:\/\/www.swedcham.com.br\/en\/product\/our-events\/improviso-consciente-jornalista-gloria-vanique\/","title":{"rendered":"Improviso Consciente &#8211; Jornalista\u00a0Gloria\u00a0Vanique"},"content":{"rendered":"\n<p><\/p>\n\n\n\n<p><a href=\"https:\/\/youtube.com\/live\/ICaAC0s0WMw\">https:\/\/youtube.com\/live\/ICaAC0s0WMw<\/a><\/p>\n\n\n\n<p class=\"has-text-align-left\">Mar\u00e7o para n\u00f3s aqui da C\u00e2mara \u00e9 o m\u00eas da mulher. Momento de celebrar profissionais de todo o segmento que se destacam em suas carreiras. E dia 15 de mar\u00e7o, \u00e0s 17h, quem estar\u00e1 para um evento presencial em nosso espa\u00e7o \u00e9 a jornalista e apresentadora <strong>Gl\u00f3ria Vanique.<\/strong> Ap\u00f3s 27 anos de profiss\u00e3o, com passagens pela Globo e, mais recentemente, pela CNN, emissora que deixou no fim do ano passado, a profissional realizar\u00e1 a palestra \u201c<strong>Improviso Consciente<\/strong>\u201d, direcionado para a melhoria da qualidade de vida, boa comunica\u00e7\u00e3o e rela\u00e7\u00f5es dentro e fora dos ambientes profissionais. O conceito tem como base cinco pilares: repert\u00f3rio, generalista, escuta ativa, comunica\u00e7\u00e3o positiva e simplicidade. Quem improvisa com conhecimento tem um outro olhar para as situa\u00e7\u00f5es do dia a dia, maior facilidade para solucionar problemas e um aumento da proatividade.<\/p>\n\n\n\n<p class=\"has-text-align-left\">O evento tamb\u00e9m marcar\u00e1 a reinaugura\u00e7\u00e3o do nosso espa\u00e7o na Oscar Freire que passou recentemente por uma reforma para melhor receb\u00ea-los.<\/p>\n\n\n\n<p class=\"has-text-align-left\">Venha participar desse papo gostoso no fim da tarde e depois fique para um coquetel de networking.<\/p>\n\n\n\n<p class=\"has-text-align-left\"><\/p>\n","protected":false},"excerpt":{"rendered":"<p>https:\/\/youtube.com\/live\/ICaAC0s0WMw Mar\u00e7o para n\u00f3s aqui da C\u00e2mara \u00e9 o m\u00eas da mulher. Momento de celebrar profissionais de todo o segmento<\/p>\n","protected":false},"featured_media":26280,"template":"","meta":[],"product_brand":[],"product_cat":[228],"product_tag":[],"class_list":{"0":"post-26274","1":"product","2":"type-product","3":"status-publish","4":"has-post-thumbnail","6":"product_cat-our-events","8":"first","9":"instock","10":"shipping-taxable","11":"product-type-simple"},"_links":{"self":[{"href":"https:\/\/www.swedcham.com.br\/en\/wp-json\/wp\/v2\/product\/26274","targetHints":{"allow":["GET"]}}],"collection":[{"href":"https:\/\/www.swedcham.com.br\/en\/wp-json\/wp\/v2\/product"}],"about":[{"href":"https:\/\/www.swedcham.com.br\/en\/wp-json\/wp\/v2\/types\/product"}],"wp:featuredmedia":[{"embeddable":true,"href":"https:\/\/www.swedcham.com.br\/en\/wp-json\/wp\/v2\/media\/26280"}],"wp:attachment":[{"href":"https:\/\/www.swedcham.com.br\/en\/wp-json\/wp\/v2\/media?parent=26274"}],"wp:term":[{"taxonomy":"product_brand","embeddable":true,"href":"https:\/\/www.swedcham.com.br\/en\/wp-json\/wp\/v2\/product_brand?post=26274"},{"taxonomy":"product_cat","embeddable":true,"href":"https:\/\/www.swedcham.com.br\/en\/wp-json\/wp\/v2\/product_cat?post=26274"},{"taxonomy":"product_tag","embeddable":true,"href":"https:\/\/www.swedcham.com.br\/en\/wp-json\/wp\/v2\/product_tag?post=26274"}],"curies":[{"name":"wp","href":"https:\/\/api.w.org\/{rel}","templated":true}]}}

<p></p>



<p><a href="https://youtube.com/live/ICaAC0s0WMw">https://youtube.com/live/ICaAC0s0WMw</a></p>



<p class="has-text-align-left">Março para nós aqui da Câmara é o mês da mulher. Momento de celebrar profissionais de todo o segmento que se destacam em suas carreiras. E dia 15 de março, às 17h, quem estará para um evento presencial em nosso espaço é a jornalista e apresentadora <strong>Glória Vanique.</strong> Após 27 anos de profissão, com passagens pela Globo e, mais recentemente, pela CNN, emissora que deixou no fim do ano passado, a profissional realizará a palestra “<strong>Improviso Consciente</strong>”, direcionado para a melhoria da qualidade de vida, boa comunicação e relações dentro e fora dos ambientes profissionais. O conceito tem como base cinco pilares: repertório, generalista, escuta ativa, comunicação positiva e simplicidade. Quem improvisa com conhecimento tem um outro olhar para as situações do dia a dia, maior facilidade para solucionar problemas e um aumento da proatividade.</p>



<p class="has-text-align-left">O evento também marcará a reinauguração do nosso espaço na Oscar Freire que passou recentemente por uma reforma para melhor recebê-los.</p>



<p class="has-text-align-left">Venha participar desse papo gostoso no fim da tarde e depois fique para um coquetel de networking.</p>



<p class="has-text-align-left"></p>

<p>https://youtube.com/live/ICaAC0s0WMw Março para nós aqui da Câmara é o mês da mulher. Momento de celebrar profissionais de todo o segmento</p>
