{"id":26227,"date":"2024-02-05T14:42:37","date_gmt":"2024-02-05T17:42:37","guid":{"rendered":"https:\/\/www.swedcham.com.br\/?post_type=product&#038;p=26227"},"modified":"2024-02-21T11:20:05","modified_gmt":"2024-02-21T14:20:05","slug":"almoco-de-networking-3","status":"publish","type":"product","link":"https:\/\/www.swedcham.com.br\/en\/product\/our-events\/almoco-de-networking-3\/","title":{"rendered":"Almo\u00e7o de Networking! Esgotado!"},"content":{"rendered":"\n<figure class=\"wp-block-image size-large is-resized\"><a href=\"https:\/\/www.swedcham.com.br\/wp-content\/uploads\/2024\/02\/SOLD-OUT.png\"><img loading=\"lazy\" decoding=\"async\" width=\"1024\" height=\"463\" src=\"https:\/\/www.swedcham.com.br\/wp-content\/uploads\/2024\/02\/SOLD-OUT-1024x463.png\" alt=\"\" class=\"wp-image-27314\" style=\"width:635px;height:auto\"\/><\/a><\/figure>\n\n\n\n<p><\/p>\n\n\n\n<p>\u00c9 com grande prazer que a Swedcham convida voc\u00ea para o primeiro almo\u00e7o de networking do ano, onde voc\u00ea poder\u00e1 conhecer e conversar com outros membros, compartilhar suas sugest\u00f5es de eventos com nossos coordenadores dos comit\u00eas e ampliar sua rede de relacionamentos.<br>O restaurante Tuy Cocina re\u00fane pratos, tapas e petiscos da gastronomia ib\u00e9rica contempor\u00e2nea, em um ambiente moderno e descontra\u00eddo no Jardins.<\/p>\n\n\n\n<p><strong>Quando:<\/strong><br>Sexta-feira, 23 de fevereiro \u00e0s 12h<\/p>\n\n\n\n<p><strong>Onde:<\/strong><br><strong>Tuy Cocina I Jardins \u00e0s 12h<\/strong><br>R. Padre Jo\u00e3o Manuel, 1156 &#8211; Jardins, S\u00e3o Paulo &#8211; SP, 01411-000<\/p>\n\n\n\n<p>Incluso:&nbsp;Entrada, prato principal, sobremesa, bebida n\u00e3o alco\u00f3lica e caf\u00e9<\/p>\n\n\n\n<p><\/p>\n\n\n\n<p><strong>Bem vindos!<\/strong><\/p>\n","protected":false},"excerpt":{"rendered":"<p>\u00c9 com grande prazer que a Swedcham convida voc\u00ea para o primeiro almo\u00e7o de networking do ano, onde voc\u00ea poder\u00e1<\/p>\n","protected":false},"featured_media":27317,"template":"","meta":[],"product_brand":[],"product_cat":[228],"product_tag":[],"class_list":{"0":"post-26227","1":"product","2":"type-product","3":"status-publish","4":"has-post-thumbnail","6":"product_cat-our-events","8":"first","9":"instock","10":"shipping-taxable","11":"product-type-simple"},"_links":{"self":[{"href":"https:\/\/www.swedcham.com.br\/en\/wp-json\/wp\/v2\/product\/26227","targetHints":{"allow":["GET"]}}],"collection":[{"href":"https:\/\/www.swedcham.com.br\/en\/wp-json\/wp\/v2\/product"}],"about":[{"href":"https:\/\/www.swedcham.com.br\/en\/wp-json\/wp\/v2\/types\/product"}],"wp:featuredmedia":[{"embeddable":true,"href":"https:\/\/www.swedcham.com.br\/en\/wp-json\/wp\/v2\/media\/27317"}],"wp:attachment":[{"href":"https:\/\/www.swedcham.com.br\/en\/wp-json\/wp\/v2\/media?parent=26227"}],"wp:term":[{"taxonomy":"product_brand","embeddable":true,"href":"https:\/\/www.swedcham.com.br\/en\/wp-json\/wp\/v2\/product_brand?post=26227"},{"taxonomy":"product_cat","embeddable":true,"href":"https:\/\/www.swedcham.com.br\/en\/wp-json\/wp\/v2\/product_cat?post=26227"},{"taxonomy":"product_tag","embeddable":true,"href":"https:\/\/www.swedcham.com.br\/en\/wp-json\/wp\/v2\/product_tag?post=26227"}],"curies":[{"name":"wp","href":"https:\/\/api.w.org\/{rel}","templated":true}]}}

Almoço de Networking! Esgotado!

<figure class="wp-block-image size-large is-resized"><a href="https://www.swedcham.com.br/wp-content/uploads/2024/02/SOLD-OUT.png"><img loading="lazy" decoding="async" width="1024" height="463" src="https://www.swedcham.com.br/wp-content/uploads/2024/02/SOLD-OUT-1024x463.png" alt="" class="wp-image-27314" style="width:635px;height:auto"/></a></figure>



<p></p>



<p>É com grande prazer que a Swedcham convida você para o primeiro almoço de networking do ano, onde você poderá conhecer e conversar com outros membros, compartilhar suas sugestões de eventos com nossos coordenadores dos comitês e ampliar sua rede de relacionamentos.<br>O restaurante Tuy Cocina reúne pratos, tapas e petiscos da gastronomia ibérica contemporânea, em um ambiente moderno e descontraído no Jardins.</p>



<p><strong>Quando:</strong><br>Sexta-feira, 23 de fevereiro às 12h</p>



<p><strong>Onde:</strong><br><strong>Tuy Cocina I Jardins às 12h</strong><br>R. Padre João Manuel, 1156 &#8211; Jardins, São Paulo &#8211; SP, 01411-000</p>



<p>Incluso:&nbsp;Entrada, prato principal, sobremesa, bebida não alcoólica e café</p>



<p></p>



<p><strong>Bem vindos!</strong></p>

<p>É com grande prazer que a Swedcham convida você para o primeiro almoço de networking do ano, onde você poderá</p>
