{"id":25987,"date":"2022-10-30T07:45:00","date_gmt":"2022-10-30T10:45:00","guid":{"rendered":"https:\/\/www.swedcham.com.br\/?post_type=product&#038;p=25987"},"modified":"2022-11-22T11:28:52","modified_gmt":"2022-11-22T14:28:52","slug":"manicomio-tributario-reflexoes-de-um-sobrevivente","status":"publish","type":"product","link":"https:\/\/www.swedcham.com.br\/en\/product\/our-events\/manicomio-tributario-reflexoes-de-um-sobrevivente\/","title":{"rendered":"Webinar: Manic\u00f4mio tribut\u00e1rio \u2013 Reflex\u00f5es de um sobrevivente"},"content":{"rendered":"\n<figure class=\"wp-block-embed is-type-video is-provider-youtube wp-block-embed-youtube wp-embed-aspect-16-9 wp-has-aspect-ratio\"><div class=\"wp-block-embed__wrapper\">\n<iframe loading=\"lazy\" title=\"Manic\u00f4mio tribut\u00e1rio \u2013 Reflex\u00f5es de um sobrevivente\" width=\"640\" height=\"360\" src=\"https:\/\/www.youtube.com\/embed\/Am0-GOxOi7E?feature=oembed\" frameborder=\"0\" allow=\"accelerometer; autoplay; clipboard-write; encrypted-media; gyroscope; picture-in-picture; web-share\" referrerpolicy=\"strict-origin-when-cross-origin\" allowfullscreen><\/iframe>\n<\/div><\/figure>\n\n\n\n<div class=\"wp-block-columns is-layout-flex wp-container-core-columns-is-layout-9d6595d7 wp-block-columns-is-layout-flex\">\n<div class=\"wp-block-column is-layout-flow wp-block-column-is-layout-flow\"><\/div>\n\n\n\n<div class=\"wp-block-column is-layout-flow wp-block-column-is-layout-flow\"><\/div>\n<\/div>\n\n\n\n<p>O Brasil \u00e9 um dos pa\u00edses com a legisla\u00e7\u00e3o tribut\u00e1ria mais complexa do mundo, mas tamb\u00e9m \u00e9 destaque em inseguran\u00e7a jur\u00eddica, tempo gasto para obedecer a legisla\u00e7\u00e3o, tempo gasto em discuss\u00f5es administrativas e judiciais, entre v\u00e1rios outros aspectos. Gestores tribut\u00e1rios, no Brasil, s\u00e3o verdadeiros sobreviventes de um mundo in\u00f3spito e \u00e9 sobre isso que ouso escrever ao longo deste livro, que espero seja de leitura f\u00e1cil, onde abordo temas como carga, gest\u00e3o e governan\u00e7a tribut\u00e1ria, incentivos fiscais, planejamento tribut\u00e1rio, sempre ancorado na minha experi\u00eancia de quase 30 anos, atuando como auditor, consultor tribut\u00e1rio e executivo de grandes conglomerados multinacionais.<\/p>\n\n\n\n<div class=\"wp-block-group\"><div class=\"wp-block-group__inner-container is-layout-flow wp-block-group-is-layout-flow\">\n<div class=\"wp-block-columns is-layout-flex wp-container-core-columns-is-layout-9d6595d7 wp-block-columns-is-layout-flex\">\n<div class=\"wp-block-column is-layout-flow wp-block-column-is-layout-flow\" style=\"flex-basis:100%\">\n<div class=\"wp-block-columns alignwide is-layout-flex wp-container-core-columns-is-layout-9d6595d7 wp-block-columns-is-layout-flex\">\n<div class=\"wp-block-column is-layout-flow wp-block-column-is-layout-flow\" style=\"flex-basis:100%\"><div class=\"wp-block-image\">\n<figure class=\"alignleft size-full\"><a href=\"https:\/\/www.swedcham.com.br\/wp-content\/uploads\/2022\/11\/af-e1668163879418.jpg\"><img loading=\"lazy\" decoding=\"async\" width=\"250\" height=\"292\" src=\"https:\/\/www.swedcham.com.br\/wp-content\/uploads\/2022\/11\/af-e1668163879418.jpg\" alt=\"\" class=\"wp-image-25990\"\/><\/a><figcaption class=\"wp-element-caption\"><strong>Augusto Flores&nbsp;<\/strong>-Vice President | Tax South America | Volvo Group.<br>Bacharel em Ci\u00eancias Cont\u00e1beis, executivo com mais de 25 anos de experi\u00eancia destacada na \u00e1rea tribut\u00e1ria. Professor convidado em cursos de gradua\u00e7\u00e3o e p\u00f3s-gradua\u00e7\u00e3o, palestrante, mentor, escritor e articulista, sempre tratando de Gest\u00e3o Tribut\u00e1ria num contexto de Lideran\u00e7a, Comunica\u00e7\u00e3o, Negocia\u00e7\u00e3o, Pensamento Cr\u00edtico, Estrat\u00e9gia e Transforma\u00e7\u00e3o Digital. Em 2021 foi agraciado com o Pr\u00eamio Profissional M\u00e9rito ANEFAC, na categoria Tributos.<\/figcaption><\/figure>\n<\/div><\/div>\n<\/div>\n<\/div>\n<\/div>\n<\/div><\/div>\n\n\n\n<p><\/p>\n\n\n\n<p><\/p>\n","protected":false},"excerpt":{"rendered":"<p>O Brasil \u00e9 um dos pa\u00edses com a legisla\u00e7\u00e3o tribut\u00e1ria mais complexa do mundo, mas tamb\u00e9m \u00e9 destaque em inseguran\u00e7a<\/p>\n","protected":false},"featured_media":25993,"template":"","meta":[],"product_brand":[],"product_cat":[228],"product_tag":[],"class_list":{"0":"post-25987","1":"product","2":"type-product","3":"status-publish","4":"has-post-thumbnail","6":"product_cat-our-events","8":"first","9":"instock","10":"shipping-taxable","11":"product-type-simple"},"_links":{"self":[{"href":"https:\/\/www.swedcham.com.br\/en\/wp-json\/wp\/v2\/product\/25987","targetHints":{"allow":["GET"]}}],"collection":[{"href":"https:\/\/www.swedcham.com.br\/en\/wp-json\/wp\/v2\/product"}],"about":[{"href":"https:\/\/www.swedcham.com.br\/en\/wp-json\/wp\/v2\/types\/product"}],"wp:featuredmedia":[{"embeddable":true,"href":"https:\/\/www.swedcham.com.br\/en\/wp-json\/wp\/v2\/media\/25993"}],"wp:attachment":[{"href":"https:\/\/www.swedcham.com.br\/en\/wp-json\/wp\/v2\/media?parent=25987"}],"wp:term":[{"taxonomy":"product_brand","embeddable":true,"href":"https:\/\/www.swedcham.com.br\/en\/wp-json\/wp\/v2\/product_brand?post=25987"},{"taxonomy":"product_cat","embeddable":true,"href":"https:\/\/www.swedcham.com.br\/en\/wp-json\/wp\/v2\/product_cat?post=25987"},{"taxonomy":"product_tag","embeddable":true,"href":"https:\/\/www.swedcham.com.br\/en\/wp-json\/wp\/v2\/product_tag?post=25987"}],"curies":[{"name":"wp","href":"https:\/\/api.w.org\/{rel}","templated":true}]}}

Webinar: Manicômio tributário – Reflexões de um sobrevivente

<figure class="wp-block-embed is-type-video is-provider-youtube wp-block-embed-youtube wp-embed-aspect-16-9 wp-has-aspect-ratio"><div class="wp-block-embed__wrapper">
<iframe loading="lazy" title="Manicômio tributário – Reflexões de um sobrevivente" width="640" height="360" src="https://www.youtube.com/embed/Am0-GOxOi7E?feature=oembed" frameborder="0" allow="accelerometer; autoplay; clipboard-write; encrypted-media; gyroscope; picture-in-picture; web-share" referrerpolicy="strict-origin-when-cross-origin" allowfullscreen></iframe>
</div></figure>



<div class="wp-block-columns is-layout-flex wp-container-core-columns-is-layout-9d6595d7 wp-block-columns-is-layout-flex">
<div class="wp-block-column is-layout-flow wp-block-column-is-layout-flow"></div>



<div class="wp-block-column is-layout-flow wp-block-column-is-layout-flow"></div>
</div>



<p>O Brasil é um dos países com a legislação tributária mais complexa do mundo, mas também é destaque em insegurança jurídica, tempo gasto para obedecer a legislação, tempo gasto em discussões administrativas e judiciais, entre vários outros aspectos. Gestores tributários, no Brasil, são verdadeiros sobreviventes de um mundo inóspito e é sobre isso que ouso escrever ao longo deste livro, que espero seja de leitura fácil, onde abordo temas como carga, gestão e governança tributária, incentivos fiscais, planejamento tributário, sempre ancorado na minha experiência de quase 30 anos, atuando como auditor, consultor tributário e executivo de grandes conglomerados multinacionais.</p>



<div class="wp-block-group"><div class="wp-block-group__inner-container is-layout-flow wp-block-group-is-layout-flow">
<div class="wp-block-columns is-layout-flex wp-container-core-columns-is-layout-9d6595d7 wp-block-columns-is-layout-flex">
<div class="wp-block-column is-layout-flow wp-block-column-is-layout-flow" style="flex-basis:100%">
<div class="wp-block-columns alignwide is-layout-flex wp-container-core-columns-is-layout-9d6595d7 wp-block-columns-is-layout-flex">
<div class="wp-block-column is-layout-flow wp-block-column-is-layout-flow" style="flex-basis:100%"><div class="wp-block-image">
<figure class="alignleft size-full"><a href="https://www.swedcham.com.br/wp-content/uploads/2022/11/af-e1668163879418.jpg"><img loading="lazy" decoding="async" width="250" height="292" src="https://www.swedcham.com.br/wp-content/uploads/2022/11/af-e1668163879418.jpg" alt="" class="wp-image-25990"/></a><figcaption class="wp-element-caption"><strong>Augusto Flores&nbsp;</strong>-Vice President | Tax South America | Volvo Group.<br>Bacharel em Ciências Contábeis, executivo com mais de 25 anos de experiência destacada na área tributária. Professor convidado em cursos de graduação e pós-graduação, palestrante, mentor, escritor e articulista, sempre tratando de Gestão Tributária num contexto de Liderança, Comunicação, Negociação, Pensamento Crítico, Estratégia e Transformação Digital. Em 2021 foi agraciado com o Prêmio Profissional Mérito ANEFAC, na categoria Tributos.</figcaption></figure>
</div></div>
</div>
</div>
</div>
</div></div>



<p></p>



<p></p>

<p>O Brasil é um dos países com a legislação tributária mais complexa do mundo, mas também é destaque em insegurança</p>
