{"id":25924,"date":"2022-10-28T10:21:00","date_gmt":"2022-10-28T13:21:00","guid":{"rendered":"https:\/\/www.swedcham.com.br\/?post_type=product&#038;p=25924"},"modified":"2022-11-11T06:23:11","modified_gmt":"2022-11-11T09:23:11","slug":"lancamento-do-manual-de-praticas-esg-para-medias-e-pequenas-empresas","status":"publish","type":"product","link":"https:\/\/www.swedcham.com.br\/en\/product\/our-events\/lancamento-do-manual-de-praticas-esg-para-medias-e-pequenas-empresas\/","title":{"rendered":"Lan\u00e7amento do Manual de Pr\u00e1ticas ESG para M\u00e9dias e Pequenas Empresas"},"content":{"rendered":"\n<div class=\"wp-block-columns is-layout-flex wp-container-core-columns-is-layout-9d6595d7 wp-block-columns-is-layout-flex\">\n<div class=\"wp-block-column is-layout-flow wp-block-column-is-layout-flow\" style=\"flex-basis:20%\"><\/div>\n\n\n\n<div class=\"wp-block-column is-layout-flow wp-block-column-is-layout-flow\" style=\"flex-basis:80%\">\n<figure class=\"wp-block-embed is-type-video is-provider-youtube wp-block-embed-youtube wp-embed-aspect-16-9 wp-has-aspect-ratio\"><div class=\"wp-block-embed__wrapper\">\n<iframe loading=\"lazy\" title=\"Lan\u00e7amento do Manual de Pr\u00e1ticas ESG para M\u00e9dias e Pequenas Empresas\" width=\"640\" height=\"360\" src=\"https:\/\/www.youtube.com\/embed\/WoxExlj_Ed4?feature=oembed\" frameborder=\"0\" allow=\"accelerometer; autoplay; clipboard-write; encrypted-media; gyroscope; picture-in-picture; web-share\" referrerpolicy=\"strict-origin-when-cross-origin\" allowfullscreen><\/iframe>\n<\/div><\/figure>\n<\/div>\n<\/div>\n\n\n\n<p><strong>Lan\u00e7amento do Manual de Pr\u00e1ticas ESG para M\u00e9dias e Pequenas Empresas<\/strong><\/p>\n\n\n\n<p>O <strong>Comit\u00ea de Inova\u00e7\u00e3o e Sustentabilidade<\/strong> da Swedcham e a <strong>Embaixada da Su\u00e9cia no Brasil<\/strong> lan\u00e7ou o\u00a0\u00a0<em><strong>Manual de Pr\u00e1ticas ESG para M\u00e9dias e Pequenas Empresa<\/strong>s<\/em>, uma publica\u00e7\u00e3o que resulta do trabalho conjunto entre empresas e a C\u00e2mara Sueca.\u00a0<br>O lan\u00e7amento aconteceu durante a Innovation Week, evento anual promovido pela Embaixada da Su\u00e9cia que visa apresentar e debater diferentes iniciativas voltadas para a inova\u00e7\u00e3o.\u00a0<br><br><strong>O evento contou com a presen\u00e7a da embaixadora da Su\u00e9cia, Karin Wallensteen.<\/strong><\/p>\n\n\n\n<p><\/p>\n\n\n\n<p><\/p>\n","protected":false},"excerpt":{"rendered":"<p>Lan\u00e7amento do Manual de Pr\u00e1ticas ESG para M\u00e9dias e Pequenas Empresas O Comit\u00ea de Inova\u00e7\u00e3o e Sustentabilidade da Swedcham e<\/p>\n","protected":false},"featured_media":25965,"template":"","meta":[],"product_brand":[],"product_cat":[228],"product_tag":[],"class_list":{"0":"post-25924","1":"product","2":"type-product","3":"status-publish","4":"has-post-thumbnail","6":"product_cat-our-events","8":"first","9":"instock","10":"shipping-taxable","11":"product-type-simple"},"_links":{"self":[{"href":"https:\/\/www.swedcham.com.br\/en\/wp-json\/wp\/v2\/product\/25924","targetHints":{"allow":["GET"]}}],"collection":[{"href":"https:\/\/www.swedcham.com.br\/en\/wp-json\/wp\/v2\/product"}],"about":[{"href":"https:\/\/www.swedcham.com.br\/en\/wp-json\/wp\/v2\/types\/product"}],"wp:featuredmedia":[{"embeddable":true,"href":"https:\/\/www.swedcham.com.br\/en\/wp-json\/wp\/v2\/media\/25965"}],"wp:attachment":[{"href":"https:\/\/www.swedcham.com.br\/en\/wp-json\/wp\/v2\/media?parent=25924"}],"wp:term":[{"taxonomy":"product_brand","embeddable":true,"href":"https:\/\/www.swedcham.com.br\/en\/wp-json\/wp\/v2\/product_brand?post=25924"},{"taxonomy":"product_cat","embeddable":true,"href":"https:\/\/www.swedcham.com.br\/en\/wp-json\/wp\/v2\/product_cat?post=25924"},{"taxonomy":"product_tag","embeddable":true,"href":"https:\/\/www.swedcham.com.br\/en\/wp-json\/wp\/v2\/product_tag?post=25924"}],"curies":[{"name":"wp","href":"https:\/\/api.w.org\/{rel}","templated":true}]}}

Lançamento do Manual de Práticas ESG para Médias e Pequenas Empresas

<div class="wp-block-columns is-layout-flex wp-container-core-columns-is-layout-9d6595d7 wp-block-columns-is-layout-flex">
<div class="wp-block-column is-layout-flow wp-block-column-is-layout-flow" style="flex-basis:20%"></div>



<div class="wp-block-column is-layout-flow wp-block-column-is-layout-flow" style="flex-basis:80%">
<figure class="wp-block-embed is-type-video is-provider-youtube wp-block-embed-youtube wp-embed-aspect-16-9 wp-has-aspect-ratio"><div class="wp-block-embed__wrapper">
<iframe loading="lazy" title="Lançamento do Manual de Práticas ESG para Médias e Pequenas Empresas" width="640" height="360" src="https://www.youtube.com/embed/WoxExlj_Ed4?feature=oembed" frameborder="0" allow="accelerometer; autoplay; clipboard-write; encrypted-media; gyroscope; picture-in-picture; web-share" referrerpolicy="strict-origin-when-cross-origin" allowfullscreen></iframe>
</div></figure>
</div>
</div>



<p><strong>Lançamento do Manual de Práticas ESG para Médias e Pequenas Empresas</strong></p>



<p>O <strong>Comitê de Inovação e Sustentabilidade</strong> da Swedcham e a <strong>Embaixada da Suécia no Brasil</strong> lançou o  <em><strong>Manual de Práticas ESG para Médias e Pequenas Empresa</strong>s</em>, uma publicação que resulta do trabalho conjunto entre empresas e a Câmara Sueca. <br>O lançamento aconteceu durante a Innovation Week, evento anual promovido pela Embaixada da Suécia que visa apresentar e debater diferentes iniciativas voltadas para a inovação. <br><br><strong>O evento contou com a presença da embaixadora da Suécia, Karin Wallensteen.</strong></p>



<p></p>



<p></p>

<p>Lançamento do Manual de Práticas ESG para Médias e Pequenas Empresas O Comitê de Inovação e Sustentabilidade da Swedcham e</p>
