{"id":25859,"date":"2022-09-25T10:48:00","date_gmt":"2022-09-25T13:48:00","guid":{"rendered":"https:\/\/www.swedcham.com.br\/?post_type=product&#038;p=25859"},"modified":"2022-10-21T15:23:15","modified_gmt":"2022-10-21T18:23:15","slug":"friday-fika-presencial-instituto-ethos","status":"publish","type":"product","link":"https:\/\/www.swedcham.com.br\/en\/product\/our-events\/friday-fika\/friday-fika-presencial-instituto-ethos\/","title":{"rendered":"Friday\u00a0Fika\u00a0presencial &#8211; Instituto Ethos!"},"content":{"rendered":"\n<p><a href=\"https:\/\/us11.admin.mailchimp.com\/\"><\/a><\/p>\n\n\n\n<figure class=\"wp-block-embed is-type-video is-provider-youtube wp-block-embed-youtube wp-embed-aspect-16-9 wp-has-aspect-ratio\"><div class=\"wp-block-embed__wrapper\">\n<iframe loading=\"lazy\" title=\"Friday Fika: Felipe Saboya e Rita Teixeira, do Instituto Ethos\" width=\"640\" height=\"360\" src=\"https:\/\/www.youtube.com\/embed\/ueLXV1swgLQ?feature=oembed\" frameborder=\"0\" allow=\"accelerometer; autoplay; clipboard-write; encrypted-media; gyroscope; picture-in-picture; web-share\" referrerpolicy=\"strict-origin-when-cross-origin\" allowfullscreen><\/iframe>\n<\/div><\/figure>\n\n\n\n<p>Nosso<strong>&nbsp;Friday&nbsp;Fika<\/strong>&nbsp;dessa&nbsp;semana&nbsp;promete!<\/p>\n\n\n\n<p>Assista o bate-papo descontra\u00eddo entre Jonas Lindstr\u00f6m,\u00a0<strong>Felipe Saboya,\u00a0Diretor Executivo de Rela\u00e7\u00f5es Institucionais<\/strong><strong>\u00a0 e\u00a0<\/strong>\u00a0<strong>Rita Teixeira, Coordenadora de Relacionamento\u00a0<\/strong>do\u00a0<strong><em>Instituto Ethos<\/em><\/strong>.<br><br>Ou\u00e7a sobre o trabalho que a Rita e o Felipe desenvolvem junto ao Instituto Ethos &#8211; e\u00a0troque\u00a0id\u00e9ias sobre como\u00a0<strong>aprofundar\u00a0<\/strong>seu compromisso com a\u00a0<strong>responsabilidade social\u00a0<\/strong>e o\u00a0<strong>desenvolvimento sustent\u00e1vel\u00a0<\/strong>na pr\u00e1tica.<br><br><em>O Instituto Ethos de Empresas e Responsabilidade Social \u00e9 uma Oscip cuja miss\u00e3o \u00e9 mobilizar, sensibilizar e ajudar as empresas a gerirem seus neg\u00f3cios de forma socialmente respons\u00e1vel, tornando-as parceiras na constru\u00e7\u00e3o de uma sociedade justa e sustent\u00e1vel.<\/em><br><br><\/p>\n","protected":false},"excerpt":{"rendered":"<p>Nosso&nbsp;Friday&nbsp;Fika&nbsp;dessa&nbsp;semana&nbsp;promete! Assista o bate-papo descontra\u00eddo entre Jonas Lindstr\u00f6m,\u00a0Felipe Saboya,\u00a0Diretor Executivo de Rela\u00e7\u00f5es Institucionais\u00a0 e\u00a0\u00a0Rita Teixeira, Coordenadora de Relacionamento\u00a0do\u00a0Instituto Ethos. Ou\u00e7a<\/p>\n","protected":false},"featured_media":25867,"template":"","meta":[],"product_brand":[],"product_cat":[199],"product_tag":[],"class_list":{"0":"post-25859","1":"product","2":"type-product","3":"status-publish","4":"has-post-thumbnail","6":"product_cat-friday-fika","8":"first","9":"instock","10":"shipping-taxable","11":"product-type-simple"},"_links":{"self":[{"href":"https:\/\/www.swedcham.com.br\/en\/wp-json\/wp\/v2\/product\/25859","targetHints":{"allow":["GET"]}}],"collection":[{"href":"https:\/\/www.swedcham.com.br\/en\/wp-json\/wp\/v2\/product"}],"about":[{"href":"https:\/\/www.swedcham.com.br\/en\/wp-json\/wp\/v2\/types\/product"}],"wp:featuredmedia":[{"embeddable":true,"href":"https:\/\/www.swedcham.com.br\/en\/wp-json\/wp\/v2\/media\/25867"}],"wp:attachment":[{"href":"https:\/\/www.swedcham.com.br\/en\/wp-json\/wp\/v2\/media?parent=25859"}],"wp:term":[{"taxonomy":"product_brand","embeddable":true,"href":"https:\/\/www.swedcham.com.br\/en\/wp-json\/wp\/v2\/product_brand?post=25859"},{"taxonomy":"product_cat","embeddable":true,"href":"https:\/\/www.swedcham.com.br\/en\/wp-json\/wp\/v2\/product_cat?post=25859"},{"taxonomy":"product_tag","embeddable":true,"href":"https:\/\/www.swedcham.com.br\/en\/wp-json\/wp\/v2\/product_tag?post=25859"}],"curies":[{"name":"wp","href":"https:\/\/api.w.org\/{rel}","templated":true}]}}

<p><a href="https://us11.admin.mailchimp.com/"></a></p>



<figure class="wp-block-embed is-type-video is-provider-youtube wp-block-embed-youtube wp-embed-aspect-16-9 wp-has-aspect-ratio"><div class="wp-block-embed__wrapper">
<iframe loading="lazy" title="Friday Fika: Felipe Saboya e Rita Teixeira, do Instituto Ethos" width="640" height="360" src="https://www.youtube.com/embed/ueLXV1swgLQ?feature=oembed" frameborder="0" allow="accelerometer; autoplay; clipboard-write; encrypted-media; gyroscope; picture-in-picture; web-share" referrerpolicy="strict-origin-when-cross-origin" allowfullscreen></iframe>
</div></figure>



<p>Nosso<strong>&nbsp;Friday&nbsp;Fika</strong>&nbsp;dessa&nbsp;semana&nbsp;promete!</p>



<p>Assista o bate-papo descontraído entre Jonas Lindström, <strong>Felipe Saboya, Diretor Executivo de Relações Institucionais</strong><strong>  e </strong> <strong>Rita Teixeira, Coordenadora de Relacionamento </strong>do <strong><em>Instituto Ethos</em></strong>.<br><br>Ouça sobre o trabalho que a Rita e o Felipe desenvolvem junto ao Instituto Ethos &#8211; e troque idéias sobre como <strong>aprofundar </strong>seu compromisso com a <strong>responsabilidade social </strong>e o <strong>desenvolvimento sustentável </strong>na prática.<br><br><em>O Instituto Ethos de Empresas e Responsabilidade Social é uma Oscip cuja missão é mobilizar, sensibilizar e ajudar as empresas a gerirem seus negócios de forma socialmente responsável, tornando-as parceiras na construção de uma sociedade justa e sustentável.</em><br><br></p>

<p>Nosso&nbsp;Friday&nbsp;Fika&nbsp;dessa&nbsp;semana&nbsp;promete! Assista o bate-papo descontraído entre Jonas Lindström, Felipe Saboya, Diretor Executivo de Relações Institucionais  e  Rita Teixeira, Coordenadora de Relacionamento do Instituto Ethos. Ouça</p>
