{"id":25809,"date":"2022-09-26T10:49:00","date_gmt":"2022-09-26T13:49:00","guid":{"rendered":"https:\/\/www.swedcham.com.br\/?post_type=product&#038;p=25809"},"modified":"2022-10-27T12:03:11","modified_gmt":"2022-10-27T15:03:11","slug":"save-the-date-working-with-esg-in-brazil-the-nordic-experience-and-learnings","status":"publish","type":"product","link":"https:\/\/www.swedcham.com.br\/en\/product\/our-events\/save-the-date-working-with-esg-in-brazil-the-nordic-experience-and-learnings\/","title":{"rendered":"Working with ESG in Brazil \u2013 The Nordic Experience and Learnings"},"content":{"rendered":"\n<figure class=\"wp-block-embed is-type-video is-provider-youtube wp-block-embed-youtube wp-embed-aspect-16-9 wp-has-aspect-ratio\"><div class=\"wp-block-embed__wrapper\">\n<iframe loading=\"lazy\" title=\"Working with ESG in Brazil \u2013 The Nordic Experience and Learnings\" width=\"640\" height=\"360\" src=\"https:\/\/www.youtube.com\/embed\/V26_2D0GUO4?feature=oembed\" frameborder=\"0\" allow=\"accelerometer; autoplay; clipboard-write; encrypted-media; gyroscope; picture-in-picture; web-share\" referrerpolicy=\"strict-origin-when-cross-origin\" allowfullscreen><\/iframe>\n<\/div><\/figure>\n\n\n\n<h4 class=\"wp-block-heading\">Speakers<\/h4>\n\n\n\n<div class=\"wp-block-columns is-layout-flex wp-container-core-columns-is-layout-9d6595d7 wp-block-columns-is-layout-flex\">\n<div class=\"wp-block-column is-layout-flow wp-block-column-is-layout-flow\" style=\"flex-basis:20%\">\n<figure class=\"wp-block-image size-full is-resized\"><a href=\"https:\/\/www.swedcham.com.br\/wp-content\/uploads\/2022\/09\/Mai-Tonheim.jpg\"><img loading=\"lazy\" decoding=\"async\" src=\"https:\/\/www.swedcham.com.br\/wp-content\/uploads\/2022\/09\/Mai-Tonheim.jpg\" alt=\"\" class=\"wp-image-25898\" width=\"135\" height=\"135\" srcset=\"https:\/\/www.swedcham.com.br\/wp-content\/uploads\/2022\/09\/Mai-Tonheim.jpg 120w, https:\/\/www.swedcham.com.br\/wp-content\/uploads\/2022\/09\/Mai-Tonheim-100x100.jpg 100w\" sizes=\"auto, (max-width: 135px) 100vw, 135px\" \/><\/a><\/figure>\n<\/div>\n\n\n\n<div class=\"wp-block-column is-layout-flow wp-block-column-is-layout-flow\" style=\"flex-basis:80%\">\n<p><strong>Mai Tonheim <\/strong>is&nbsp;Consul\/Deputy head of mission at Royal <strong>Norwegian Consulate <\/strong>General in Rio de Janeiro.<br>Her main responsibilities are business promotion and supporting Norwegian investments in Brazil.&nbsp;<\/p>\n<\/div>\n<\/div>\n\n\n\n<div class=\"wp-block-columns is-layout-flex wp-container-core-columns-is-layout-9d6595d7 wp-block-columns-is-layout-flex\">\n<div class=\"wp-block-column is-layout-flow wp-block-column-is-layout-flow\" style=\"flex-basis:20%\">\n<figure class=\"wp-block-image size-full is-resized\"><a href=\"https:\/\/www.swedcham.com.br\/wp-content\/uploads\/2022\/09\/Bruno-Brandao.jpg\"><img loading=\"lazy\" decoding=\"async\" src=\"https:\/\/www.swedcham.com.br\/wp-content\/uploads\/2022\/09\/Bruno-Brandao.jpg\" alt=\"\" class=\"wp-image-25885\" width=\"142\" height=\"161\"\/><\/a><\/figure>\n<\/div>\n\n\n\n<div class=\"wp-block-column is-layout-flow wp-block-column-is-layout-flow\" style=\"flex-basis:80%\">\n<p><strong>Bruno Brand\u00e3o<\/strong> is an economist from the Federal University of Minas Gerais, Master in Public Management from the University of York&nbsp;and in International Relations from Barcelona Institute of International Studies (Spain). He has worked for<strong> Transparency International <\/strong>&nbsp;for over ten years, having experience in the organization&#8217;s Secretariat in Germany, coordinating the Climate Financing Integrity Program in Mexico and, since 2016, he has been the executive director of the organization&#8217;s Brazilian chapter.<\/p>\n<\/div>\n<\/div>\n\n\n\n<div class=\"wp-block-columns is-layout-flex wp-container-core-columns-is-layout-9d6595d7 wp-block-columns-is-layout-flex\">\n<div class=\"wp-block-column is-layout-flow wp-block-column-is-layout-flow\" style=\"flex-basis:20%\">\n<figure class=\"wp-block-image size-full\"><a href=\"https:\/\/www.swedcham.com.br\/wp-content\/uploads\/2022\/09\/Jorge-Camargo.jpg\"><img loading=\"lazy\" decoding=\"async\" width=\"144\" height=\"200\" src=\"https:\/\/www.swedcham.com.br\/wp-content\/uploads\/2022\/09\/Jorge-Camargo.jpg\" alt=\"\" class=\"wp-image-25883\"\/><\/a><\/figure>\n<\/div>\n\n\n\n<div class=\"wp-block-column is-layout-flow wp-block-column-is-layout-flow\" style=\"flex-basis:80%\">\n<p><strong>Jorge Camargo&nbsp;<\/strong>is Vice-President of the Board of Trustees of the Brazilian Center for International Relations&nbsp;<strong>(CEBRI<\/strong>) and coordinator of the institution&#8217;s Energy Program. He is also a member of the Boards of Directors of the Ultrapar, Prumo Log\u00edstica Global and A\u00e7u Petr\u00f3leo Groups. He presided over the Brazilian Oil and Gas Institute (IBP) and is currently an independent member of its Board of Directors.&nbsp;He has held executive positions at a number of O&amp;G companies, including Equinor, initially as Senior Vice President in Norway and, after, as Chair of the company in&nbsp;Brazil.<\/p>\n<\/div>\n<\/div>\n\n\n\n<div class=\"wp-block-columns is-layout-flex wp-container-core-columns-is-layout-9d6595d7 wp-block-columns-is-layout-flex\">\n<div class=\"wp-block-column is-layout-flow wp-block-column-is-layout-flow\" style=\"flex-basis:20%\">\n<figure class=\"wp-block-image size-full is-resized\"><a href=\"https:\/\/www.swedcham.com.br\/wp-content\/uploads\/2022\/09\/Juliana-G.-Meyer-Gottardi-.jpg\"><img loading=\"lazy\" decoding=\"async\" src=\"https:\/\/www.swedcham.com.br\/wp-content\/uploads\/2022\/09\/Juliana-G.-Meyer-Gottardi-.jpg\" alt=\"\" class=\"wp-image-25881\" width=\"144\" height=\"187\"\/><\/a><\/figure>\n<\/div>\n\n\n\n<div class=\"wp-block-column is-layout-flow wp-block-column-is-layout-flow\" style=\"flex-basis:80%\">\n<p><strong>Juliana G. Meyer Gottardi<\/strong> is Honorary <strong>Consul General of Norway in S\u00e3o Paulo,<\/strong> Brazil; Legal Director of the Swedish Chamber of Commerce Brazil; Founding Partner of Pacheco Neto Sanden Teisseire (\u201cPNST\u201d) law firm that represents some Nordic groups in Brazil; Chairwoman of the ONG Rede Cultural Beija Flor and also Board member of NBCC.<\/p>\n<\/div>\n<\/div>\n\n\n\n<div class=\"wp-block-columns is-layout-flex wp-container-core-columns-is-layout-9d6595d7 wp-block-columns-is-layout-flex\">\n<div class=\"wp-block-column is-layout-flow wp-block-column-is-layout-flow\" style=\"flex-basis:20%\">\n<figure class=\"wp-block-image size-full is-resized\"><a href=\"https:\/\/www.swedcham.com.br\/wp-content\/uploads\/2022\/09\/Joao-Zeni.jpg\"><img loading=\"lazy\" decoding=\"async\" src=\"https:\/\/www.swedcham.com.br\/wp-content\/uploads\/2022\/09\/Joao-Zeni.jpg\" alt=\"\" class=\"wp-image-25888\" width=\"141\" height=\"190\"\/><\/a><\/figure>\n<\/div>\n\n\n\n<div class=\"wp-block-column is-layout-flow wp-block-column-is-layout-flow\" style=\"flex-basis:80%\">\n<p><strong>Jo\u00e3o Zeni <\/strong>is Sustainability Director for <strong>Electrolux Latin America<\/strong>. leading in form transversal theme in the company, Jo\u00e3o is at the forefront the development and implementation of the strategy of sustainability of the company for Latin America, aligned with the Group&#8217;s strategy and due local regulations, as well as demands for businesses and projects to increase efficiency and company reputation in this field.<\/p>\n<\/div>\n<\/div>\n\n\n\n<div class=\"wp-block-columns is-layout-flex wp-container-core-columns-is-layout-9d6595d7 wp-block-columns-is-layout-flex\">\n<div class=\"wp-block-column is-layout-flow wp-block-column-is-layout-flow\" style=\"flex-basis:20%\">\n<figure class=\"wp-block-image size-full is-resized\"><a href=\"https:\/\/www.swedcham.com.br\/wp-content\/uploads\/2022\/09\/Carlos-Rocha.jpg\"><img loading=\"lazy\" decoding=\"async\" src=\"https:\/\/www.swedcham.com.br\/wp-content\/uploads\/2022\/09\/Carlos-Rocha.jpg\" alt=\"\" class=\"wp-image-25892\" width=\"144\" height=\"166\"\/><\/a><\/figure>\n<\/div>\n\n\n\n<div class=\"wp-block-column is-layout-flow wp-block-column-is-layout-flow\" style=\"flex-basis:80%\">\n<p><strong>Carlos Roch<\/strong>a is Graduated in Mechanical Engineering from UFRJ, with Specialization in Maintenance Management and Manufacture by Poli\/USP. He has been working in the maritime sector for 25 years, in the areas of fleet management, inspection and construction of new vessels.<br>He joined the Maersk Group in 2006 and is now the Technical Director of Frota da Alian\u00e7a, a Brazilian cabotage part of the<strong> A.P. Moller \u2013 Maersk.<\/strong><\/p>\n<\/div>\n<\/div>\n\n\n\n<div class=\"wp-block-columns is-layout-flex wp-container-core-columns-is-layout-9d6595d7 wp-block-columns-is-layout-flex\">\n<div class=\"wp-block-column is-layout-flow wp-block-column-is-layout-flow\" style=\"flex-basis:20%\">\n<figure class=\"wp-block-image size-full is-resized\"><a href=\"https:\/\/www.swedcham.com.br\/wp-content\/uploads\/2022\/09\/Flavia-Vieira.jpg\"><img loading=\"lazy\" decoding=\"async\" src=\"https:\/\/www.swedcham.com.br\/wp-content\/uploads\/2022\/09\/Flavia-Vieira.jpg\" alt=\"\" class=\"wp-image-25890\" width=\"139\" height=\"181\"\/><\/a><\/figure>\n<\/div>\n\n\n\n<div class=\"wp-block-column is-layout-flow wp-block-column-is-layout-flow\" style=\"flex-basis:80%\">\n<p><strong>Fl\u00e1via Vieira<\/strong>&nbsp;is HR &amp; HSE South AME Director&nbsp; at <strong>Valmet .<\/strong> She has a bachelor degree in Psychology, with specialization in Business Strategy, M&amp;A at INSEAD\/France, and Human Resources MBA at FIA\/USP. Professional with more than 20 years of HR related experience acquired in management of Latin American countries, having worked in a variety of industries in chemical, pharmaceutical and metallurgical and jobs in Change Management, Strategies, Merger &amp; Acquisition, Diversity, Engagement and Talent.<\/p>\n<\/div>\n<\/div>\n\n\n\n<div class=\"wp-block-columns is-layout-flex wp-container-core-columns-is-layout-9d6595d7 wp-block-columns-is-layout-flex\">\n<div class=\"wp-block-column is-layout-flow wp-block-column-is-layout-flow\" style=\"flex-basis:20%\">\n<figure class=\"wp-block-image size-full is-resized\"><a href=\"https:\/\/www.swedcham.com.br\/wp-content\/uploads\/2022\/09\/Pasted.jpg\"><img loading=\"lazy\" decoding=\"async\" src=\"https:\/\/www.swedcham.com.br\/wp-content\/uploads\/2022\/09\/Pasted.jpg\" alt=\"\" class=\"wp-image-25874\" width=\"150\" height=\"187\"\/><\/a><\/figure>\n<\/div>\n\n\n\n<div class=\"wp-block-column is-layout-flow wp-block-column-is-layout-flow\" style=\"flex-basis:80%\">\n<p><strong>Deise Dalla Nora<\/strong> is Food Solution Innovation Director at <strong>Yara Brasil<\/strong>, a strategic area focused on creating value for a sustainable food chain, through initiatives such as circular economy in the biomethane route, generation of carbon credits, regenerative agriculture, among others, preparing the company to meet current and future market trends. At Yara for almost four years, Deise also leads innovation projects in Latin America, acting as head of business development for the newly created ag-tech Varda and she has also contributed to the Digital Farming segment structuring.<\/p>\n<\/div>\n<\/div>\n","protected":false},"excerpt":{"rendered":"<p>Speakers Mai Tonheim is&nbsp;Consul\/Deputy head of mission at Royal Norwegian Consulate General in Rio de Janeiro.Her main responsibilities are business<\/p>\n","protected":false},"featured_media":25813,"template":"","meta":[],"product_brand":[],"product_cat":[228],"product_tag":[],"class_list":{"0":"post-25809","1":"product","2":"type-product","3":"status-publish","4":"has-post-thumbnail","6":"product_cat-our-events","8":"first","9":"instock","10":"shipping-taxable","11":"product-type-simple"},"_links":{"self":[{"href":"https:\/\/www.swedcham.com.br\/en\/wp-json\/wp\/v2\/product\/25809","targetHints":{"allow":["GET"]}}],"collection":[{"href":"https:\/\/www.swedcham.com.br\/en\/wp-json\/wp\/v2\/product"}],"about":[{"href":"https:\/\/www.swedcham.com.br\/en\/wp-json\/wp\/v2\/types\/product"}],"wp:featuredmedia":[{"embeddable":true,"href":"https:\/\/www.swedcham.com.br\/en\/wp-json\/wp\/v2\/media\/25813"}],"wp:attachment":[{"href":"https:\/\/www.swedcham.com.br\/en\/wp-json\/wp\/v2\/media?parent=25809"}],"wp:term":[{"taxonomy":"product_brand","embeddable":true,"href":"https:\/\/www.swedcham.com.br\/en\/wp-json\/wp\/v2\/product_brand?post=25809"},{"taxonomy":"product_cat","embeddable":true,"href":"https:\/\/www.swedcham.com.br\/en\/wp-json\/wp\/v2\/product_cat?post=25809"},{"taxonomy":"product_tag","embeddable":true,"href":"https:\/\/www.swedcham.com.br\/en\/wp-json\/wp\/v2\/product_tag?post=25809"}],"curies":[{"name":"wp","href":"https:\/\/api.w.org\/{rel}","templated":true}]}}

<figure class="wp-block-embed is-type-video is-provider-youtube wp-block-embed-youtube wp-embed-aspect-16-9 wp-has-aspect-ratio"><div class="wp-block-embed__wrapper">
<iframe loading="lazy" title="Working with ESG in Brazil – The Nordic Experience and Learnings" width="640" height="360" src="https://www.youtube.com/embed/V26_2D0GUO4?feature=oembed" frameborder="0" allow="accelerometer; autoplay; clipboard-write; encrypted-media; gyroscope; picture-in-picture; web-share" referrerpolicy="strict-origin-when-cross-origin" allowfullscreen></iframe>
</div></figure>



<h4 class="wp-block-heading">Speakers</h4>



<div class="wp-block-columns is-layout-flex wp-container-core-columns-is-layout-9d6595d7 wp-block-columns-is-layout-flex">
<div class="wp-block-column is-layout-flow wp-block-column-is-layout-flow" style="flex-basis:20%">
<figure class="wp-block-image size-full is-resized"><a href="https://www.swedcham.com.br/wp-content/uploads/2022/09/Mai-Tonheim.jpg"><img loading="lazy" decoding="async" src="https://www.swedcham.com.br/wp-content/uploads/2022/09/Mai-Tonheim.jpg" alt="" class="wp-image-25898" width="135" height="135" srcset="https://www.swedcham.com.br/wp-content/uploads/2022/09/Mai-Tonheim.jpg 120w, https://www.swedcham.com.br/wp-content/uploads/2022/09/Mai-Tonheim-100x100.jpg 100w" sizes="auto, (max-width: 135px) 100vw, 135px" /></a></figure>
</div>



<div class="wp-block-column is-layout-flow wp-block-column-is-layout-flow" style="flex-basis:80%">
<p><strong>Mai Tonheim </strong>is&nbsp;Consul/Deputy head of mission at Royal <strong>Norwegian Consulate </strong>General in Rio de Janeiro.<br>Her main responsibilities are business promotion and supporting Norwegian investments in Brazil.&nbsp;</p>
</div>
</div>



<div class="wp-block-columns is-layout-flex wp-container-core-columns-is-layout-9d6595d7 wp-block-columns-is-layout-flex">
<div class="wp-block-column is-layout-flow wp-block-column-is-layout-flow" style="flex-basis:20%">
<figure class="wp-block-image size-full is-resized"><a href="https://www.swedcham.com.br/wp-content/uploads/2022/09/Bruno-Brandao.jpg"><img loading="lazy" decoding="async" src="https://www.swedcham.com.br/wp-content/uploads/2022/09/Bruno-Brandao.jpg" alt="" class="wp-image-25885" width="142" height="161"/></a></figure>
</div>



<div class="wp-block-column is-layout-flow wp-block-column-is-layout-flow" style="flex-basis:80%">
<p><strong>Bruno Brandão</strong> is an economist from the Federal University of Minas Gerais, Master in Public Management from the University of York&nbsp;and in International Relations from Barcelona Institute of International Studies (Spain). He has worked for<strong> Transparency International </strong>&nbsp;for over ten years, having experience in the organization&#8217;s Secretariat in Germany, coordinating the Climate Financing Integrity Program in Mexico and, since 2016, he has been the executive director of the organization&#8217;s Brazilian chapter.</p>
</div>
</div>



<div class="wp-block-columns is-layout-flex wp-container-core-columns-is-layout-9d6595d7 wp-block-columns-is-layout-flex">
<div class="wp-block-column is-layout-flow wp-block-column-is-layout-flow" style="flex-basis:20%">
<figure class="wp-block-image size-full"><a href="https://www.swedcham.com.br/wp-content/uploads/2022/09/Jorge-Camargo.jpg"><img loading="lazy" decoding="async" width="144" height="200" src="https://www.swedcham.com.br/wp-content/uploads/2022/09/Jorge-Camargo.jpg" alt="" class="wp-image-25883"/></a></figure>
</div>



<div class="wp-block-column is-layout-flow wp-block-column-is-layout-flow" style="flex-basis:80%">
<p><strong>Jorge Camargo&nbsp;</strong>is Vice-President of the Board of Trustees of the Brazilian Center for International Relations&nbsp;<strong>(CEBRI</strong>) and coordinator of the institution&#8217;s Energy Program. He is also a member of the Boards of Directors of the Ultrapar, Prumo Logística Global and Açu Petróleo Groups. He presided over the Brazilian Oil and Gas Institute (IBP) and is currently an independent member of its Board of Directors.&nbsp;He has held executive positions at a number of O&amp;G companies, including Equinor, initially as Senior Vice President in Norway and, after, as Chair of the company in&nbsp;Brazil.</p>
</div>
</div>



<div class="wp-block-columns is-layout-flex wp-container-core-columns-is-layout-9d6595d7 wp-block-columns-is-layout-flex">
<div class="wp-block-column is-layout-flow wp-block-column-is-layout-flow" style="flex-basis:20%">
<figure class="wp-block-image size-full is-resized"><a href="https://www.swedcham.com.br/wp-content/uploads/2022/09/Juliana-G.-Meyer-Gottardi-.jpg"><img loading="lazy" decoding="async" src="https://www.swedcham.com.br/wp-content/uploads/2022/09/Juliana-G.-Meyer-Gottardi-.jpg" alt="" class="wp-image-25881" width="144" height="187"/></a></figure>
</div>



<div class="wp-block-column is-layout-flow wp-block-column-is-layout-flow" style="flex-basis:80%">
<p><strong>Juliana G. Meyer Gottardi</strong> is Honorary <strong>Consul General of Norway in São Paulo,</strong> Brazil; Legal Director of the Swedish Chamber of Commerce Brazil; Founding Partner of Pacheco Neto Sanden Teisseire (“PNST”) law firm that represents some Nordic groups in Brazil; Chairwoman of the ONG Rede Cultural Beija Flor and also Board member of NBCC.</p>
</div>
</div>



<div class="wp-block-columns is-layout-flex wp-container-core-columns-is-layout-9d6595d7 wp-block-columns-is-layout-flex">
<div class="wp-block-column is-layout-flow wp-block-column-is-layout-flow" style="flex-basis:20%">
<figure class="wp-block-image size-full is-resized"><a href="https://www.swedcham.com.br/wp-content/uploads/2022/09/Joao-Zeni.jpg"><img loading="lazy" decoding="async" src="https://www.swedcham.com.br/wp-content/uploads/2022/09/Joao-Zeni.jpg" alt="" class="wp-image-25888" width="141" height="190"/></a></figure>
</div>



<div class="wp-block-column is-layout-flow wp-block-column-is-layout-flow" style="flex-basis:80%">
<p><strong>João Zeni </strong>is Sustainability Director for <strong>Electrolux Latin America</strong>. leading in form transversal theme in the company, João is at the forefront the development and implementation of the strategy of sustainability of the company for Latin America, aligned with the Group&#8217;s strategy and due local regulations, as well as demands for businesses and projects to increase efficiency and company reputation in this field.</p>
</div>
</div>



<div class="wp-block-columns is-layout-flex wp-container-core-columns-is-layout-9d6595d7 wp-block-columns-is-layout-flex">
<div class="wp-block-column is-layout-flow wp-block-column-is-layout-flow" style="flex-basis:20%">
<figure class="wp-block-image size-full is-resized"><a href="https://www.swedcham.com.br/wp-content/uploads/2022/09/Carlos-Rocha.jpg"><img loading="lazy" decoding="async" src="https://www.swedcham.com.br/wp-content/uploads/2022/09/Carlos-Rocha.jpg" alt="" class="wp-image-25892" width="144" height="166"/></a></figure>
</div>



<div class="wp-block-column is-layout-flow wp-block-column-is-layout-flow" style="flex-basis:80%">
<p><strong>Carlos Roch</strong>a is Graduated in Mechanical Engineering from UFRJ, with Specialization in Maintenance Management and Manufacture by Poli/USP. He has been working in the maritime sector for 25 years, in the areas of fleet management, inspection and construction of new vessels.<br>He joined the Maersk Group in 2006 and is now the Technical Director of Frota da Aliança, a Brazilian cabotage part of the<strong> A.P. Moller – Maersk.</strong></p>
</div>
</div>



<div class="wp-block-columns is-layout-flex wp-container-core-columns-is-layout-9d6595d7 wp-block-columns-is-layout-flex">
<div class="wp-block-column is-layout-flow wp-block-column-is-layout-flow" style="flex-basis:20%">
<figure class="wp-block-image size-full is-resized"><a href="https://www.swedcham.com.br/wp-content/uploads/2022/09/Flavia-Vieira.jpg"><img loading="lazy" decoding="async" src="https://www.swedcham.com.br/wp-content/uploads/2022/09/Flavia-Vieira.jpg" alt="" class="wp-image-25890" width="139" height="181"/></a></figure>
</div>



<div class="wp-block-column is-layout-flow wp-block-column-is-layout-flow" style="flex-basis:80%">
<p><strong>Flávia Vieira</strong>&nbsp;is HR &amp; HSE South AME Director&nbsp; at <strong>Valmet .</strong> She has a bachelor degree in Psychology, with specialization in Business Strategy, M&amp;A at INSEAD/France, and Human Resources MBA at FIA/USP. Professional with more than 20 years of HR related experience acquired in management of Latin American countries, having worked in a variety of industries in chemical, pharmaceutical and metallurgical and jobs in Change Management, Strategies, Merger &amp; Acquisition, Diversity, Engagement and Talent.</p>
</div>
</div>



<div class="wp-block-columns is-layout-flex wp-container-core-columns-is-layout-9d6595d7 wp-block-columns-is-layout-flex">
<div class="wp-block-column is-layout-flow wp-block-column-is-layout-flow" style="flex-basis:20%">
<figure class="wp-block-image size-full is-resized"><a href="https://www.swedcham.com.br/wp-content/uploads/2022/09/Pasted.jpg"><img loading="lazy" decoding="async" src="https://www.swedcham.com.br/wp-content/uploads/2022/09/Pasted.jpg" alt="" class="wp-image-25874" width="150" height="187"/></a></figure>
</div>



<div class="wp-block-column is-layout-flow wp-block-column-is-layout-flow" style="flex-basis:80%">
<p><strong>Deise Dalla Nora</strong> is Food Solution Innovation Director at <strong>Yara Brasil</strong>, a strategic area focused on creating value for a sustainable food chain, through initiatives such as circular economy in the biomethane route, generation of carbon credits, regenerative agriculture, among others, preparing the company to meet current and future market trends. At Yara for almost four years, Deise also leads innovation projects in Latin America, acting as head of business development for the newly created ag-tech Varda and she has also contributed to the Digital Farming segment structuring.</p>
</div>
</div>
