{"id":25490,"date":"2022-06-03T11:52:56","date_gmt":"2022-06-03T14:52:56","guid":{"rendered":"https:\/\/www.swedcham.com.br\/?post_type=product&#038;p=25490"},"modified":"2022-06-03T20:34:25","modified_gmt":"2022-06-03T23:34:25","slug":"revisao-de-classificacao-fiscal-e-sistema-harmonizado-2022","status":"publish","type":"product","link":"https:\/\/www.swedcham.com.br\/en\/product\/our-events\/revisao-de-classificacao-fiscal-e-sistema-harmonizado-2022\/","title":{"rendered":"Revis\u00e3o de Classifica\u00e7\u00e3o Fiscal e Sistema Harmonizado 2022"},"content":{"rendered":"\n<p><\/p>\n\n\n\n<p><a href=\"https:\/\/youtu.be\/56EzagsKZmM\">Assista aqui!<\/a><\/p>\n\n\n\n<p><br><br><em><strong>Revis\u00e3o de Classifica\u00e7\u00e3o Fiscal e Sistema Harmonizado 2022<\/strong><\/em><\/p>\n\n\n\n<p><br>Import\u00e2ncia da classifica\u00e7\u00e3o fiscal e do gerenciamento do banco de dados das empresas, considerando-se ainda a \u00faltima atualiza\u00e7\u00e3o do sistema harmonizado (<em>SH 2022<\/em>) e seus reflexos. Atrelado a classifica\u00e7\u00e3o e desembara\u00e7o de mercadorias, trataremos dos riscos relacionados a classifica\u00e7\u00e3o incorreta, impacto das reclassifica\u00e7\u00f5es e oportunidades decorrentes da revis\u00e3o das classifica\u00e7\u00f5es fiscais.<\/p>\n\n\n\n<p><\/p>\n\n\n\n<p><strong>Keynote Speaker:<\/strong><\/p>\n\n\n\n<div class=\"wp-block-columns is-layout-flex wp-container-core-columns-is-layout-9d6595d7 wp-block-columns-is-layout-flex\">\n<div class=\"wp-block-column is-layout-flow wp-block-column-is-layout-flow\" style=\"flex-basis:25%\">\n<p><img loading=\"lazy\" decoding=\"async\" width=\"320\" height=\"326\" class=\"wp-image-25493\" style=\"\" src=\"https:\/\/www.swedcham.com.br\/wp-content\/uploads\/2022\/05\/PAULO-RICARDO-DE-SOUZA-CARDOSO.png\" alt=\"\" srcset=\"https:\/\/www.swedcham.com.br\/wp-content\/uploads\/2022\/05\/PAULO-RICARDO-DE-SOUZA-CARDOSO.png 320w, https:\/\/www.swedcham.com.br\/wp-content\/uploads\/2022\/05\/PAULO-RICARDO-DE-SOUZA-CARDOSO-294x300.png 294w\" sizes=\"auto, (max-width: 320px) 100vw, 320px\" \/><\/p>\n<\/div>\n\n\n\n<div class=\"wp-block-column is-layout-flow wp-block-column-is-layout-flow\" style=\"flex-basis:75%\">\n<p><strong>Dr. Paulo Ricardo de Souza Cardoso<\/strong> &#8211; Secretario-Adjunto e Substituto da Secretaria da Receita Federal do Brasil (2015-2018). Graduado em Engenharia (PUCRS), Ci\u00eancias Cont\u00e1beis (FURG) e Direito (UFRGS), Especializado em Direito Tribut\u00e1rio (UCB-DF)<\/p>\n\n\n\n<p><strong>Tema:<\/strong> Ades\u00e3o do Brasil \u00e0 OCDE e os Pre\u00e7os de Transfer\u00eanciao Princ\u00edpio Arm&#8217;s Length; partes vinculadas; transa\u00e7\u00f5es controladas; comparabilidade; m\u00e9todos e aspectos espec\u00edficos para as transa\u00e7\u00f5es envolvidas; e mecanismos para simplifica\u00e7\u00e3o e seguran\u00e7a jur\u00eddica.<\/p>\n<\/div>\n<\/div>\n\n\n\n<p class=\"has-text-align-left\"><span style=\"color: #000000;\"><\/span><strong>Moderador:<\/strong><\/p>\n\n\n\n<div class=\"wp-block-columns is-layout-flex wp-container-core-columns-is-layout-9d6595d7 wp-block-columns-is-layout-flex\">\n<div class=\"wp-block-column is-layout-flow wp-block-column-is-layout-flow\" style=\"flex-basis:25%\">\n<figure class=\"wp-block-image size-full is-resized\"><a href=\"https:\/\/www.swedcham.com.br\/wp-content\/uploads\/2022\/05\/2222-e1653058782156.png\"><img loading=\"lazy\" decoding=\"async\" src=\"https:\/\/www.swedcham.com.br\/wp-content\/uploads\/2022\/05\/2222-e1653058782156.png\" alt=\"\" class=\"wp-image-25495\" width=\"201\" height=\"217\"\/><\/a><\/figure>\n<\/div>\n\n\n\n<div class=\"wp-block-column is-layout-flow wp-block-column-is-layout-flow\" style=\"flex-basis:75%\">\n<p><strong>Dr. Luis Carlos Szymonowicz&nbsp;<\/strong>&#8211;&nbsp;Graduado e Mestre em Direito pela Faculdade de Direito da Universidade de S\u00e3o Paulo \u2013 USP. P\u00f3s-Graduado em Banking e Contabilidade pela Funda\u00e7\u00e3o Get\u00falio Vargas \u2013 FGV SP. Consultor da FIA&nbsp;\u2013 USP e Funcex. Presidente da Comiss\u00e3o de Rela\u00e7\u00f5es Internacionais da OAB\/SP. Membro do Conselho Tribut\u00e1rio e de &nbsp;Rela\u00e7\u00f5es Internacionais da FECOMERCIO<\/p>\n<\/div>\n<\/div>\n\n\n\n<p><strong>Debatedores:<\/strong><\/p>\n\n\n\n<div class=\"wp-block-columns is-layout-flex wp-container-core-columns-is-layout-9d6595d7 wp-block-columns-is-layout-flex\">\n<div class=\"wp-block-column is-layout-flow wp-block-column-is-layout-flow\" style=\"flex-basis:25%\">\n<figure class=\"wp-block-image size-full is-resized\"><a href=\"https:\/\/www.swedcham.com.br\/wp-content\/uploads\/2022\/05\/Gabriela-Tiussi-e1653058934680.jpg\"><img loading=\"lazy\" decoding=\"async\" src=\"https:\/\/www.swedcham.com.br\/wp-content\/uploads\/2022\/05\/Gabriela-Tiussi-e1653058934680.jpg\" alt=\"\" class=\"wp-image-25497\" width=\"199\" height=\"200\"\/><\/a><\/figure>\n<\/div>\n\n\n\n<div class=\"wp-block-column is-layout-flow wp-block-column-is-layout-flow\" style=\"flex-basis:75%\">\n<p><strong>Dra.<\/strong> <strong>Gabriela Tiussi&nbsp;<\/strong>&#8211; Advogada especialista em Com\u00e9rcio Exterior. Graduada em Direito (PUC-Camp). P\u00f3s-graduada em Com\u00e9rcio Exterior (UNICAMP), especialista em Compliance (INSPER). Conselheira da C\u00e2mara de Com\u00e9rcio Belgo-Luxemburguesa no Brasil (Belgalux), Diretora da Comiss\u00e3o Especial de Rela\u00e7\u00f5es Internacionais da OAB\/SP e membro da Comiss\u00e3o de Direito Aduaneiro da OAB Campinas<\/p>\n<\/div>\n<\/div>\n\n\n\n<div class=\"wp-block-columns is-layout-flex wp-container-core-columns-is-layout-9d6595d7 wp-block-columns-is-layout-flex\">\n<div class=\"wp-block-column is-layout-flow wp-block-column-is-layout-flow\" style=\"flex-basis:25%\">\n<figure class=\"wp-block-image size-full is-resized\"><a href=\"https:\/\/www.swedcham.com.br\/wp-content\/uploads\/2022\/05\/Ciro-Cesar-Soriano-de-Oliveira-e1653059023869.jpg\"><img loading=\"lazy\" decoding=\"async\" src=\"https:\/\/www.swedcham.com.br\/wp-content\/uploads\/2022\/05\/Ciro-Cesar-Soriano-de-Oliveira-e1653059023869.jpg\" alt=\"\" class=\"wp-image-25499\" width=\"198\" height=\"198\"\/><\/a><\/figure>\n<\/div>\n\n\n\n<div class=\"wp-block-column is-layout-flow wp-block-column-is-layout-flow\" style=\"flex-basis:75%\">\n<p><strong>Dr.<\/strong> <strong>Ciro Cesar Soriano de Oliveira &#8211;&nbsp;<\/strong>Graduado em Direito (USP). MBA em Economia (FIPE-USP). MBA Executivo pela Funda\u00e7\u00e3o Dom Cabral. Executive LLM em Direito Empresarial CEU Law School. Mestrando em Tributa\u00e7\u00e3o Internacional pelo Instituto Brasileiro de Direito Tribut\u00e1rio. Membro efetivo da Comiss\u00e3o Especial de Direito Tribut\u00e1rio da OAB, Se\u00e7\u00e3o de S\u00e3o Paulo, para o tri\u00eanio 2016-2018.<\/p>\n\n\n\n<p><\/p>\n<\/div>\n<\/div>\n\n\n\n<p><\/p>\n\n\n\n<figure class=\"wp-block-image size-full\"><a href=\"https:\/\/www.swedcham.com.br\/wp-content\/uploads\/2022\/05\/B4-1.jpg\"><img loading=\"lazy\" decoding=\"async\" width=\"602\" height=\"148\" src=\"https:\/\/www.swedcham.com.br\/wp-content\/uploads\/2022\/05\/B4-1.jpg\" alt=\"\" class=\"wp-image-25509\" srcset=\"https:\/\/www.swedcham.com.br\/wp-content\/uploads\/2022\/05\/B4-1.jpg 602w, https:\/\/www.swedcham.com.br\/wp-content\/uploads\/2022\/05\/B4-1-300x74.jpg 300w, https:\/\/www.swedcham.com.br\/wp-content\/uploads\/2022\/05\/B4-1-600x148.jpg 600w\" sizes=\"auto, (max-width: 602px) 100vw, 602px\" \/><\/a><\/figure>\n\n\n\n<p><\/p>\n","protected":false},"excerpt":{"rendered":"<p>Assista aqui! Revis\u00e3o de Classifica\u00e7\u00e3o Fiscal e Sistema Harmonizado 2022 Import\u00e2ncia da classifica\u00e7\u00e3o fiscal e do gerenciamento do banco de<\/p>\n","protected":false},"featured_media":25516,"template":"","meta":[],"product_brand":[],"product_cat":[228],"product_tag":[],"class_list":{"0":"post-25490","1":"product","2":"type-product","3":"status-publish","4":"has-post-thumbnail","6":"product_cat-our-events","8":"first","9":"instock","10":"shipping-taxable","11":"product-type-simple"},"_links":{"self":[{"href":"https:\/\/www.swedcham.com.br\/en\/wp-json\/wp\/v2\/product\/25490","targetHints":{"allow":["GET"]}}],"collection":[{"href":"https:\/\/www.swedcham.com.br\/en\/wp-json\/wp\/v2\/product"}],"about":[{"href":"https:\/\/www.swedcham.com.br\/en\/wp-json\/wp\/v2\/types\/product"}],"wp:featuredmedia":[{"embeddable":true,"href":"https:\/\/www.swedcham.com.br\/en\/wp-json\/wp\/v2\/media\/25516"}],"wp:attachment":[{"href":"https:\/\/www.swedcham.com.br\/en\/wp-json\/wp\/v2\/media?parent=25490"}],"wp:term":[{"taxonomy":"product_brand","embeddable":true,"href":"https:\/\/www.swedcham.com.br\/en\/wp-json\/wp\/v2\/product_brand?post=25490"},{"taxonomy":"product_cat","embeddable":true,"href":"https:\/\/www.swedcham.com.br\/en\/wp-json\/wp\/v2\/product_cat?post=25490"},{"taxonomy":"product_tag","embeddable":true,"href":"https:\/\/www.swedcham.com.br\/en\/wp-json\/wp\/v2\/product_tag?post=25490"}],"curies":[{"name":"wp","href":"https:\/\/api.w.org\/{rel}","templated":true}]}}

Revisão de Classificação Fiscal e Sistema Harmonizado 2022

<p></p>



<p><a href="https://youtu.be/56EzagsKZmM">Assista aqui!</a></p>



<p><br><br><em><strong>Revisão de Classificação Fiscal e Sistema Harmonizado 2022</strong></em></p>



<p><br>Importância da classificação fiscal e do gerenciamento do banco de dados das empresas, considerando-se ainda a última atualização do sistema harmonizado (<em>SH 2022</em>) e seus reflexos. Atrelado a classificação e desembaraço de mercadorias, trataremos dos riscos relacionados a classificação incorreta, impacto das reclassificações e oportunidades decorrentes da revisão das classificações fiscais.</p>



<p></p>



<p><strong>Keynote Speaker:</strong></p>



<div class="wp-block-columns is-layout-flex wp-container-core-columns-is-layout-9d6595d7 wp-block-columns-is-layout-flex">
<div class="wp-block-column is-layout-flow wp-block-column-is-layout-flow" style="flex-basis:25%">
<p><img loading="lazy" decoding="async" width="320" height="326" class="wp-image-25493" style="" src="https://www.swedcham.com.br/wp-content/uploads/2022/05/PAULO-RICARDO-DE-SOUZA-CARDOSO.png" alt="" srcset="https://www.swedcham.com.br/wp-content/uploads/2022/05/PAULO-RICARDO-DE-SOUZA-CARDOSO.png 320w, https://www.swedcham.com.br/wp-content/uploads/2022/05/PAULO-RICARDO-DE-SOUZA-CARDOSO-294x300.png 294w" sizes="auto, (max-width: 320px) 100vw, 320px" /></p>
</div>



<div class="wp-block-column is-layout-flow wp-block-column-is-layout-flow" style="flex-basis:75%">
<p><strong>Dr. Paulo Ricardo de Souza Cardoso</strong> &#8211; Secretario-Adjunto e Substituto da Secretaria da Receita Federal do Brasil (2015-2018). Graduado em Engenharia (PUCRS), Ciências Contábeis (FURG) e Direito (UFRGS), Especializado em Direito Tributário (UCB-DF)</p>



<p><strong>Tema:</strong> Adesão do Brasil à OCDE e os Preços de Transferênciao Princípio Arm&#8217;s Length; partes vinculadas; transações controladas; comparabilidade; métodos e aspectos específicos para as transações envolvidas; e mecanismos para simplificação e segurança jurídica.</p>
</div>
</div>



<p class="has-text-align-left"><span style="color: #000000;"></span><strong>Moderador:</strong></p>



<div class="wp-block-columns is-layout-flex wp-container-core-columns-is-layout-9d6595d7 wp-block-columns-is-layout-flex">
<div class="wp-block-column is-layout-flow wp-block-column-is-layout-flow" style="flex-basis:25%">
<figure class="wp-block-image size-full is-resized"><a href="https://www.swedcham.com.br/wp-content/uploads/2022/05/2222-e1653058782156.png"><img loading="lazy" decoding="async" src="https://www.swedcham.com.br/wp-content/uploads/2022/05/2222-e1653058782156.png" alt="" class="wp-image-25495" width="201" height="217"/></a></figure>
</div>



<div class="wp-block-column is-layout-flow wp-block-column-is-layout-flow" style="flex-basis:75%">
<p><strong>Dr. Luis Carlos Szymonowicz&nbsp;</strong>&#8211;&nbsp;Graduado e Mestre em Direito pela Faculdade de Direito da Universidade de São Paulo – USP. Pós-Graduado em Banking e Contabilidade pela Fundação Getúlio Vargas – FGV SP. Consultor da FIA&nbsp;– USP e Funcex. Presidente da Comissão de Relações Internacionais da OAB/SP. Membro do Conselho Tributário e de &nbsp;Relações Internacionais da FECOMERCIO</p>
</div>
</div>



<p><strong>Debatedores:</strong></p>



<div class="wp-block-columns is-layout-flex wp-container-core-columns-is-layout-9d6595d7 wp-block-columns-is-layout-flex">
<div class="wp-block-column is-layout-flow wp-block-column-is-layout-flow" style="flex-basis:25%">
<figure class="wp-block-image size-full is-resized"><a href="https://www.swedcham.com.br/wp-content/uploads/2022/05/Gabriela-Tiussi-e1653058934680.jpg"><img loading="lazy" decoding="async" src="https://www.swedcham.com.br/wp-content/uploads/2022/05/Gabriela-Tiussi-e1653058934680.jpg" alt="" class="wp-image-25497" width="199" height="200"/></a></figure>
</div>



<div class="wp-block-column is-layout-flow wp-block-column-is-layout-flow" style="flex-basis:75%">
<p><strong>Dra.</strong> <strong>Gabriela Tiussi&nbsp;</strong>&#8211; Advogada especialista em Comércio Exterior. Graduada em Direito (PUC-Camp). Pós-graduada em Comércio Exterior (UNICAMP), especialista em Compliance (INSPER). Conselheira da Câmara de Comércio Belgo-Luxemburguesa no Brasil (Belgalux), Diretora da Comissão Especial de Relações Internacionais da OAB/SP e membro da Comissão de Direito Aduaneiro da OAB Campinas</p>
</div>
</div>



<div class="wp-block-columns is-layout-flex wp-container-core-columns-is-layout-9d6595d7 wp-block-columns-is-layout-flex">
<div class="wp-block-column is-layout-flow wp-block-column-is-layout-flow" style="flex-basis:25%">
<figure class="wp-block-image size-full is-resized"><a href="https://www.swedcham.com.br/wp-content/uploads/2022/05/Ciro-Cesar-Soriano-de-Oliveira-e1653059023869.jpg"><img loading="lazy" decoding="async" src="https://www.swedcham.com.br/wp-content/uploads/2022/05/Ciro-Cesar-Soriano-de-Oliveira-e1653059023869.jpg" alt="" class="wp-image-25499" width="198" height="198"/></a></figure>
</div>



<div class="wp-block-column is-layout-flow wp-block-column-is-layout-flow" style="flex-basis:75%">
<p><strong>Dr.</strong> <strong>Ciro Cesar Soriano de Oliveira &#8211;&nbsp;</strong>Graduado em Direito (USP). MBA em Economia (FIPE-USP). MBA Executivo pela Fundação Dom Cabral. Executive LLM em Direito Empresarial CEU Law School. Mestrando em Tributação Internacional pelo Instituto Brasileiro de Direito Tributário. Membro efetivo da Comissão Especial de Direito Tributário da OAB, Seção de São Paulo, para o triênio 2016-2018.</p>



<p></p>
</div>
</div>



<p></p>



<figure class="wp-block-image size-full"><a href="https://www.swedcham.com.br/wp-content/uploads/2022/05/B4-1.jpg"><img loading="lazy" decoding="async" width="602" height="148" src="https://www.swedcham.com.br/wp-content/uploads/2022/05/B4-1.jpg" alt="" class="wp-image-25509" srcset="https://www.swedcham.com.br/wp-content/uploads/2022/05/B4-1.jpg 602w, https://www.swedcham.com.br/wp-content/uploads/2022/05/B4-1-300x74.jpg 300w, https://www.swedcham.com.br/wp-content/uploads/2022/05/B4-1-600x148.jpg 600w" sizes="auto, (max-width: 602px) 100vw, 602px" /></a></figure>



<p></p>

<p>Assista aqui! Revisão de Classificação Fiscal e Sistema Harmonizado 2022 Importância da classificação fiscal e do gerenciamento do banco de</p>
