{"id":25418,"date":"2022-04-25T09:55:56","date_gmt":"2022-04-25T12:55:56","guid":{"rendered":"https:\/\/www.swedcham.com.br\/?post_type=product&#038;p=25418"},"modified":"2022-05-06T11:12:59","modified_gmt":"2022-05-06T14:12:59","slug":"friday-fika-com-paulo-nigro","status":"publish","type":"product","link":"https:\/\/www.swedcham.com.br\/en\/product\/our-events\/friday-fika\/friday-fika-com-paulo-nigro\/","title":{"rendered":"Friday Fika com Paulo Nigro"},"content":{"rendered":"\n<figure class=\"wp-block-image\"><img decoding=\"async\" src=\"https:\/\/www.swedcham.com.br\/wp-content\/uploads\/2021\/11\/fff.png\" alt=\"\" class=\"wp-image-24183\"\/><\/figure>\n\n\n\n<p class=\"has-text-align-left\"><\/p>\n\n\n\n<figure class=\"wp-block-embed is-type-video is-provider-youtube wp-block-embed-youtube wp-embed-aspect-16-9 wp-has-aspect-ratio\"><div class=\"wp-block-embed__wrapper\">\n<iframe loading=\"lazy\" title=\"Friday Fika com Paulo Nigro\" width=\"640\" height=\"360\" src=\"https:\/\/www.youtube.com\/embed\/PKdsdbFwRpc?feature=oembed\" frameborder=\"0\" allow=\"accelerometer; autoplay; clipboard-write; encrypted-media; gyroscope; picture-in-picture; web-share\" referrerpolicy=\"strict-origin-when-cross-origin\" allowfullscreen><\/iframe>\n<\/div><\/figure>\n\n\n\n<p class=\"has-text-align-left\">Paulo&nbsp;\u00e9 estrategista, desenvolvedor de neg\u00f3cios e&nbsp;l\u00edder reconhecido nas \u00e1reas de <em>Inova\u00e7\u00e3o e Sustentabilidade<\/em>. Sua rela\u00e7\u00e3o com a Su\u00e9cia \u00e9 de longa data, com quase 30 anos respirando a&nbsp;cultura, o tornando um grande admirador.&nbsp;O ex-CEO da empresa&nbsp;<em>Tetra Pak &#8211;&nbsp;<\/em>al\u00e9m de ter sido<em>&nbsp;<\/em>diretor da Swedcham &#8211;&nbsp;afirma que os valores da cultura sueca pautaram a sua vida pessoal e profissional.<\/p>\n\n\n\n<p>Em sua trajet\u00f3ria, atuou como CEO em diversos pa\u00edses, como EUA, It\u00e1lia, Canad\u00e1 e Brasil. Iniciou sua carreira profissional como Trainee na Philips, passando pela AGA, Goodyear e depois de seus 24 anos na Tetra Pak, foi presidente do Ach\u00e9 Laborat\u00f3rios. Atualmente est\u00e1 \u00e0 frente da dire\u00e7\u00e3o do Hospital S\u00edrio-Liban\u00eas. Esta \u00e9 a primeira vez que um executivo sem forma\u00e7\u00e3o m\u00e9dica divide a presid\u00eancia do tradicional hospital, que acaba de completar 100 anos.<\/p>\n\n\n\n<p>Nesse fika, vamos conhecer de perto esse l\u00edder nato, saber como chegou at\u00e9 o topo da carreira e ouvir como transformar&nbsp;<em>Inova\u00e7\u00e3o<\/em> e <em>Sustentabilidade <\/em>em resultados para a sua&nbsp;empresa.<\/p>\n\n\n\n<div class=\"wp-block-image\"><figure class=\"alignleft\"><img loading=\"lazy\" decoding=\"async\" width=\"1280\" height=\"640\" src=\"https:\/\/www.swedcham.com.br\/wp-content\/uploads\/2021\/05\/banner-final.jpg\" alt=\"\" class=\"wp-image-22977\" srcset=\"https:\/\/www.swedcham.com.br\/wp-content\/uploads\/2021\/05\/banner-final.jpg 1280w, https:\/\/www.swedcham.com.br\/wp-content\/uploads\/2021\/05\/banner-final-600x300.jpg 600w, https:\/\/www.swedcham.com.br\/wp-content\/uploads\/2021\/05\/banner-final-300x150.jpg 300w, https:\/\/www.swedcham.com.br\/wp-content\/uploads\/2021\/05\/banner-final-1024x512.jpg 1024w, https:\/\/www.swedcham.com.br\/wp-content\/uploads\/2021\/05\/banner-final-768x384.jpg 768w, https:\/\/www.swedcham.com.br\/wp-content\/uploads\/2021\/05\/banner-final-100x50.jpg 100w\" sizes=\"auto, (max-width: 1280px) 100vw, 1280px\" \/><\/figure><\/div>\n","protected":false},"excerpt":{"rendered":"<p>Paulo&nbsp;\u00e9 estrategista, desenvolvedor de neg\u00f3cios e&nbsp;l\u00edder reconhecido nas \u00e1reas de Inova\u00e7\u00e3o e Sustentabilidade. Sua rela\u00e7\u00e3o com a Su\u00e9cia \u00e9 de<\/p>\n","protected":false},"featured_media":25420,"template":"","meta":[],"product_brand":[],"product_cat":[199],"product_tag":[],"class_list":{"0":"post-25418","1":"product","2":"type-product","3":"status-publish","4":"has-post-thumbnail","6":"product_cat-friday-fika","8":"first","9":"instock","10":"shipping-taxable","11":"product-type-simple"},"_links":{"self":[{"href":"https:\/\/www.swedcham.com.br\/en\/wp-json\/wp\/v2\/product\/25418","targetHints":{"allow":["GET"]}}],"collection":[{"href":"https:\/\/www.swedcham.com.br\/en\/wp-json\/wp\/v2\/product"}],"about":[{"href":"https:\/\/www.swedcham.com.br\/en\/wp-json\/wp\/v2\/types\/product"}],"wp:featuredmedia":[{"embeddable":true,"href":"https:\/\/www.swedcham.com.br\/en\/wp-json\/wp\/v2\/media\/25420"}],"wp:attachment":[{"href":"https:\/\/www.swedcham.com.br\/en\/wp-json\/wp\/v2\/media?parent=25418"}],"wp:term":[{"taxonomy":"product_brand","embeddable":true,"href":"https:\/\/www.swedcham.com.br\/en\/wp-json\/wp\/v2\/product_brand?post=25418"},{"taxonomy":"product_cat","embeddable":true,"href":"https:\/\/www.swedcham.com.br\/en\/wp-json\/wp\/v2\/product_cat?post=25418"},{"taxonomy":"product_tag","embeddable":true,"href":"https:\/\/www.swedcham.com.br\/en\/wp-json\/wp\/v2\/product_tag?post=25418"}],"curies":[{"name":"wp","href":"https:\/\/api.w.org\/{rel}","templated":true}]}}

<figure class="wp-block-image"><img decoding="async" src="https://www.swedcham.com.br/wp-content/uploads/2021/11/fff.png" alt="" class="wp-image-24183"/></figure>



<p class="has-text-align-left"></p>



<figure class="wp-block-embed is-type-video is-provider-youtube wp-block-embed-youtube wp-embed-aspect-16-9 wp-has-aspect-ratio"><div class="wp-block-embed__wrapper">
<iframe loading="lazy" title="Friday Fika com Paulo Nigro" width="640" height="360" src="https://www.youtube.com/embed/PKdsdbFwRpc?feature=oembed" frameborder="0" allow="accelerometer; autoplay; clipboard-write; encrypted-media; gyroscope; picture-in-picture; web-share" referrerpolicy="strict-origin-when-cross-origin" allowfullscreen></iframe>
</div></figure>



<p class="has-text-align-left">Paulo&nbsp;é estrategista, desenvolvedor de negócios e&nbsp;líder reconhecido nas áreas de <em>Inovação e Sustentabilidade</em>. Sua relação com a Suécia é de longa data, com quase 30 anos respirando a&nbsp;cultura, o tornando um grande admirador.&nbsp;O ex-CEO da empresa&nbsp;<em>Tetra Pak &#8211;&nbsp;</em>além de ter sido<em>&nbsp;</em>diretor da Swedcham &#8211;&nbsp;afirma que os valores da cultura sueca pautaram a sua vida pessoal e profissional.</p>



<p>Em sua trajetória, atuou como CEO em diversos países, como EUA, Itália, Canadá e Brasil. Iniciou sua carreira profissional como Trainee na Philips, passando pela AGA, Goodyear e depois de seus 24 anos na Tetra Pak, foi presidente do Aché Laboratórios. Atualmente está à frente da direção do Hospital Sírio-Libanês. Esta é a primeira vez que um executivo sem formação médica divide a presidência do tradicional hospital, que acaba de completar 100 anos.</p>



<p>Nesse fika, vamos conhecer de perto esse líder nato, saber como chegou até o topo da carreira e ouvir como transformar&nbsp;<em>Inovação</em> e <em>Sustentabilidade </em>em resultados para a sua&nbsp;empresa.</p>



<div class="wp-block-image"><figure class="alignleft"><img loading="lazy" decoding="async" width="1280" height="640" src="https://www.swedcham.com.br/wp-content/uploads/2021/05/banner-final.jpg" alt="" class="wp-image-22977" srcset="https://www.swedcham.com.br/wp-content/uploads/2021/05/banner-final.jpg 1280w, https://www.swedcham.com.br/wp-content/uploads/2021/05/banner-final-600x300.jpg 600w, https://www.swedcham.com.br/wp-content/uploads/2021/05/banner-final-300x150.jpg 300w, https://www.swedcham.com.br/wp-content/uploads/2021/05/banner-final-1024x512.jpg 1024w, https://www.swedcham.com.br/wp-content/uploads/2021/05/banner-final-768x384.jpg 768w, https://www.swedcham.com.br/wp-content/uploads/2021/05/banner-final-100x50.jpg 100w" sizes="auto, (max-width: 1280px) 100vw, 1280px" /></figure></div>

<p>Paulo&nbsp;é estrategista, desenvolvedor de negócios e&nbsp;líder reconhecido nas áreas de Inovação e Sustentabilidade. Sua relação com a Suécia é de</p>
