{"id":25095,"date":"2022-03-07T12:31:45","date_gmt":"2022-03-07T15:31:45","guid":{"rendered":"https:\/\/dev.swedcham.com.br\/uncategorized\/friday-fika-com-claudia-costin\/"},"modified":"2022-04-08T22:09:48","modified_gmt":"2022-04-09T01:09:48","slug":"friday-fika-com-claudia-costin","status":"publish","type":"product","link":"https:\/\/www.swedcham.com.br\/en\/product\/our-events\/friday-fika\/friday-fika-com-claudia-costin\/","title":{"rendered":"Friday Fika com Claudia Costin"},"content":{"rendered":"<div><\/div>\n<p><img loading=\"lazy\" decoding=\"async\" class=\"size-full wp-image-24183 alignnone\" src=\"https:\/\/www.swedcham.com.br\/wp-content\/uploads\/2021\/11\/fff.png\" alt=\"\" width=\"522\" height=\"182\"><\/p>\n<p><span style=\"color: #000000;\">Sexta-feira, 11 de mar\u00e7o,<strong>&nbsp;\u00e0s 10:00h<\/strong>, voc\u00ea \u00e9 nosso convidado para mais um bate-papo descontra\u00eddo entre&nbsp;<strong><em>Jonas Lindstr\u00f6m<\/em><\/strong>&nbsp;e&nbsp;<strong><em>Claudia Costin.<\/em><\/strong><\/span><\/p>\n<p><span style=\"color: #000000;\">Claudia&nbsp;\u00e9 fundadora e diretora do CEIPE FGV \u2013 o Centro de Pol\u00edticas Educacionais da Funda\u00e7\u00e3o Getulio Vargas, Rio de Janeiro. Foi Diretora Global de Educa\u00e7\u00e3o do Banco Mundial e, em 2019, membro da Comiss\u00e3o Global sobre o Futuro do Trabalho da Organiza\u00e7\u00e3o Internacional do Trabalho (OIT). \u00c9 professora visitante da Faculdade de Educa\u00e7\u00e3o da Universidade de Harvard, tendo lecionado tamb\u00e9m na PUC-SP, no Insper e na Enap (Canad\u00e1). &nbsp;Foi ministra da Administra\u00e7\u00e3o e Reforma do Estado, secret\u00e1ria de Cultura do Estado de S\u00e3o Paulo e secret\u00e1ria de Educa\u00e7\u00e3o do munic\u00edpio do Rio de Janeiro. \u00c9 articulista da Folha de S\u00e3o Paulo e cofundaodra do movimento da sociedade civil, Todos Pela Educa\u00e7\u00e3o. Integra, desde o final de 2020, o UIL &#8211; Instituto para Aprendizagem ao Longo da Vida &#8211; Institute for Lifelong Learning &#8211; da Unesco e o Conselho da Qatar Foundation.<\/span><\/p>\n<p><span style=\"color: #000000;\">Vamos tomar um caf\u00e9 e falar sobre Su\u00e9cia, Brasil e educa\u00e7\u00e3o?<\/span><\/p>\n<p><span style=\"color: #000000;\">Esperamos voc\u00eas!<\/span><\/p>\n<p><span style=\"color: #000000;\">Voc\u00ea que \u00e9 de S\u00e3o Paulo, <a style=\"color: #000000;\" href=\"https:\/\/api.whatsapp.com\/message\/MLSI2KTNMCIMF1?autoload=1&amp;app_absent=0\" target=\"_blank\" rel=\"noopener noreferrer\" data-cke-saved-href=\"https:\/\/api.whatsapp.com\/message\/MLSI2KTNMCIMF1?autoload=1&amp;app_absent=0\">clique aq<\/a><a style=\"color: #000000;\" href=\"https:\/\/api.whatsapp.com\/message\/MLSI2KTNMCIMF1?autoload=1&amp;app_absent=0\" target=\"_blank\" rel=\"noopener noreferrer\" data-cke-saved-href=\"https:\/\/api.whatsapp.com\/message\/MLSI2KTNMCIMF1?autoload=1&amp;app_absent=0\"><u>u<\/u><\/a><a style=\"color: #000000;\" href=\"https:\/\/api.whatsapp.com\/message\/MLSI2KTNMCIMF1?autoload=1&amp;app_absent=0\" data-cke-saved-href=\"https:\/\/api.whatsapp.com\/message\/MLSI2KTNMCIMF1?autoload=1&amp;app_absent=0\"><u>i<\/u>&nbsp;<\/a>e encomende um&nbsp;delicioso Fika para acompanhar o bate papo!<\/span><\/p>\n<p><img loading=\"lazy\" decoding=\"async\" class=\"wp-image-22975 alignnone\" src=\"https:\/\/www.swedcham.com.br\/wp-content\/uploads\/2021\/05\/11.png\" alt=\"\" width=\"522\" height=\"237\" srcset=\"https:\/\/www.swedcham.com.br\/wp-content\/uploads\/2021\/05\/11.png 606w, https:\/\/www.swedcham.com.br\/wp-content\/uploads\/2021\/05\/11-600x272.png 600w, https:\/\/www.swedcham.com.br\/wp-content\/uploads\/2021\/05\/11-300x136.png 300w\" sizes=\"auto, (max-width: 522px) 100vw, 522px\" \/><\/p>\n<p><img loading=\"lazy\" decoding=\"async\" class=\"wp-image-22977 alignnone\" src=\"https:\/\/www.swedcham.com.br\/wp-content\/uploads\/2021\/05\/banner-final.jpg\" alt=\"\" width=\"522\" height=\"261\" srcset=\"https:\/\/www.swedcham.com.br\/wp-content\/uploads\/2021\/05\/banner-final.jpg 1280w, https:\/\/www.swedcham.com.br\/wp-content\/uploads\/2021\/05\/banner-final-600x300.jpg 600w, https:\/\/www.swedcham.com.br\/wp-content\/uploads\/2021\/05\/banner-final-300x150.jpg 300w, https:\/\/www.swedcham.com.br\/wp-content\/uploads\/2021\/05\/banner-final-1024x512.jpg 1024w, https:\/\/www.swedcham.com.br\/wp-content\/uploads\/2021\/05\/banner-final-768x384.jpg 768w, https:\/\/www.swedcham.com.br\/wp-content\/uploads\/2021\/05\/banner-final-100x50.jpg 100w\" sizes=\"auto, (max-width: 522px) 100vw, 522px\" \/><\/p>\n<p><iframe loading=\"lazy\" title=\"Friday Fika com Claudia Costin\" width=\"640\" height=\"360\" src=\"https:\/\/www.youtube.com\/embed\/-kmBAjp4cg8?feature=oembed\" frameborder=\"0\" allow=\"accelerometer; autoplay; clipboard-write; encrypted-media; gyroscope; picture-in-picture; web-share\" referrerpolicy=\"strict-origin-when-cross-origin\" allowfullscreen><\/iframe><\/p>\n<p>&nbsp;<\/p>\n","protected":false},"excerpt":{"rendered":"<p>Sexta-feira, 11 de mar\u00e7o,&nbsp;\u00e0s 10:00h, voc\u00ea \u00e9 nosso convidado para mais um bate-papo descontra\u00eddo entre&nbsp;Jonas Lindstr\u00f6m&nbsp;e&nbsp;Claudia Costin. Claudia&nbsp;\u00e9 fundadora e<\/p>\n","protected":false},"featured_media":25234,"template":"","meta":[],"product_brand":[],"product_cat":[199],"product_tag":[],"class_list":{"0":"post-25095","1":"product","2":"type-product","3":"status-publish","4":"has-post-thumbnail","6":"product_cat-friday-fika","8":"first","9":"instock","10":"shipping-taxable","11":"product-type-simple"},"_links":{"self":[{"href":"https:\/\/www.swedcham.com.br\/en\/wp-json\/wp\/v2\/product\/25095","targetHints":{"allow":["GET"]}}],"collection":[{"href":"https:\/\/www.swedcham.com.br\/en\/wp-json\/wp\/v2\/product"}],"about":[{"href":"https:\/\/www.swedcham.com.br\/en\/wp-json\/wp\/v2\/types\/product"}],"wp:featuredmedia":[{"embeddable":true,"href":"https:\/\/www.swedcham.com.br\/en\/wp-json\/wp\/v2\/media\/25234"}],"wp:attachment":[{"href":"https:\/\/www.swedcham.com.br\/en\/wp-json\/wp\/v2\/media?parent=25095"}],"wp:term":[{"taxonomy":"product_brand","embeddable":true,"href":"https:\/\/www.swedcham.com.br\/en\/wp-json\/wp\/v2\/product_brand?post=25095"},{"taxonomy":"product_cat","embeddable":true,"href":"https:\/\/www.swedcham.com.br\/en\/wp-json\/wp\/v2\/product_cat?post=25095"},{"taxonomy":"product_tag","embeddable":true,"href":"https:\/\/www.swedcham.com.br\/en\/wp-json\/wp\/v2\/product_tag?post=25095"}],"curies":[{"name":"wp","href":"https:\/\/api.w.org\/{rel}","templated":true}]}}

<div></div>
<p><img loading="lazy" decoding="async" class="size-full wp-image-24183 alignnone" src="https://www.swedcham.com.br/wp-content/uploads/2021/11/fff.png" alt="" width="522" height="182"></p>
<p><span style="color: #000000;">Sexta-feira, 11 de março,<strong>&nbsp;às 10:00h</strong>, você é nosso convidado para mais um bate-papo descontraído entre&nbsp;<strong><em>Jonas Lindström</em></strong>&nbsp;e&nbsp;<strong><em>Claudia Costin.</em></strong></span></p>
<p><span style="color: #000000;">Claudia&nbsp;é fundadora e diretora do CEIPE FGV – o Centro de Políticas Educacionais da Fundação Getulio Vargas, Rio de Janeiro. Foi Diretora Global de Educação do Banco Mundial e, em 2019, membro da Comissão Global sobre o Futuro do Trabalho da Organização Internacional do Trabalho (OIT). É professora visitante da Faculdade de Educação da Universidade de Harvard, tendo lecionado também na PUC-SP, no Insper e na Enap (Canadá). &nbsp;Foi ministra da Administração e Reforma do Estado, secretária de Cultura do Estado de São Paulo e secretária de Educação do município do Rio de Janeiro. É articulista da Folha de São Paulo e cofundaodra do movimento da sociedade civil, Todos Pela Educação. Integra, desde o final de 2020, o UIL &#8211; Instituto para Aprendizagem ao Longo da Vida &#8211; Institute for Lifelong Learning &#8211; da Unesco e o Conselho da Qatar Foundation.</span></p>
<p><span style="color: #000000;">Vamos tomar um café e falar sobre Suécia, Brasil e educação?</span></p>
<p><span style="color: #000000;">Esperamos vocês!</span></p>
<p><span style="color: #000000;">Você que é de São Paulo, <a style="color: #000000;" href="https://api.whatsapp.com/message/MLSI2KTNMCIMF1?autoload=1&amp;app_absent=0" target="_blank" rel="noopener noreferrer" data-cke-saved-href="https://api.whatsapp.com/message/MLSI2KTNMCIMF1?autoload=1&amp;app_absent=0">clique aq</a><a style="color: #000000;" href="https://api.whatsapp.com/message/MLSI2KTNMCIMF1?autoload=1&amp;app_absent=0" target="_blank" rel="noopener noreferrer" data-cke-saved-href="https://api.whatsapp.com/message/MLSI2KTNMCIMF1?autoload=1&amp;app_absent=0"><u>u</u></a><a style="color: #000000;" href="https://api.whatsapp.com/message/MLSI2KTNMCIMF1?autoload=1&amp;app_absent=0" data-cke-saved-href="https://api.whatsapp.com/message/MLSI2KTNMCIMF1?autoload=1&amp;app_absent=0"><u>i</u>&nbsp;</a>e encomende um&nbsp;delicioso Fika para acompanhar o bate papo!</span></p>
<p><img loading="lazy" decoding="async" class="wp-image-22975 alignnone" src="https://www.swedcham.com.br/wp-content/uploads/2021/05/11.png" alt="" width="522" height="237" srcset="https://www.swedcham.com.br/wp-content/uploads/2021/05/11.png 606w, https://www.swedcham.com.br/wp-content/uploads/2021/05/11-600x272.png 600w, https://www.swedcham.com.br/wp-content/uploads/2021/05/11-300x136.png 300w" sizes="auto, (max-width: 522px) 100vw, 522px" /></p>
<p><img loading="lazy" decoding="async" class="wp-image-22977 alignnone" src="https://www.swedcham.com.br/wp-content/uploads/2021/05/banner-final.jpg" alt="" width="522" height="261" srcset="https://www.swedcham.com.br/wp-content/uploads/2021/05/banner-final.jpg 1280w, https://www.swedcham.com.br/wp-content/uploads/2021/05/banner-final-600x300.jpg 600w, https://www.swedcham.com.br/wp-content/uploads/2021/05/banner-final-300x150.jpg 300w, https://www.swedcham.com.br/wp-content/uploads/2021/05/banner-final-1024x512.jpg 1024w, https://www.swedcham.com.br/wp-content/uploads/2021/05/banner-final-768x384.jpg 768w, https://www.swedcham.com.br/wp-content/uploads/2021/05/banner-final-100x50.jpg 100w" sizes="auto, (max-width: 522px) 100vw, 522px" /></p>
<p><iframe loading="lazy" title="Friday Fika com Claudia Costin" width="640" height="360" src="https://www.youtube.com/embed/-kmBAjp4cg8?feature=oembed" frameborder="0" allow="accelerometer; autoplay; clipboard-write; encrypted-media; gyroscope; picture-in-picture; web-share" referrerpolicy="strict-origin-when-cross-origin" allowfullscreen></iframe></p>
<p>&nbsp;</p>

<p>Sexta-feira, 11 de março,&nbsp;às 10:00h, você é nosso convidado para mais um bate-papo descontraído entre&nbsp;Jonas Lindström&nbsp;e&nbsp;Claudia Costin. Claudia&nbsp;é fundadora e</p>
