{"id":25033,"date":"2022-02-14T16:22:39","date_gmt":"2022-02-14T19:22:39","guid":{"rendered":"https:\/\/dev.swedcham.com.br\/uncategorized\/friday-fika-esta-de-volta-com-semla-kiruna-e-kabnekajse\/"},"modified":"2022-04-08T22:08:27","modified_gmt":"2022-04-09T01:08:27","slug":"friday-fika-esta-de-volta-com-semla-kiruna-e-kabnekajse","status":"publish","type":"product","link":"https:\/\/www.swedcham.com.br\/en\/product\/our-events\/friday-fika\/friday-fika-esta-de-volta-com-semla-kiruna-e-kabnekajse\/","title":{"rendered":"Friday Fika est\u00e1 de volta &#8211; com Semla, Kiruna e Kabnekajse!"},"content":{"rendered":"<div><\/div>\n<p><img loading=\"lazy\" decoding=\"async\" class=\"size-full wp-image-24183 alignnone\" src=\"https:\/\/www.swedcham.com.br\/wp-content\/uploads\/2021\/11\/fff.png\" alt=\"\" width=\"522\" height=\"182\"><\/p>\n<p><span style=\"color: #333333;\">Sexta-feira, 25 de fevereiro&nbsp;10:30h, voltamos com nosso Friday Fika!<\/span><\/p>\n<p><span style=\"color: #333333;\">Voc\u00ea \u00e9 nosso convidado para mais um bate-papo descontra\u00eddo de <em>Jonas Lindstr\u00f6m<\/em> com <em>Roberta Perez, <\/em>embaixadora de Kiruna e CEO da <em>Nordic Ways.<\/em><\/span><\/p>\n<p><span style=\"color: #333333;\">Roberta vai participar&nbsp;diretamente do primeiro skybar do&nbsp;centro novo de Kiruna, terra da aurora boreal, no norte da Su\u00e9cia.<\/span><\/p>\n<p><span style=\"color: #333333;\">Como estamos no m\u00eas do &#8220;<em>semla<\/em>&#8220;, o chefe <em>Alex Meier<\/em>,&nbsp;&nbsp;headchef do <em>Scandic Ferrum <\/em>e <em>Scandic<\/em> <em>Kiruna<\/em>, ir\u00e1 participar contando a hist\u00f3ria e os segredos dessa t\u00e3o doce tradi\u00e7\u00e3o sueca.<\/span><\/p>\n<h4><strong><span style=\"color: #333333;\">Voc\u00ea que \u00e9 de S\u00e3o Paulo, <a style=\"color: #333333;\" href=\"https:\/\/api.whatsapp.com\/message\/MLSI2KTNMCIMF1?autoload=1&amp;app_absent=0\" target=\"_blank\" rel=\"noopener noreferrer\" data-cke-saved-href=\"https:\/\/api.whatsapp.com\/message\/MLSI2KTNMCIMF1?autoload=1&amp;app_absent=0\">clique aqu<\/a>i&nbsp;e encomende uma deliciosa semla para acompanhar o seu fika!<\/span><\/strong><\/h4>\n<p><span style=\"color: #333333;\">N\u00e3o percam!<\/span><\/p>\n<p><span style=\"color: #333333;\">Toda sexta-feira no nosso canal do <a style=\"color: #333333;\" href=\"https:\/\/www.youtube.com\/channel\/UCtw6E5pO5X4LR2fxaLpWT_Q\" target=\"_blank\" rel=\"noopener noreferrer\" data-cke-saved-href=\"https:\/\/www.youtube.com\/channel\/UCtw6E5pO5X4LR2fxaLpWT_Q\">Youtube!<\/a><\/span><\/p>\n<p><img loading=\"lazy\" decoding=\"async\" class=\"size-full wp-image-24474 alignnone\" src=\"https:\/\/www.swedcham.com.br\/wp-content\/uploads\/2022\/02\/ff.jpg\" alt=\"\" width=\"251\" height=\"201\"><\/p>\n<p><img loading=\"lazy\" decoding=\"async\" class=\"wp-image-22977 alignnone\" src=\"https:\/\/www.swedcham.com.br\/wp-content\/uploads\/2021\/05\/banner-final.jpg\" alt=\"\" width=\"522\" height=\"261\" srcset=\"https:\/\/www.swedcham.com.br\/wp-content\/uploads\/2021\/05\/banner-final.jpg 1280w, https:\/\/www.swedcham.com.br\/wp-content\/uploads\/2021\/05\/banner-final-600x300.jpg 600w, https:\/\/www.swedcham.com.br\/wp-content\/uploads\/2021\/05\/banner-final-300x150.jpg 300w, https:\/\/www.swedcham.com.br\/wp-content\/uploads\/2021\/05\/banner-final-1024x512.jpg 1024w, https:\/\/www.swedcham.com.br\/wp-content\/uploads\/2021\/05\/banner-final-768x384.jpg 768w, https:\/\/www.swedcham.com.br\/wp-content\/uploads\/2021\/05\/banner-final-100x50.jpg 100w\" sizes=\"auto, (max-width: 522px) 100vw, 522px\" \/><\/p>\n<p><iframe loading=\"lazy\" title=\"Friday fika com Roberta - Semla i Kiruna\" width=\"640\" height=\"360\" src=\"https:\/\/www.youtube.com\/embed\/YY_dY4YbkBw?feature=oembed\" frameborder=\"0\" allow=\"accelerometer; autoplay; clipboard-write; encrypted-media; gyroscope; picture-in-picture; web-share\" referrerpolicy=\"strict-origin-when-cross-origin\" allowfullscreen><\/iframe><\/p>\n","protected":false},"excerpt":{"rendered":"<p>Sexta-feira, 25 de fevereiro&nbsp;10:30h, voltamos com nosso Friday Fika! Voc\u00ea \u00e9 nosso convidado para mais um bate-papo descontra\u00eddo de Jonas<\/p>\n","protected":false},"featured_media":25232,"template":"","meta":[],"product_brand":[],"product_cat":[199],"product_tag":[],"class_list":{"0":"post-25033","1":"product","2":"type-product","3":"status-publish","4":"has-post-thumbnail","6":"product_cat-friday-fika","8":"first","9":"instock","10":"shipping-taxable","11":"product-type-simple"},"_links":{"self":[{"href":"https:\/\/www.swedcham.com.br\/en\/wp-json\/wp\/v2\/product\/25033","targetHints":{"allow":["GET"]}}],"collection":[{"href":"https:\/\/www.swedcham.com.br\/en\/wp-json\/wp\/v2\/product"}],"about":[{"href":"https:\/\/www.swedcham.com.br\/en\/wp-json\/wp\/v2\/types\/product"}],"wp:featuredmedia":[{"embeddable":true,"href":"https:\/\/www.swedcham.com.br\/en\/wp-json\/wp\/v2\/media\/25232"}],"wp:attachment":[{"href":"https:\/\/www.swedcham.com.br\/en\/wp-json\/wp\/v2\/media?parent=25033"}],"wp:term":[{"taxonomy":"product_brand","embeddable":true,"href":"https:\/\/www.swedcham.com.br\/en\/wp-json\/wp\/v2\/product_brand?post=25033"},{"taxonomy":"product_cat","embeddable":true,"href":"https:\/\/www.swedcham.com.br\/en\/wp-json\/wp\/v2\/product_cat?post=25033"},{"taxonomy":"product_tag","embeddable":true,"href":"https:\/\/www.swedcham.com.br\/en\/wp-json\/wp\/v2\/product_tag?post=25033"}],"curies":[{"name":"wp","href":"https:\/\/api.w.org\/{rel}","templated":true}]}}

Friday Fika está de volta &#8211; com Semla, Kiruna e Kabnekajse!

<div></div>
<p><img loading="lazy" decoding="async" class="size-full wp-image-24183 alignnone" src="https://www.swedcham.com.br/wp-content/uploads/2021/11/fff.png" alt="" width="522" height="182"></p>
<p><span style="color: #333333;">Sexta-feira, 25 de fevereiro&nbsp;10:30h, voltamos com nosso Friday Fika!</span></p>
<p><span style="color: #333333;">Você é nosso convidado para mais um bate-papo descontraído de <em>Jonas Lindström</em> com <em>Roberta Perez, </em>embaixadora de Kiruna e CEO da <em>Nordic Ways.</em></span></p>
<p><span style="color: #333333;">Roberta vai participar&nbsp;diretamente do primeiro skybar do&nbsp;centro novo de Kiruna, terra da aurora boreal, no norte da Suécia.</span></p>
<p><span style="color: #333333;">Como estamos no mês do &#8220;<em>semla</em>&#8220;, o chefe <em>Alex Meier</em>,&nbsp;&nbsp;headchef do <em>Scandic Ferrum </em>e <em>Scandic</em> <em>Kiruna</em>, irá participar contando a história e os segredos dessa tão doce tradição sueca.</span></p>
<h4><strong><span style="color: #333333;">Você que é de São Paulo, <a style="color: #333333;" href="https://api.whatsapp.com/message/MLSI2KTNMCIMF1?autoload=1&amp;app_absent=0" target="_blank" rel="noopener noreferrer" data-cke-saved-href="https://api.whatsapp.com/message/MLSI2KTNMCIMF1?autoload=1&amp;app_absent=0">clique aqu</a>i&nbsp;e encomende uma deliciosa semla para acompanhar o seu fika!</span></strong></h4>
<p><span style="color: #333333;">Não percam!</span></p>
<p><span style="color: #333333;">Toda sexta-feira no nosso canal do <a style="color: #333333;" href="https://www.youtube.com/channel/UCtw6E5pO5X4LR2fxaLpWT_Q" target="_blank" rel="noopener noreferrer" data-cke-saved-href="https://www.youtube.com/channel/UCtw6E5pO5X4LR2fxaLpWT_Q">Youtube!</a></span></p>
<p><img loading="lazy" decoding="async" class="size-full wp-image-24474 alignnone" src="https://www.swedcham.com.br/wp-content/uploads/2022/02/ff.jpg" alt="" width="251" height="201"></p>
<p><img loading="lazy" decoding="async" class="wp-image-22977 alignnone" src="https://www.swedcham.com.br/wp-content/uploads/2021/05/banner-final.jpg" alt="" width="522" height="261" srcset="https://www.swedcham.com.br/wp-content/uploads/2021/05/banner-final.jpg 1280w, https://www.swedcham.com.br/wp-content/uploads/2021/05/banner-final-600x300.jpg 600w, https://www.swedcham.com.br/wp-content/uploads/2021/05/banner-final-300x150.jpg 300w, https://www.swedcham.com.br/wp-content/uploads/2021/05/banner-final-1024x512.jpg 1024w, https://www.swedcham.com.br/wp-content/uploads/2021/05/banner-final-768x384.jpg 768w, https://www.swedcham.com.br/wp-content/uploads/2021/05/banner-final-100x50.jpg 100w" sizes="auto, (max-width: 522px) 100vw, 522px" /></p>
<p><iframe loading="lazy" title="Friday fika com Roberta - Semla i Kiruna" width="640" height="360" src="https://www.youtube.com/embed/YY_dY4YbkBw?feature=oembed" frameborder="0" allow="accelerometer; autoplay; clipboard-write; encrypted-media; gyroscope; picture-in-picture; web-share" referrerpolicy="strict-origin-when-cross-origin" allowfullscreen></iframe></p>

<p>Sexta-feira, 25 de fevereiro&nbsp;10:30h, voltamos com nosso Friday Fika! Você é nosso convidado para mais um bate-papo descontraído de Jonas</p>
