{"id":25029,"date":"2021-11-29T11:32:44","date_gmt":"2021-11-29T14:32:44","guid":{"rendered":"https:\/\/dev.swedcham.com.br\/uncategorized\/friday-fika-da-periferia-de-salvador-para-o-itamaraty-e-estocolmo\/"},"modified":"2022-04-08T22:03:35","modified_gmt":"2022-04-09T01:03:35","slug":"friday-fika-da-periferia-de-salvador-para-o-itamaraty-e-estocolmo","status":"publish","type":"product","link":"https:\/\/www.swedcham.com.br\/en\/product\/our-events\/friday-fika\/friday-fika-da-periferia-de-salvador-para-o-itamaraty-e-estocolmo\/","title":{"rendered":"Friday Fika &#8211; Uma viagem da Bahia para o Itamaraty e Estocolmo"},"content":{"rendered":"<div><\/div>\n<p><img loading=\"lazy\" decoding=\"async\" class=\"size-full wp-image-24183 alignnone\" src=\"https:\/\/www.swedcham.com.br\/wp-content\/uploads\/2021\/11\/fff.png\" alt=\"\" width=\"522\" height=\"182\"><\/p>\n<p><span style=\"color: #000000;\">Sexta-feira&nbsp;(3), \u00e0s 10h, convidamos voc\u00ea para mais um FRIDAY&nbsp;FIKA!<\/span><\/p>\n<p><span style=\"color: #000000;\">Conhe\u00e7a a incr\u00edvel hist\u00f3ria de supera\u00e7\u00e3o&nbsp;do&nbsp;m\u00fasico, compositor e diplomata que saiu da periferia de Salvador para chegar ao posto de chefe do setor cultural da Embaixada do Brasil em Estocolmo.<\/span><\/p>\n<p><span style=\"color: #000000;\"><em>Amintas Angel Cardoso Santos Silva,<\/em>vai nos mostrar&nbsp;como \u00e9 poss\u00edvel mudar tudo atrav\u00e9s da educa\u00e7\u00e3o!<\/span><\/p>\n<p><span style=\"color: #000000;\">Nascido h\u00e1 44 anos em Salvador, Amintas \u00e9 filho de professores que investiram tudo na educa\u00e7\u00e3o da fam\u00edlia, desafiando os obst\u00e1culos socioecon\u00f4micos e raciais.<\/span><br \/>\n<span style=\"color: #000000;\">Em sua trajet\u00f3ria,&nbsp;estudou psicologia, ensinou viol\u00e3o, foi recepcionista bil\u00edngue da Prefeitura de Santos, trabalhou concedendo cr\u00e9dito agr\u00edcola para fam\u00edlias pobres no sert\u00e3o da Bahia e comandou at\u00e9 pesquisas de opini\u00e3o em borracharias. Em&nbsp;2009 foi aprovado pelo Instituto Rio Branco, e tomou posse&nbsp;no Minist\u00e9rio das Rela\u00e7\u00f5es Exteriores como diplomata.&nbsp;<\/span><\/p>\n<p><span style=\"color: #000000;\">N\u00e3o perca essa hist\u00f3ria inspiradora!<\/span><\/p>\n<p><span style=\"color: #000000;\">Voc\u00ea que \u00e9 de S\u00e3o Paulo,&nbsp;<a style=\"color: #000000;\" href=\"https:\/\/escandinavo.goomer.app\/menu\" target=\"_blank\" rel=\"noopener noreferrer\" data-saferedirecturl=\"https:\/\/www.google.com\/url?q=https:\/\/escandinavo.goomer.app\/menu&amp;source=gmail&amp;ust=1633616465051000&amp;usg=AFQjCNEEGkA0Ibytw48Qa0zQnx3_IiYhQA\" data-cke-saved-href=\"https:\/\/escandinavo.goomer.app\/menu\">clique aqui<\/a>&nbsp;e encomende um delicioso e tradicional Swedish fika para acompanhar o papo.<\/span><\/p>\n<p><span style=\"color: #000000;\">Sexta-feira \u00e0s 10h no nosso canal do <a style=\"color: #000000;\" href=\"https:\/\/www.youtube.com\/channel\/UCtw6E5pO5X4LR2fxaLpWT_Q\" target=\"_blank\" rel=\"noopener noreferrer\" data-saferedirecturl=\"https:\/\/www.google.com\/url?q=https:\/\/www.youtube.com\/channel\/UCtw6E5pO5X4LR2fxaLpWT_Q&amp;source=gmail&amp;ust=1633616465051000&amp;usg=AFQjCNFR8zsDUkKJ9PNz9FlJJ_0iR-qqSA\" data-cke-saved-href=\"https:\/\/www.youtube.com\/channel\/UCtw6E5pO5X4LR2fxaLpWT_Q\">Youtube!<\/a>&nbsp;<\/span><\/p>\n<p><img loading=\"lazy\" decoding=\"async\" class=\"wp-image-24225 alignnone\" src=\"https:\/\/www.swedcham.com.br\/wp-content\/uploads\/2021\/11\/amintas.jpg\" alt=\"\" width=\"522\" height=\"484\"><br data-cke-eol=\"1\"><img loading=\"lazy\" decoding=\"async\" class=\"wp-image-22977 alignnone\" src=\"https:\/\/www.swedcham.com.br\/wp-content\/uploads\/2021\/05\/banner-final.jpg\" alt=\"\" width=\"522\" height=\"261\" srcset=\"https:\/\/www.swedcham.com.br\/wp-content\/uploads\/2021\/05\/banner-final.jpg 1280w, https:\/\/www.swedcham.com.br\/wp-content\/uploads\/2021\/05\/banner-final-600x300.jpg 600w, https:\/\/www.swedcham.com.br\/wp-content\/uploads\/2021\/05\/banner-final-300x150.jpg 300w, https:\/\/www.swedcham.com.br\/wp-content\/uploads\/2021\/05\/banner-final-1024x512.jpg 1024w, https:\/\/www.swedcham.com.br\/wp-content\/uploads\/2021\/05\/banner-final-768x384.jpg 768w, https:\/\/www.swedcham.com.br\/wp-content\/uploads\/2021\/05\/banner-final-100x50.jpg 100w\" sizes=\"auto, (max-width: 522px) 100vw, 522px\" \/><\/p>\n<p><iframe loading=\"lazy\" title=\"Friday Fika com Amintas Angel Cardoso Santos Silva\" width=\"640\" height=\"360\" src=\"https:\/\/www.youtube.com\/embed\/NYkZ_6psxqE?feature=oembed\" frameborder=\"0\" allow=\"accelerometer; autoplay; clipboard-write; encrypted-media; gyroscope; picture-in-picture; web-share\" referrerpolicy=\"strict-origin-when-cross-origin\" allowfullscreen><\/iframe><\/p>\n","protected":false},"excerpt":{"rendered":"<p>Sexta-feira&nbsp;(3), \u00e0s 10h, convidamos voc\u00ea para mais um FRIDAY&nbsp;FIKA! Conhe\u00e7a a incr\u00edvel hist\u00f3ria de supera\u00e7\u00e3o&nbsp;do&nbsp;m\u00fasico, compositor e diplomata que saiu<\/p>\n","protected":false},"featured_media":25228,"template":"","meta":[],"product_brand":[],"product_cat":[199],"product_tag":[],"class_list":{"0":"post-25029","1":"product","2":"type-product","3":"status-publish","4":"has-post-thumbnail","6":"product_cat-friday-fika","8":"first","9":"instock","10":"shipping-taxable","11":"product-type-simple"},"_links":{"self":[{"href":"https:\/\/www.swedcham.com.br\/en\/wp-json\/wp\/v2\/product\/25029","targetHints":{"allow":["GET"]}}],"collection":[{"href":"https:\/\/www.swedcham.com.br\/en\/wp-json\/wp\/v2\/product"}],"about":[{"href":"https:\/\/www.swedcham.com.br\/en\/wp-json\/wp\/v2\/types\/product"}],"wp:featuredmedia":[{"embeddable":true,"href":"https:\/\/www.swedcham.com.br\/en\/wp-json\/wp\/v2\/media\/25228"}],"wp:attachment":[{"href":"https:\/\/www.swedcham.com.br\/en\/wp-json\/wp\/v2\/media?parent=25029"}],"wp:term":[{"taxonomy":"product_brand","embeddable":true,"href":"https:\/\/www.swedcham.com.br\/en\/wp-json\/wp\/v2\/product_brand?post=25029"},{"taxonomy":"product_cat","embeddable":true,"href":"https:\/\/www.swedcham.com.br\/en\/wp-json\/wp\/v2\/product_cat?post=25029"},{"taxonomy":"product_tag","embeddable":true,"href":"https:\/\/www.swedcham.com.br\/en\/wp-json\/wp\/v2\/product_tag?post=25029"}],"curies":[{"name":"wp","href":"https:\/\/api.w.org\/{rel}","templated":true}]}}

<div></div>
<p><img loading="lazy" decoding="async" class="size-full wp-image-24183 alignnone" src="https://www.swedcham.com.br/wp-content/uploads/2021/11/fff.png" alt="" width="522" height="182"></p>
<p><span style="color: #000000;">Sexta-feira&nbsp;(3), às 10h, convidamos você para mais um FRIDAY&nbsp;FIKA!</span></p>
<p><span style="color: #000000;">Conheça a incrível história de superação&nbsp;do&nbsp;músico, compositor e diplomata que saiu da periferia de Salvador para chegar ao posto de chefe do setor cultural da Embaixada do Brasil em Estocolmo.</span></p>
<p><span style="color: #000000;"><em>Amintas Angel Cardoso Santos Silva,</em>vai nos mostrar&nbsp;como é possível mudar tudo através da educação!</span></p>
<p><span style="color: #000000;">Nascido há 44 anos em Salvador, Amintas é filho de professores que investiram tudo na educação da família, desafiando os obstáculos socioeconômicos e raciais.</span><br />
<span style="color: #000000;">Em sua trajetória,&nbsp;estudou psicologia, ensinou violão, foi recepcionista bilíngue da Prefeitura de Santos, trabalhou concedendo crédito agrícola para famílias pobres no sertão da Bahia e comandou até pesquisas de opinião em borracharias. Em&nbsp;2009 foi aprovado pelo Instituto Rio Branco, e tomou posse&nbsp;no Ministério das Relações Exteriores como diplomata.&nbsp;</span></p>
<p><span style="color: #000000;">Não perca essa história inspiradora!</span></p>
<p><span style="color: #000000;">Você que é de São Paulo,&nbsp;<a style="color: #000000;" href="https://escandinavo.goomer.app/menu" target="_blank" rel="noopener noreferrer" data-saferedirecturl="https://www.google.com/url?q=https://escandinavo.goomer.app/menu&amp;source=gmail&amp;ust=1633616465051000&amp;usg=AFQjCNEEGkA0Ibytw48Qa0zQnx3_IiYhQA" data-cke-saved-href="https://escandinavo.goomer.app/menu">clique aqui</a>&nbsp;e encomende um delicioso e tradicional Swedish fika para acompanhar o papo.</span></p>
<p><span style="color: #000000;">Sexta-feira às 10h no nosso canal do <a style="color: #000000;" href="https://www.youtube.com/channel/UCtw6E5pO5X4LR2fxaLpWT_Q" target="_blank" rel="noopener noreferrer" data-saferedirecturl="https://www.google.com/url?q=https://www.youtube.com/channel/UCtw6E5pO5X4LR2fxaLpWT_Q&amp;source=gmail&amp;ust=1633616465051000&amp;usg=AFQjCNFR8zsDUkKJ9PNz9FlJJ_0iR-qqSA" data-cke-saved-href="https://www.youtube.com/channel/UCtw6E5pO5X4LR2fxaLpWT_Q">Youtube!</a>&nbsp;</span></p>
<p><img loading="lazy" decoding="async" class="wp-image-24225 alignnone" src="https://www.swedcham.com.br/wp-content/uploads/2021/11/amintas.jpg" alt="" width="522" height="484"><br data-cke-eol="1"><img loading="lazy" decoding="async" class="wp-image-22977 alignnone" src="https://www.swedcham.com.br/wp-content/uploads/2021/05/banner-final.jpg" alt="" width="522" height="261" srcset="https://www.swedcham.com.br/wp-content/uploads/2021/05/banner-final.jpg 1280w, https://www.swedcham.com.br/wp-content/uploads/2021/05/banner-final-600x300.jpg 600w, https://www.swedcham.com.br/wp-content/uploads/2021/05/banner-final-300x150.jpg 300w, https://www.swedcham.com.br/wp-content/uploads/2021/05/banner-final-1024x512.jpg 1024w, https://www.swedcham.com.br/wp-content/uploads/2021/05/banner-final-768x384.jpg 768w, https://www.swedcham.com.br/wp-content/uploads/2021/05/banner-final-100x50.jpg 100w" sizes="auto, (max-width: 522px) 100vw, 522px" /></p>
<p><iframe loading="lazy" title="Friday Fika com Amintas Angel Cardoso Santos Silva" width="640" height="360" src="https://www.youtube.com/embed/NYkZ_6psxqE?feature=oembed" frameborder="0" allow="accelerometer; autoplay; clipboard-write; encrypted-media; gyroscope; picture-in-picture; web-share" referrerpolicy="strict-origin-when-cross-origin" allowfullscreen></iframe></p>

<p>Sexta-feira&nbsp;(3), às 10h, convidamos você para mais um FRIDAY&nbsp;FIKA! Conheça a incrível história de superação&nbsp;do&nbsp;músico, compositor e diplomata que saiu</p>
