{"id":25028,"date":"2021-11-24T14:12:36","date_gmt":"2021-11-24T17:12:36","guid":{"rendered":"https:\/\/dev.swedcham.com.br\/uncategorized\/friday-fika-com-juliana-e-daniel-the-barracuda\/"},"modified":"2022-04-08T21:59:43","modified_gmt":"2022-04-09T00:59:43","slug":"friday-fika-com-juliana-e-daniel-the-barracuda","status":"publish","type":"product","link":"https:\/\/www.swedcham.com.br\/en\/product\/our-events\/friday-fika\/friday-fika-com-juliana-e-daniel-the-barracuda\/","title":{"rendered":"Friday Fika com Juliana e Daniel &#8211; The Barracuda"},"content":{"rendered":"<div><\/div>\n<p><img loading=\"lazy\" decoding=\"async\" class=\"size-full wp-image-24183 alignnone\" src=\"https:\/\/www.swedcham.com.br\/wp-content\/uploads\/2021\/11\/fff.png\" alt=\"\" width=\"522\" height=\"182\"><\/p>\n<p><span style=\"color: #000000;\"><strong>Sexta-feira (26), \u00e0s 10h, convidamos voc\u00ea para um FRIDAY&nbsp;FIKA&nbsp;com gosto de renova\u00e7\u00e3o!<\/strong><\/span><\/p>\n<p><span style=\"color: #000000;\">O ano est\u00e1 terminando e gostar\u00edamos de apresentar a voc\u00eas, nossos novos associados: <a style=\"color: #000000;\" href=\"https:\/\/www.thebarracuda.com.br\/\" target=\"_blank\" rel=\"noopener noreferrer\" data-cke-saved-href=\"https:\/\/www.thebarracuda.com.br\/\">The Barracuda!<\/a><\/span><\/p>\n<p><span style=\"color: #000000;\">H\u00e1 16 anos atr\u00e1s um grupo de amigos suecos conheceram Itacar\u00e9 e se apaixonaram pela beleza e cultura local ainda t\u00e3o preservadas.<\/span><br \/>\n<span style=\"color: #000000;\">Juntamente com o casal &nbsp;Juliana Ghiotto, paulista e Daniel Lima, Itacareense, realizaram o sonho de construir um hotel e uma casa sob o mesmo teto atrav\u00e9s da cria\u00e7\u00e3o do Vila Barracuda em 2013, um pequeno Boutique Hotel localizado na Orla dos Pescadores. Em janeiro de 2020, o grupo abriu as portas de um novo empreendimento, o Barracuda Beach Hotel &amp; Villas, localizado ao longo da costa ao lado das Praias da cidade.&nbsp;<\/span><\/p>\n<p><span style=\"color: #000000;\">Nesta sexta, Juliana e Daniel v\u00e3o conversar com a gente sobre o conceito de hospitalidade Barracuda, os projetos futuros e funda\u00e7\u00e3o do Instituto Yand\u00ea Itacar\u00e9 que visa apoiar o desenvolvimento social e ambiental de Itacar\u00e9.<\/span><\/p>\n<p><span style=\"color: #000000;\">Venha descobrir e se apaixonar por Itacar\u00e9, quem sabe esse n\u00e3o seja o destino de f\u00e9rias que est\u00e1 procurando!<\/span><\/p>\n<p><span style=\"color: #000000;\">Voc\u00ea que \u00e9 de S\u00e3o Paulo,&nbsp;<a style=\"color: #000000;\" href=\"https:\/\/escandinavo.goomer.app\/menu\" target=\"_blank\" rel=\"noopener noreferrer\" data-saferedirecturl=\"https:\/\/www.google.com\/url?q=https:\/\/escandinavo.goomer.app\/menu&amp;source=gmail&amp;ust=1633616465051000&amp;usg=AFQjCNEEGkA0Ibytw48Qa0zQnx3_IiYhQA\" data-cke-saved-href=\"https:\/\/escandinavo.goomer.app\/menu\">clique aqui<\/a>&nbsp;e encomende um delicioso e tradicional Swedish fika para acompanhar o papo.<\/span><\/p>\n<p><span style=\"color: #000000;\"><strong>Sexta-feira \u00e0s 10h no nosso canal do&nbsp;<a style=\"color: #000000;\" href=\"https:\/\/www.youtube.com\/channel\/UCtw6E5pO5X4LR2fxaLpWT_Q\" target=\"_blank\" rel=\"noopener noreferrer\" data-saferedirecturl=\"https:\/\/www.google.com\/url?q=https:\/\/www.youtube.com\/channel\/UCtw6E5pO5X4LR2fxaLpWT_Q&amp;source=gmail&amp;ust=1633616465051000&amp;usg=AFQjCNFR8zsDUkKJ9PNz9FlJJ_0iR-qqSA\" data-cke-saved-href=\"https:\/\/www.youtube.com\/channel\/UCtw6E5pO5X4LR2fxaLpWT_Q\">Youtube!<\/a>&nbsp;<\/strong><\/span><\/p>\n<p><img loading=\"lazy\" decoding=\"async\" class=\"wp-image-24185 alignleft\" src=\"https:\/\/www.swedcham.com.br\/wp-content\/uploads\/2021\/11\/V_20_00105.jpg\" alt=\"\" width=\"522\" height=\"349\"><br data-cke-eol=\"1\"><img loading=\"lazy\" decoding=\"async\" class=\"wp-image-22977 alignleft\" src=\"https:\/\/www.swedcham.com.br\/wp-content\/uploads\/2021\/05\/banner-final.jpg\" alt=\"\" width=\"522\" height=\"261\" srcset=\"https:\/\/www.swedcham.com.br\/wp-content\/uploads\/2021\/05\/banner-final.jpg 1280w, https:\/\/www.swedcham.com.br\/wp-content\/uploads\/2021\/05\/banner-final-600x300.jpg 600w, https:\/\/www.swedcham.com.br\/wp-content\/uploads\/2021\/05\/banner-final-300x150.jpg 300w, https:\/\/www.swedcham.com.br\/wp-content\/uploads\/2021\/05\/banner-final-1024x512.jpg 1024w, https:\/\/www.swedcham.com.br\/wp-content\/uploads\/2021\/05\/banner-final-768x384.jpg 768w, https:\/\/www.swedcham.com.br\/wp-content\/uploads\/2021\/05\/banner-final-100x50.jpg 100w\" sizes=\"auto, (max-width: 522px) 100vw, 522px\" \/><\/p>\n<p><iframe loading=\"lazy\" title=\"Friday Fika com Juliana e Daniel - The Barracuda\" width=\"640\" height=\"360\" src=\"https:\/\/www.youtube.com\/embed\/J68rv4vTq34?feature=oembed\" frameborder=\"0\" allow=\"accelerometer; autoplay; clipboard-write; encrypted-media; gyroscope; picture-in-picture; web-share\" referrerpolicy=\"strict-origin-when-cross-origin\" allowfullscreen><\/iframe><\/p>\n","protected":false},"excerpt":{"rendered":"<p>Sexta-feira (26), \u00e0s 10h, convidamos voc\u00ea para um FRIDAY&nbsp;FIKA&nbsp;com gosto de renova\u00e7\u00e3o! O ano est\u00e1 terminando e gostar\u00edamos de apresentar<\/p>\n","protected":false},"featured_media":25226,"template":"","meta":[],"product_brand":[],"product_cat":[199],"product_tag":[],"class_list":{"0":"post-25028","1":"product","2":"type-product","3":"status-publish","4":"has-post-thumbnail","6":"product_cat-friday-fika","8":"first","9":"instock","10":"shipping-taxable","11":"product-type-simple"},"_links":{"self":[{"href":"https:\/\/www.swedcham.com.br\/en\/wp-json\/wp\/v2\/product\/25028","targetHints":{"allow":["GET"]}}],"collection":[{"href":"https:\/\/www.swedcham.com.br\/en\/wp-json\/wp\/v2\/product"}],"about":[{"href":"https:\/\/www.swedcham.com.br\/en\/wp-json\/wp\/v2\/types\/product"}],"wp:featuredmedia":[{"embeddable":true,"href":"https:\/\/www.swedcham.com.br\/en\/wp-json\/wp\/v2\/media\/25226"}],"wp:attachment":[{"href":"https:\/\/www.swedcham.com.br\/en\/wp-json\/wp\/v2\/media?parent=25028"}],"wp:term":[{"taxonomy":"product_brand","embeddable":true,"href":"https:\/\/www.swedcham.com.br\/en\/wp-json\/wp\/v2\/product_brand?post=25028"},{"taxonomy":"product_cat","embeddable":true,"href":"https:\/\/www.swedcham.com.br\/en\/wp-json\/wp\/v2\/product_cat?post=25028"},{"taxonomy":"product_tag","embeddable":true,"href":"https:\/\/www.swedcham.com.br\/en\/wp-json\/wp\/v2\/product_tag?post=25028"}],"curies":[{"name":"wp","href":"https:\/\/api.w.org\/{rel}","templated":true}]}}

<div></div>
<p><img loading="lazy" decoding="async" class="size-full wp-image-24183 alignnone" src="https://www.swedcham.com.br/wp-content/uploads/2021/11/fff.png" alt="" width="522" height="182"></p>
<p><span style="color: #000000;"><strong>Sexta-feira (26), às 10h, convidamos você para um FRIDAY&nbsp;FIKA&nbsp;com gosto de renovação!</strong></span></p>
<p><span style="color: #000000;">O ano está terminando e gostaríamos de apresentar a vocês, nossos novos associados: <a style="color: #000000;" href="https://www.thebarracuda.com.br/" target="_blank" rel="noopener noreferrer" data-cke-saved-href="https://www.thebarracuda.com.br/">The Barracuda!</a></span></p>
<p><span style="color: #000000;">Há 16 anos atrás um grupo de amigos suecos conheceram Itacaré e se apaixonaram pela beleza e cultura local ainda tão preservadas.</span><br />
<span style="color: #000000;">Juntamente com o casal &nbsp;Juliana Ghiotto, paulista e Daniel Lima, Itacareense, realizaram o sonho de construir um hotel e uma casa sob o mesmo teto através da criação do Vila Barracuda em 2013, um pequeno Boutique Hotel localizado na Orla dos Pescadores. Em janeiro de 2020, o grupo abriu as portas de um novo empreendimento, o Barracuda Beach Hotel &amp; Villas, localizado ao longo da costa ao lado das Praias da cidade.&nbsp;</span></p>
<p><span style="color: #000000;">Nesta sexta, Juliana e Daniel vão conversar com a gente sobre o conceito de hospitalidade Barracuda, os projetos futuros e fundação do Instituto Yandê Itacaré que visa apoiar o desenvolvimento social e ambiental de Itacaré.</span></p>
<p><span style="color: #000000;">Venha descobrir e se apaixonar por Itacaré, quem sabe esse não seja o destino de férias que está procurando!</span></p>
<p><span style="color: #000000;">Você que é de São Paulo,&nbsp;<a style="color: #000000;" href="https://escandinavo.goomer.app/menu" target="_blank" rel="noopener noreferrer" data-saferedirecturl="https://www.google.com/url?q=https://escandinavo.goomer.app/menu&amp;source=gmail&amp;ust=1633616465051000&amp;usg=AFQjCNEEGkA0Ibytw48Qa0zQnx3_IiYhQA" data-cke-saved-href="https://escandinavo.goomer.app/menu">clique aqui</a>&nbsp;e encomende um delicioso e tradicional Swedish fika para acompanhar o papo.</span></p>
<p><span style="color: #000000;"><strong>Sexta-feira às 10h no nosso canal do&nbsp;<a style="color: #000000;" href="https://www.youtube.com/channel/UCtw6E5pO5X4LR2fxaLpWT_Q" target="_blank" rel="noopener noreferrer" data-saferedirecturl="https://www.google.com/url?q=https://www.youtube.com/channel/UCtw6E5pO5X4LR2fxaLpWT_Q&amp;source=gmail&amp;ust=1633616465051000&amp;usg=AFQjCNFR8zsDUkKJ9PNz9FlJJ_0iR-qqSA" data-cke-saved-href="https://www.youtube.com/channel/UCtw6E5pO5X4LR2fxaLpWT_Q">Youtube!</a>&nbsp;</strong></span></p>
<p><img loading="lazy" decoding="async" class="wp-image-24185 alignleft" src="https://www.swedcham.com.br/wp-content/uploads/2021/11/V_20_00105.jpg" alt="" width="522" height="349"><br data-cke-eol="1"><img loading="lazy" decoding="async" class="wp-image-22977 alignleft" src="https://www.swedcham.com.br/wp-content/uploads/2021/05/banner-final.jpg" alt="" width="522" height="261" srcset="https://www.swedcham.com.br/wp-content/uploads/2021/05/banner-final.jpg 1280w, https://www.swedcham.com.br/wp-content/uploads/2021/05/banner-final-600x300.jpg 600w, https://www.swedcham.com.br/wp-content/uploads/2021/05/banner-final-300x150.jpg 300w, https://www.swedcham.com.br/wp-content/uploads/2021/05/banner-final-1024x512.jpg 1024w, https://www.swedcham.com.br/wp-content/uploads/2021/05/banner-final-768x384.jpg 768w, https://www.swedcham.com.br/wp-content/uploads/2021/05/banner-final-100x50.jpg 100w" sizes="auto, (max-width: 522px) 100vw, 522px" /></p>
<p><iframe loading="lazy" title="Friday Fika com Juliana e Daniel - The Barracuda" width="640" height="360" src="https://www.youtube.com/embed/J68rv4vTq34?feature=oembed" frameborder="0" allow="accelerometer; autoplay; clipboard-write; encrypted-media; gyroscope; picture-in-picture; web-share" referrerpolicy="strict-origin-when-cross-origin" allowfullscreen></iframe></p>

<p>Sexta-feira (26), às 10h, convidamos você para um FRIDAY&nbsp;FIKA&nbsp;com gosto de renovação! O ano está terminando e gostaríamos de apresentar</p>
