{"id":24989,"date":"2021-10-14T19:54:01","date_gmt":"2021-10-14T22:54:01","guid":{"rendered":"https:\/\/dev.swedcham.com.br\/uncategorized\/aplicacao-do-5g-na-transformacao-digital\/"},"modified":"2022-04-10T00:12:37","modified_gmt":"2022-04-10T03:12:37","slug":"aplicacao-do-5g-na-transformacao-digital","status":"publish","type":"product","link":"https:\/\/www.swedcham.com.br\/en\/product\/our-events\/aplicacao-do-5g-na-transformacao-digital\/","title":{"rendered":"Aplica\u00e7\u00e3o do 5G na Transforma\u00e7\u00e3o Digital"},"content":{"rendered":"<p><iframe loading=\"lazy\" title=\"Semanas de inova\u00e7\u00e3o Su\u00e9cia-Brasil - Aplica\u00e7\u00e3o do 5G na Transforma\u00e7\u00e3o Digital\" width=\"640\" height=\"360\" src=\"https:\/\/www.youtube.com\/embed\/IiMdBbyVvAs?feature=oembed\" frameborder=\"0\" allow=\"accelerometer; autoplay; clipboard-write; encrypted-media; gyroscope; picture-in-picture; web-share\" referrerpolicy=\"strict-origin-when-cross-origin\" allowfullscreen><\/iframe><\/p>\n<p><span style=\"color: #000000;\"><strong>Durante as semanas de inova\u00e7\u00e3o Su\u00e9cia-Brasil, a Swedcham em parceria com a Embaixada da Su\u00e9cia,\u00a0 Ericsson e a Hexagon promovem o webinar:<\/strong><\/span><\/p>\n<p><span style=\"color: #000000;\"><strong><em>Aplica\u00e7\u00e3o do 5G na Transforma\u00e7\u00e3o Digital<\/em><\/strong><\/span><\/p>\n<p><span style=\"color: #000000;\">A sociedade brasileira observa atentamente a implanta\u00e7\u00e3o do 5G no mundo, enquanto aguarda o iminente leil\u00e3o de frequ\u00eancias para o Brasil.<\/span><br \/>\n<span style=\"color: #000000;\">Nesse interim, especialistas da Ericsson e Hexagon compartilham sua vis\u00e3o sobre transforma\u00e7\u00f5es disruptivas proporcionadas pelas redes 5G<\/span><\/p>\n<p class=\"m_3630756642185695850normal\" style=\"text-align: left;\"><span style=\"color: #000000;\"><img loading=\"lazy\" decoding=\"async\" class=\"alignleft wp-image-23911 size-thumbnail\" src=\"https:\/\/www.swedcham.com.br\/wp-content\/uploads\/2021\/10\/vvv-150x150.png\" alt=\"\" width=\"150\" height=\"150\" \/><\/span><\/p>\n<p><span style=\"color: #000000;\"><strong>Vanessa Vieira &#8211;<\/strong><strong>\u00a0<\/strong>Engenheira de Telecomunica\u00e7\u00f5es com 22 anos de experi\u00eancia nesta ind\u00fastria, tendo atuado em diferentes empresas e \u00e1reas, o que lhe confere uma vis\u00e3o hol\u00edstica deste mercado. Desde 2017, atua na Ericsson como CTO para o segmento de Ind\u00fastria e Enterprise, com foco no desenvolvimento de Solu\u00e7\u00f5es T\u00e9cnicas inovadoras que melhor se adequem \u00e0s necessidades dos clientes, nas \u00e1reas de Redes M\u00f3veis Celulares 4G e 5G, Ind\u00fastria 4.0, IoT, Cloud, Virtualiza\u00e7\u00e3o &amp; Edge Computing.<\/span><\/p>\n<p><span style=\"color: #000000;\"><\/span><\/p>\n<p class=\"m_3630756642185695850normal\" style=\"text-align: left;\"><span style=\"color: #000000;\"><img loading=\"lazy\" decoding=\"async\" class=\"alignleft wp-image-23908 size-thumbnail\" src=\"https:\/\/www.swedcham.com.br\/wp-content\/uploads\/2021\/10\/robson-Souza-150x150.png\" alt=\"\" width=\"150\" height=\"150\" \/><\/span><\/p>\n<p><span style=\"color: #000000;\"><strong>Robison Souza &#8211;\u00a0<\/strong>Diretor de Pre-Vendas da Hexagon. Formando em Ci\u00eancia da Computa\u00e7\u00e3o com MBA em Gerenciamento de Projetos pela FGV. Tem mais de 19 anos de\u00a0 experi\u00eancia trabalhando na Hexagon j\u00e1 atuou como Consultor de Solu\u00e7\u00f5es, L\u00edder de Projetos, Desenvolvedor de Neg\u00f3cios e Gerente de Contas Estrat\u00e9gica. Participou de importantes projetos de implanta\u00e7\u00e3o e migra\u00e7\u00e3o de Sistemas Digitais para empresas do setor de \u00d3leo &amp; G\u00e1s, Minera\u00e7\u00e3o e Petroqu\u00edmica.<\/span><\/p>\n<div>\n<p><span style=\"color: #000000;\"><\/span><\/p>\n<p class=\"m_3630756642185695850normal\" style=\"text-align: left;\"><span style=\"color: #000000;\"><img loading=\"lazy\" decoding=\"async\" class=\"alignleft wp-image-23917 size-thumbnail\" src=\"https:\/\/www.swedcham.com.br\/wp-content\/uploads\/2021\/10\/Fabio-Perna-150x150.png\" alt=\"\" width=\"150\" height=\"150\" \/><\/span><\/p>\n<p><span style=\"color: #000000;\"><strong>Fabio Perna,<\/strong> Diretor Comercial e de Servi\u00e7os da divis\u00e3o Agriculture da Hexagon. Bacharel em Estat\u00edstica pelo IME- USP e Ci\u00eancias da Computa\u00e7\u00e3o pela Fatec-SP. S\u00f3cio fundador da ILAB Sistemas, que por mais de 15 anos atuou com sistemas de planejamento e otimiza\u00e7\u00e3o no agroneg\u00f3cio brasileiro e mundial. Desde 2014 atua como Diretor na Hexagon focando solu\u00e7\u00f5es de IOT para o mercado sucroenerg\u00e9tico com mais de 160 clientes<\/span><\/p>\n<p><span style=\"color: #000000;\"><\/span><\/p>\n<p class=\"m_3630756642185695850normal\" style=\"text-align: left;\"><span style=\"color: #000000;\"><img loading=\"lazy\" decoding=\"async\" class=\"alignleft wp-image-23919 size-thumbnail\" src=\"https:\/\/www.swedcham.com.br\/wp-content\/uploads\/2021\/10\/Renata-Brasil-150x150.jpeg\" alt=\"\" width=\"150\" height=\"150\" \/><\/span><\/p>\n<p><span style=\"color: #000000;\"><strong>Renata Purger Brasil <\/strong>&#8211; Engenheira Cartografa formada na UFPR e\u00a0Gerente de Desenvolvimento de Neg\u00f3cios e Segmento de Captura de Realidade Brasil na Leica Geosystems do Brasil.<\/span><br \/>\n<span style=\"color: #000000;\">Avan\u00e7ado conhecimento t\u00e9cnico do portfolio Leica Geosystems especialmente em de Captura da realizade com Laser Scanner, Solu\u00e7\u00f5es de Monitoramento Geod\u00e9sico, Topografia de Alta Defini\u00e7\u00e3o Est\u00e1tico e M\u00f3vel, Solu\u00e7\u00f5es TPS, GNSS e VANT (ve\u00edculo a\u00e9reo n\u00e3o tripulado). Lideran\u00e7a em projetos de vendas de Laser Scanner, Monitoramento e Topografia de Alta Defini\u00e7\u00e3o (HDS), com especial participa\u00e7\u00e3o na pr\u00e9 &#8211; venda e implanta\u00e7\u00e3o dos sistemas.<\/span><\/p>\n<\/div>\n<p><span style=\"color: #000000;\"><\/span><\/p>\n<div>\n<h4 class=\"m_8215363500706865736m_-1492442068443120964m_-8622026719244850452m_-7456309968160772443m_-5953347527171562918m_-919258446742338626detail_h3\"><span style=\"color: #000000;\">Quando<\/span><\/h4>\n<div><\/div>\n<p><span style=\"color: #000000;\">Ter\u00e7a-feira, 26\u00a0de outubro, \u00e0s 15:00hs<\/span><\/p>\n<h4><strong>Agenda:<\/strong><\/h4>\n<div><span style=\"color: #000000;\">15.00\u00a0&#8211; Abertura &#8211; Jonas Lindstr\u00f6m &#8211; Diretor Executivo\/Swedcham<\/span><\/div>\n<div><\/div>\n<div><span style=\"color: #000000;\">15:05 &#8211; Vanessa\/Ericsson &#8211; O papel do 5G como tecnologia habilitadora no processo de Transforma\u00e7\u00e3o Digital da Ind\u00fastria.<\/span><\/div>\n<div><span style=\"color: #000000;\">\u00a0<\/span><br \/>\n<span style=\"color: #000000;\">15:20 &#8211; Robison\/Fabio\/Renata\/Hexagon\u00a0&#8211;\u00a0Da teoria \u00e0 pr\u00e1tica, a Hexagon apresenta como o 5G pode impactar positivamente a acelera\u00e7\u00e3o da ado\u00e7\u00e3o de tecnologia em diferentes setores do mercado brasileiro.<\/span><\/div>\n<div><\/div>\n<div><span style=\"color: #000000;\">15:40 &#8211; Q and\u00a0 A\u00a0<\/span><\/div>\n<div><\/div>\n<div><span style=\"color: #000000;\">16:00 &#8211; Encerramento<\/span><\/div>\n<div><\/div>\n<h4><span style=\"color: #000000;\"><strong>RSVP\u00a0at\u00e9 26\u00a0de outubro.<\/strong><\/span><\/h4>\n<p><a href=\"https:\/\/us02web.zoom.us\/j\/86705074496?pwd=cCtSOE9EQ0YvTkl0Z0k2dzUvU2lndz09\"><span style=\"color: #000000;\"><strong>Clique para assistir o evento<\/strong><\/span><\/a><\/p>\n<\/div>\n<div>\n<p><span style=\"color: #000000;\">O link de acesso para o webinar\u00a0ser\u00e1 enviado\u00a0antes do<\/span><br \/>\n<span style=\"color: #000000;\">evento para todos que confirmarem sua participa\u00e7\u00e3o.<\/span><\/p>\n<\/div>\n","protected":false},"excerpt":{"rendered":"<p>Durante as semanas de inova\u00e7\u00e3o Su\u00e9cia-Brasil, a Swedcham em parceria com a Embaixada da Su\u00e9cia,\u00a0 Ericsson e a Hexagon promovem<\/p>\n","protected":false},"featured_media":0,"template":"","meta":[],"product_brand":[],"product_cat":[228],"product_tag":[],"class_list":{"0":"post-24989","1":"product","2":"type-product","3":"status-publish","5":"product_cat-our-events","7":"first","8":"instock","9":"shipping-taxable","10":"product-type-simple"},"_links":{"self":[{"href":"https:\/\/www.swedcham.com.br\/en\/wp-json\/wp\/v2\/product\/24989","targetHints":{"allow":["GET"]}}],"collection":[{"href":"https:\/\/www.swedcham.com.br\/en\/wp-json\/wp\/v2\/product"}],"about":[{"href":"https:\/\/www.swedcham.com.br\/en\/wp-json\/wp\/v2\/types\/product"}],"wp:attachment":[{"href":"https:\/\/www.swedcham.com.br\/en\/wp-json\/wp\/v2\/media?parent=24989"}],"wp:term":[{"taxonomy":"product_brand","embeddable":true,"href":"https:\/\/www.swedcham.com.br\/en\/wp-json\/wp\/v2\/product_brand?post=24989"},{"taxonomy":"product_cat","embeddable":true,"href":"https:\/\/www.swedcham.com.br\/en\/wp-json\/wp\/v2\/product_cat?post=24989"},{"taxonomy":"product_tag","embeddable":true,"href":"https:\/\/www.swedcham.com.br\/en\/wp-json\/wp\/v2\/product_tag?post=24989"}],"curies":[{"name":"wp","href":"https:\/\/api.w.org\/{rel}","templated":true}]}}

Aplicação do 5G na Transformação Digital

<p><iframe loading="lazy" title="Semanas de inovação Suécia-Brasil - Aplicação do 5G na Transformação Digital" width="640" height="360" src="https://www.youtube.com/embed/IiMdBbyVvAs?feature=oembed" frameborder="0" allow="accelerometer; autoplay; clipboard-write; encrypted-media; gyroscope; picture-in-picture; web-share" referrerpolicy="strict-origin-when-cross-origin" allowfullscreen></iframe></p>
<p><span style="color: #000000;"><strong>Durante as semanas de inovação Suécia-Brasil, a Swedcham em parceria com a Embaixada da Suécia,  Ericsson e a Hexagon promovem o webinar:</strong></span></p>
<p><span style="color: #000000;"><strong><em>Aplicação do 5G na Transformação Digital</em></strong></span></p>
<p><span style="color: #000000;">A sociedade brasileira observa atentamente a implantação do 5G no mundo, enquanto aguarda o iminente leilão de frequências para o Brasil.</span><br />
<span style="color: #000000;">Nesse interim, especialistas da Ericsson e Hexagon compartilham sua visão sobre transformações disruptivas proporcionadas pelas redes 5G</span></p>
<p class="m_3630756642185695850normal" style="text-align: left;"><span style="color: #000000;"><img loading="lazy" decoding="async" class="alignleft wp-image-23911 size-thumbnail" src="https://www.swedcham.com.br/wp-content/uploads/2021/10/vvv-150x150.png" alt="" width="150" height="150" /></span></p>
<p><span style="color: #000000;"><strong>Vanessa Vieira &#8211;</strong><strong> </strong>Engenheira de Telecomunicações com 22 anos de experiência nesta indústria, tendo atuado em diferentes empresas e áreas, o que lhe confere uma visão holística deste mercado. Desde 2017, atua na Ericsson como CTO para o segmento de Indústria e Enterprise, com foco no desenvolvimento de Soluções Técnicas inovadoras que melhor se adequem às necessidades dos clientes, nas áreas de Redes Móveis Celulares 4G e 5G, Indústria 4.0, IoT, Cloud, Virtualização &amp; Edge Computing.</span></p>
<p><span style="color: #000000;"></span></p>
<p class="m_3630756642185695850normal" style="text-align: left;"><span style="color: #000000;"><img loading="lazy" decoding="async" class="alignleft wp-image-23908 size-thumbnail" src="https://www.swedcham.com.br/wp-content/uploads/2021/10/robson-Souza-150x150.png" alt="" width="150" height="150" /></span></p>
<p><span style="color: #000000;"><strong>Robison Souza &#8211; </strong>Diretor de Pre-Vendas da Hexagon. Formando em Ciência da Computação com MBA em Gerenciamento de Projetos pela FGV. Tem mais de 19 anos de  experiência trabalhando na Hexagon já atuou como Consultor de Soluções, Líder de Projetos, Desenvolvedor de Negócios e Gerente de Contas Estratégica. Participou de importantes projetos de implantação e migração de Sistemas Digitais para empresas do setor de Óleo &amp; Gás, Mineração e Petroquímica.</span></p>
<div>
<p><span style="color: #000000;"></span></p>
<p class="m_3630756642185695850normal" style="text-align: left;"><span style="color: #000000;"><img loading="lazy" decoding="async" class="alignleft wp-image-23917 size-thumbnail" src="https://www.swedcham.com.br/wp-content/uploads/2021/10/Fabio-Perna-150x150.png" alt="" width="150" height="150" /></span></p>
<p><span style="color: #000000;"><strong>Fabio Perna,</strong> Diretor Comercial e de Serviços da divisão Agriculture da Hexagon. Bacharel em Estatística pelo IME- USP e Ciências da Computação pela Fatec-SP. Sócio fundador da ILAB Sistemas, que por mais de 15 anos atuou com sistemas de planejamento e otimização no agronegócio brasileiro e mundial. Desde 2014 atua como Diretor na Hexagon focando soluções de IOT para o mercado sucroenergético com mais de 160 clientes</span></p>
<p><span style="color: #000000;"></span></p>
<p class="m_3630756642185695850normal" style="text-align: left;"><span style="color: #000000;"><img loading="lazy" decoding="async" class="alignleft wp-image-23919 size-thumbnail" src="https://www.swedcham.com.br/wp-content/uploads/2021/10/Renata-Brasil-150x150.jpeg" alt="" width="150" height="150" /></span></p>
<p><span style="color: #000000;"><strong>Renata Purger Brasil </strong>&#8211; Engenheira Cartografa formada na UFPR e Gerente de Desenvolvimento de Negócios e Segmento de Captura de Realidade Brasil na Leica Geosystems do Brasil.</span><br />
<span style="color: #000000;">Avançado conhecimento técnico do portfolio Leica Geosystems especialmente em de Captura da realizade com Laser Scanner, Soluções de Monitoramento Geodésico, Topografia de Alta Definição Estático e Móvel, Soluções TPS, GNSS e VANT (veículo aéreo não tripulado). Liderança em projetos de vendas de Laser Scanner, Monitoramento e Topografia de Alta Definição (HDS), com especial participação na pré &#8211; venda e implantação dos sistemas.</span></p>
</div>
<p><span style="color: #000000;"></span></p>
<div>
<h4 class="m_8215363500706865736m_-1492442068443120964m_-8622026719244850452m_-7456309968160772443m_-5953347527171562918m_-919258446742338626detail_h3"><span style="color: #000000;">Quando</span></h4>
<div></div>
<p><span style="color: #000000;">Terça-feira, 26 de outubro, às 15:00hs</span></p>
<h4><strong>Agenda:</strong></h4>
<div><span style="color: #000000;">15.00 &#8211; Abertura &#8211; Jonas Lindström &#8211; Diretor Executivo/Swedcham</span></div>
<div></div>
<div><span style="color: #000000;">15:05 &#8211; Vanessa/Ericsson &#8211; O papel do 5G como tecnologia habilitadora no processo de Transformação Digital da Indústria.</span></div>
<div><span style="color: #000000;"> </span><br />
<span style="color: #000000;">15:20 &#8211; Robison/Fabio/Renata/Hexagon &#8211; Da teoria à prática, a Hexagon apresenta como o 5G pode impactar positivamente a aceleração da adoção de tecnologia em diferentes setores do mercado brasileiro.</span></div>
<div></div>
<div><span style="color: #000000;">15:40 &#8211; Q and  A </span></div>
<div></div>
<div><span style="color: #000000;">16:00 &#8211; Encerramento</span></div>
<div></div>
<h4><span style="color: #000000;"><strong>RSVP até 26 de outubro.</strong></span></h4>
<p><a href="https://us02web.zoom.us/j/86705074496?pwd=cCtSOE9EQ0YvTkl0Z0k2dzUvU2lndz09"><span style="color: #000000;"><strong>Clique para assistir o evento</strong></span></a></p>
</div>
<div>
<p><span style="color: #000000;">O link de acesso para o webinar será enviado antes do</span><br />
<span style="color: #000000;">evento para todos que confirmarem sua participação.</span></p>
</div>

<p>Durante as semanas de inovação Suécia-Brasil, a Swedcham em parceria com a Embaixada da Suécia,  Ericsson e a Hexagon promovem</p>
