{"id":24977,"date":"2021-09-14T09:44:07","date_gmt":"2021-09-14T12:44:07","guid":{"rendered":"https:\/\/dev.swedcham.com.br\/uncategorized\/retomada-da-pandemia-aspectos-trabalhistas-e-obrigatoriedade-da-vacina\/"},"modified":"2022-04-10T00:05:59","modified_gmt":"2022-04-10T03:05:59","slug":"retomada-da-pandemia-aspectos-trabalhistas-e-obrigatoriedade-da-vacina","status":"publish","type":"product","link":"https:\/\/www.swedcham.com.br\/en\/product\/our-events\/retomada-da-pandemia-aspectos-trabalhistas-e-obrigatoriedade-da-vacina\/","title":{"rendered":"Retomada p\u00f3s Pandemia, aspectos trabalhistas e obrigatoriedade da vacina"},"content":{"rendered":"<p><iframe loading=\"lazy\" title=\"Retomada p\u00f3s Pandemia, aspectos trabalhistas e obrigatoriedade da vacina\" width=\"640\" height=\"360\" src=\"https:\/\/www.youtube.com\/embed\/SSk1fcXyvlg?feature=oembed\" frameborder=\"0\" allow=\"accelerometer; autoplay; clipboard-write; encrypted-media; gyroscope; picture-in-picture; web-share\" referrerpolicy=\"strict-origin-when-cross-origin\" allowfullscreen><\/iframe><\/p>\n<p><span style=\"color: #000000;\">O Comit\u00ea Jur\u00eddico &amp; Neg\u00f3cios convida para a palestra:<\/span><\/p>\n<p><span style=\"color: #000000;\"><strong>Retomada p\u00f3s Pandemia, aspectos trabalhistas e obrigatoriedade da vacina<\/strong><\/span><\/p>\n<p class=\"m_3630756642185695850normal\" style=\"text-align: left;\"><span style=\"color: #000000;\"><img loading=\"lazy\" decoding=\"async\" class=\"alignleft wp-image-23772\" src=\"https:\/\/www.swedcham.com.br\/wp-content\/uploads\/2021\/09\/teste-217x300.jpg\" alt=\"\" width=\"145\" height=\"200\" \/><\/span><\/p>\n<p><span style=\"color: #000000;\"><strong>Raissa Bressanim Tokunaga<\/strong><\/span><br \/>\n<span style=\"color: #000000;\">Coordenadora dos cursos de LL.M em Direito do Trabalho e do \u201cDireito do Trabalho: Uma Vis\u00e3o Multidisciplinar e Estrat\u00e9gica\u201d no INSPER, e professora do curso de LL.C Empresarial na mesma institui\u00e7\u00e3o. Por mais de 5 anos foi professora da p\u00f3s-gradua\u00e7\u00e3o lato sensu em Direito do Trabalho na PUC-SP.<\/span><br \/>\n<span style=\"color: #000000;\">Mestre em Direito do Trabalho pela PUC-SP e Especialista em Direito do Trabalho pela PUC-SP.<\/span><br \/>\n<span style=\"color: #000000;\">\u00c9 certificada pelo INSPER no curso de Compliance.<\/span><br \/>\n<span style=\"color: #000000;\">S\u00f3cia do escrit\u00f3rio Riva Bressanim Advogados.<\/span><\/p>\n<div>\n<p><span style=\"color: #000000;\"><\/span><\/p>\n<h4 class=\"m_8215363500706865736m_-1492442068443120964m_-8622026719244850452m_-7456309968160772443m_-5953347527171562918m_-919258446742338626detail_h3\"><span style=\"color: #000000;\">Quando<\/span><\/h4>\n<div><\/div>\n<p><span style=\"color: #000000;\">Ter\u00e7a-feira, 21\u00a0de setembro, \u00e0s 10:00hs<\/span><\/p>\n<h4><span style=\"color: #000000;\"><strong>RSVP at\u00e9 21<\/strong>\u00a0de setembro<\/span><\/h4>\n<p><span style=\"color: #000000;\"><a style=\"color: #000000;\" href=\"https:\/\/docs.google.com\/forms\/d\/e\/1FAIpQLScGEOllFC1rBDMbnWZ7IiNiezqp-x73pWQkTI7dzAIVSgVRRQ\/viewform?vc=0&amp;c=0&amp;w=1&amp;flr=0\" target=\"_blank\" rel=\"noopener noreferrer\" data-cke-saved-href=\"https:\/\/docs.google.com\/forms\/d\/1-Xgp5aWB69Jra2UkzkLPIH44xU1BChEcly72vt4TOU8\/prefill\">Clique aqui para fazer sua reserva<\/a><\/span><\/p>\n<\/div>\n<div>\n<p><span style=\"color: #000000;\">O link de acesso para o webinar\u00a0ser\u00e1 enviado\u00a0antes do<\/span><br \/>\n<span style=\"color: #000000;\">evento para todos que confirmarem sua participa\u00e7\u00e3o.<\/span><\/p>\n<h3><\/h3>\n<\/div>\n","protected":false},"excerpt":{"rendered":"<p>O Comit\u00ea Jur\u00eddico &amp; Neg\u00f3cios convida para a palestra: Retomada p\u00f3s Pandemia, aspectos trabalhistas e obrigatoriedade da vacina Raissa Bressanim<\/p>\n","protected":false},"featured_media":0,"template":"","meta":[],"product_brand":[],"product_cat":[228],"product_tag":[],"class_list":{"0":"post-24977","1":"product","2":"type-product","3":"status-publish","5":"product_cat-our-events","7":"first","8":"instock","9":"shipping-taxable","10":"product-type-simple"},"_links":{"self":[{"href":"https:\/\/www.swedcham.com.br\/en\/wp-json\/wp\/v2\/product\/24977","targetHints":{"allow":["GET"]}}],"collection":[{"href":"https:\/\/www.swedcham.com.br\/en\/wp-json\/wp\/v2\/product"}],"about":[{"href":"https:\/\/www.swedcham.com.br\/en\/wp-json\/wp\/v2\/types\/product"}],"wp:attachment":[{"href":"https:\/\/www.swedcham.com.br\/en\/wp-json\/wp\/v2\/media?parent=24977"}],"wp:term":[{"taxonomy":"product_brand","embeddable":true,"href":"https:\/\/www.swedcham.com.br\/en\/wp-json\/wp\/v2\/product_brand?post=24977"},{"taxonomy":"product_cat","embeddable":true,"href":"https:\/\/www.swedcham.com.br\/en\/wp-json\/wp\/v2\/product_cat?post=24977"},{"taxonomy":"product_tag","embeddable":true,"href":"https:\/\/www.swedcham.com.br\/en\/wp-json\/wp\/v2\/product_tag?post=24977"}],"curies":[{"name":"wp","href":"https:\/\/api.w.org\/{rel}","templated":true}]}}

Retomada pós Pandemia, aspectos trabalhistas e obrigatoriedade da vacina

<p><iframe loading="lazy" title="Retomada pós Pandemia, aspectos trabalhistas e obrigatoriedade da vacina" width="640" height="360" src="https://www.youtube.com/embed/SSk1fcXyvlg?feature=oembed" frameborder="0" allow="accelerometer; autoplay; clipboard-write; encrypted-media; gyroscope; picture-in-picture; web-share" referrerpolicy="strict-origin-when-cross-origin" allowfullscreen></iframe></p>
<p><span style="color: #000000;">O Comitê Jurídico &amp; Negócios convida para a palestra:</span></p>
<p><span style="color: #000000;"><strong>Retomada pós Pandemia, aspectos trabalhistas e obrigatoriedade da vacina</strong></span></p>
<p class="m_3630756642185695850normal" style="text-align: left;"><span style="color: #000000;"><img loading="lazy" decoding="async" class="alignleft wp-image-23772" src="https://www.swedcham.com.br/wp-content/uploads/2021/09/teste-217x300.jpg" alt="" width="145" height="200" /></span></p>
<p><span style="color: #000000;"><strong>Raissa Bressanim Tokunaga</strong></span><br />
<span style="color: #000000;">Coordenadora dos cursos de LL.M em Direito do Trabalho e do “Direito do Trabalho: Uma Visão Multidisciplinar e Estratégica” no INSPER, e professora do curso de LL.C Empresarial na mesma instituição. Por mais de 5 anos foi professora da pós-graduação lato sensu em Direito do Trabalho na PUC-SP.</span><br />
<span style="color: #000000;">Mestre em Direito do Trabalho pela PUC-SP e Especialista em Direito do Trabalho pela PUC-SP.</span><br />
<span style="color: #000000;">É certificada pelo INSPER no curso de Compliance.</span><br />
<span style="color: #000000;">Sócia do escritório Riva Bressanim Advogados.</span></p>
<div>
<p><span style="color: #000000;"></span></p>
<h4 class="m_8215363500706865736m_-1492442068443120964m_-8622026719244850452m_-7456309968160772443m_-5953347527171562918m_-919258446742338626detail_h3"><span style="color: #000000;">Quando</span></h4>
<div></div>
<p><span style="color: #000000;">Terça-feira, 21 de setembro, às 10:00hs</span></p>
<h4><span style="color: #000000;"><strong>RSVP até 21</strong> de setembro</span></h4>
<p><span style="color: #000000;"><a style="color: #000000;" href="https://docs.google.com/forms/d/e/1FAIpQLScGEOllFC1rBDMbnWZ7IiNiezqp-x73pWQkTI7dzAIVSgVRRQ/viewform?vc=0&amp;c=0&amp;w=1&amp;flr=0" target="_blank" rel="noopener noreferrer" data-cke-saved-href="https://docs.google.com/forms/d/1-Xgp5aWB69Jra2UkzkLPIH44xU1BChEcly72vt4TOU8/prefill">Clique aqui para fazer sua reserva</a></span></p>
</div>
<div>
<p><span style="color: #000000;">O link de acesso para o webinar será enviado antes do</span><br />
<span style="color: #000000;">evento para todos que confirmarem sua participação.</span></p>
<h3></h3>
</div>

<p>O Comitê Jurídico &amp; Negócios convida para a palestra: Retomada pós Pandemia, aspectos trabalhistas e obrigatoriedade da vacina Raissa Bressanim</p>
