{"id":24960,"date":"2021-08-16T12:02:27","date_gmt":"2021-08-16T15:02:27","guid":{"rendered":"https:\/\/dev.swedcham.com.br\/uncategorized\/tendencias-em-comunicacao-2021\/"},"modified":"2022-04-10T00:04:22","modified_gmt":"2022-04-10T03:04:22","slug":"tendencias-em-comunicacao-2021","status":"publish","type":"product","link":"https:\/\/www.swedcham.com.br\/en\/product\/our-events\/tendencias-em-comunicacao-2021\/","title":{"rendered":"Tend\u00eancias em Comunica\u00e7\u00e3o 2021"},"content":{"rendered":"<p><iframe loading=\"lazy\" title=\"Tend\u00eancias em Comunica\u00e7\u00e3o 2021\" width=\"640\" height=\"360\" src=\"https:\/\/www.youtube.com\/embed\/WvQG7Ku3Kik?feature=oembed\" frameborder=\"0\" allow=\"accelerometer; autoplay; clipboard-write; encrypted-media; gyroscope; picture-in-picture; web-share\" referrerpolicy=\"strict-origin-when-cross-origin\" allowfullscreen><\/iframe><\/p>\n<p><span style=\"color: #000000;\"><strong>O Comit\u00ea de Comunica\u00e7\u00e3o e Marketing\u00a0convida para a palestra:<\/strong><\/span><\/p>\n<p><span style=\"color: #000000;\"><strong>Tend\u00eancias em Comunica\u00e7\u00e3o 2021<\/strong><\/span><\/p>\n<p><span style=\"color: #000000;\">Em sua segunda edi\u00e7\u00e3o, o estudo \u201cO que esperar da Comunica\u00e7\u00e3o Organizacional no Brasil\u201d pretende trazer um panorama das principais tend\u00eancias da \u00e1rea de Comunica\u00e7\u00e3o das organiza\u00e7\u00f5es para 2021 e pr\u00f3ximos anos. S\u00e3o quest\u00f5es sobre o dimensionamento, caracter\u00edsticas, tecnologias e principais contribui\u00e7\u00f5es da \u00e1rea de comunica\u00e7\u00e3o das organiza\u00e7\u00f5es que atuam no pa\u00eds. Tamb\u00e9m s\u00e3o abordadas as principais metas e delineados os desafios que os profissionais da \u00e1rea enfrentam em 2021.<\/span><\/p>\n<p class=\"m_3630756642185695850normal\" style=\"text-align: left;\"><span style=\"color: #000000;\"><img loading=\"lazy\" decoding=\"async\" class=\"alignleft wp-image-23648\" src=\"https:\/\/www.swedcham.com.br\/wp-content\/uploads\/2021\/08\/Ham.png\" alt=\"\" width=\"169\" height=\"190\" \/><\/span><\/p>\n<p><span style=\"color: #000000;\"><strong>Hamilton dos Santos\u00a0<\/strong><\/span><br \/>\n<span style=\"color: #000000;\"><em>Diretor-Geral da Aberje<\/em><\/span><br \/>\n<span style=\"color: #000000;\">\u00a0Jornalista, mestre e doutorando em Filosofia pela USP, com atualiza\u00e7\u00e3o em Gest\u00e3o de Neg\u00f3cios pela Stanford Global Business School. Atuou em reda\u00e7\u00f5es de grandes ve\u00edculos do pa\u00eds e no RH da Editora Abril, onde atuou por 20 anos. Hoje \u00e9 diretor-geral da Aberje, membro do board da Global Alliance for PR and Communication Management e Country Chair da Page para o Brasil. \u00c9 membro do Conselho de Administra\u00e7\u00e3o da Poi\u00e9sis e um dos l\u00edderes do movimento Tem Mais Gente Lendo.<\/span><\/p>\n<div>\n<p><span style=\"color: #000000;\"><\/span><\/p>\n<h4 class=\"m_8215363500706865736m_-1492442068443120964m_-8622026719244850452m_-7456309968160772443m_-5953347527171562918m_-919258446742338626detail_h3\"><span style=\"color: #000000;\">Quando<\/span><\/h4>\n<div><\/div>\n<p><span style=\"color: #000000;\">Quinta-feira, 16\u00a0de setembro, \u00e0s 16:00hs<\/span><\/p>\n<h4><span style=\"color: #000000;\"><strong>RSVP\u00a0at\u00e9 <\/strong>16 de setembro<\/span><\/h4>\n<p><a href=\"https:\/\/forms.gle\/mm5MtGN7Hc8EAH6A9\"><span style=\"color: #000000;\">Clique aqui para fazer sua reserva<\/span><\/a><\/p>\n<\/div>\n<div>\n<p><span style=\"color: #000000;\">O link de acesso para o webinar\u00a0ser\u00e1 enviado\u00a0antes do<\/span><br \/>\n<span style=\"color: #000000;\">evento para todos que confirmarem sua participa\u00e7\u00e3o.<\/span><\/p>\n<h3><\/h3>\n<\/div>\n","protected":false},"excerpt":{"rendered":"<p>O Comit\u00ea de Comunica\u00e7\u00e3o e Marketing\u00a0convida para a palestra: Tend\u00eancias em Comunica\u00e7\u00e3o 2021 Em sua segunda edi\u00e7\u00e3o, o estudo \u201cO<\/p>\n","protected":false},"featured_media":0,"template":"","meta":[],"product_brand":[],"product_cat":[228],"product_tag":[],"class_list":{"0":"post-24960","1":"product","2":"type-product","3":"status-publish","5":"product_cat-our-events","7":"first","8":"instock","9":"shipping-taxable","10":"product-type-simple"},"_links":{"self":[{"href":"https:\/\/www.swedcham.com.br\/en\/wp-json\/wp\/v2\/product\/24960","targetHints":{"allow":["GET"]}}],"collection":[{"href":"https:\/\/www.swedcham.com.br\/en\/wp-json\/wp\/v2\/product"}],"about":[{"href":"https:\/\/www.swedcham.com.br\/en\/wp-json\/wp\/v2\/types\/product"}],"wp:attachment":[{"href":"https:\/\/www.swedcham.com.br\/en\/wp-json\/wp\/v2\/media?parent=24960"}],"wp:term":[{"taxonomy":"product_brand","embeddable":true,"href":"https:\/\/www.swedcham.com.br\/en\/wp-json\/wp\/v2\/product_brand?post=24960"},{"taxonomy":"product_cat","embeddable":true,"href":"https:\/\/www.swedcham.com.br\/en\/wp-json\/wp\/v2\/product_cat?post=24960"},{"taxonomy":"product_tag","embeddable":true,"href":"https:\/\/www.swedcham.com.br\/en\/wp-json\/wp\/v2\/product_tag?post=24960"}],"curies":[{"name":"wp","href":"https:\/\/api.w.org\/{rel}","templated":true}]}}

Tendências em Comunicação 2021

<p><iframe loading="lazy" title="Tendências em Comunicação 2021" width="640" height="360" src="https://www.youtube.com/embed/WvQG7Ku3Kik?feature=oembed" frameborder="0" allow="accelerometer; autoplay; clipboard-write; encrypted-media; gyroscope; picture-in-picture; web-share" referrerpolicy="strict-origin-when-cross-origin" allowfullscreen></iframe></p>
<p><span style="color: #000000;"><strong>O Comitê de Comunicação e Marketing convida para a palestra:</strong></span></p>
<p><span style="color: #000000;"><strong>Tendências em Comunicação 2021</strong></span></p>
<p><span style="color: #000000;">Em sua segunda edição, o estudo “O que esperar da Comunicação Organizacional no Brasil” pretende trazer um panorama das principais tendências da área de Comunicação das organizações para 2021 e próximos anos. São questões sobre o dimensionamento, características, tecnologias e principais contribuições da área de comunicação das organizações que atuam no país. Também são abordadas as principais metas e delineados os desafios que os profissionais da área enfrentam em 2021.</span></p>
<p class="m_3630756642185695850normal" style="text-align: left;"><span style="color: #000000;"><img loading="lazy" decoding="async" class="alignleft wp-image-23648" src="https://www.swedcham.com.br/wp-content/uploads/2021/08/Ham.png" alt="" width="169" height="190" /></span></p>
<p><span style="color: #000000;"><strong>Hamilton dos Santos </strong></span><br />
<span style="color: #000000;"><em>Diretor-Geral da Aberje</em></span><br />
<span style="color: #000000;"> Jornalista, mestre e doutorando em Filosofia pela USP, com atualização em Gestão de Negócios pela Stanford Global Business School. Atuou em redações de grandes veículos do país e no RH da Editora Abril, onde atuou por 20 anos. Hoje é diretor-geral da Aberje, membro do board da Global Alliance for PR and Communication Management e Country Chair da Page para o Brasil. É membro do Conselho de Administração da Poiésis e um dos líderes do movimento Tem Mais Gente Lendo.</span></p>
<div>
<p><span style="color: #000000;"></span></p>
<h4 class="m_8215363500706865736m_-1492442068443120964m_-8622026719244850452m_-7456309968160772443m_-5953347527171562918m_-919258446742338626detail_h3"><span style="color: #000000;">Quando</span></h4>
<div></div>
<p><span style="color: #000000;">Quinta-feira, 16 de setembro, às 16:00hs</span></p>
<h4><span style="color: #000000;"><strong>RSVP até </strong>16 de setembro</span></h4>
<p><a href="https://forms.gle/mm5MtGN7Hc8EAH6A9"><span style="color: #000000;">Clique aqui para fazer sua reserva</span></a></p>
</div>
<div>
<p><span style="color: #000000;">O link de acesso para o webinar será enviado antes do</span><br />
<span style="color: #000000;">evento para todos que confirmarem sua participação.</span></p>
<h3></h3>
</div>

<p>O Comitê de Comunicação e Marketing convida para a palestra: Tendências em Comunicação 2021 Em sua segunda edição, o estudo “O</p>
