{"id":24950,"date":"2021-08-13T16:29:22","date_gmt":"2021-08-13T19:29:22","guid":{"rendered":"https:\/\/dev.swedcham.com.br\/uncategorized\/o-cenario-macro-economico-brasileiro\/"},"modified":"2021-08-13T16:29:22","modified_gmt":"2021-08-13T19:29:22","slug":"o-cenario-macro-economico-brasileiro","status":"publish","type":"product","link":"https:\/\/www.swedcham.com.br\/en\/product\/our-events\/o-cenario-macro-economico-brasileiro\/","title":{"rendered":"O cen\u00e1rio macro-econ\u00f4mico Brasileiro"},"content":{"rendered":"<p><span style=\"color: #000000;\"><strong>O comit\u00ea Financeiro convida para a palestra:<\/strong><\/span><\/p>\n<h4><span style=\"color: #000000;\"><strong>O cen\u00e1rio macro-econ\u00f4mico Brasileiro<\/strong><\/span><\/h4>\n<p>&nbsp;<\/p>\n<p class=\"m_3630756642185695850normal\" style=\"text-align: left;\"><span style=\"color: #000000;\"><img loading=\"lazy\" decoding=\"async\" class=\"alignleft wp-image-23635\" src=\"https:\/\/www.swedcham.com.br\/wp-content\/uploads\/2021\/08\/m-amp-aacute-rio-mesquita_31052019_131355-G-252x300.jpg\" alt=\"\" width=\"168\" height=\"200\" \/><\/span><\/p>\n<p><span style=\"color: #000000;\"><strong>M\u00e1rio Mesquita <\/strong>&#8211; Economista-chefe do Ita\u00fa Unibanco, foi diretor de Pol\u00edtica Econ\u00f4mica do Banco Central do Brasil e atuou no Fundo Monet\u00e1rio Internacional (FMI). Teve passagens pelos bancos ABN Amro Real e Brasil Plural.<\/span><br \/>\n<span style=\"color: #000000;\">Bacharel em Economia pela Universidade Federal do Rio de Janeiro, tem mestrado pela Pontif\u00edcia Universidade Cat\u00f3lica do Rio de Janeiro, bem como mestrado e doutorado em Economia pela Universidade de Oxford.<\/span><\/p>\n<p>&nbsp;<\/p>\n<div>\n<p><span style=\"color: #000000;\"><\/span><\/p>\n<h4 class=\"m_8215363500706865736m_-1492442068443120964m_-8622026719244850452m_-7456309968160772443m_-5953347527171562918m_-919258446742338626detail_h3\"><span style=\"color: #000000;\">Quando<\/span><\/h4>\n<div><\/div>\n<p><span style=\"color: #000000;\">Quarta-feira, 15\u00a0de setembro, \u00e0s 14:00hs<\/span><\/p>\n<h4><span style=\"color: #000000;\"><strong>RSVP\u00a0at\u00e9\u00a0<\/strong>15 de setembro<\/span><\/h4>\n<p><a href=\"https:\/\/docs.google.com\/forms\/d\/e\/1FAIpQLSewvVsorHbmqu9qczO_mJHOW2nqEY9wjt_uUajngfO27qyYXw\/viewform?vc=0&amp;c=0&amp;w=1&amp;flr=0\"><span style=\"color: #000000;\">Clique aqui para fazer sua reserva<\/span><\/a><\/p>\n<\/div>\n<div>\n<p><span style=\"color: #000000;\">O link de acesso para o webinar\u00a0ser\u00e1 enviado\u00a0antes do<\/span><br \/>\n<span style=\"color: #000000;\">evento para todos que confirmarem sua participa\u00e7\u00e3o.<\/span><\/p>\n<h3><\/h3>\n<\/div>\n<p>&nbsp;<\/p>\n<p>&nbsp;<\/p>\n<p>&nbsp;<\/p>\n<p>&nbsp;<\/p>\n<p>&nbsp;<\/p>\n<p>&nbsp;<\/p>\n","protected":false},"excerpt":{"rendered":"<p>O comit\u00ea Financeiro convida para a palestra: O cen\u00e1rio macro-econ\u00f4mico Brasileiro &nbsp; M\u00e1rio Mesquita &#8211; Economista-chefe do Ita\u00fa Unibanco, foi<\/p>\n","protected":false},"featured_media":0,"template":"","meta":[],"product_brand":[],"product_cat":[228],"product_tag":[],"class_list":{"0":"post-24950","1":"product","2":"type-product","3":"status-publish","5":"product_cat-our-events","7":"first","8":"instock","9":"shipping-taxable","10":"product-type-simple"},"_links":{"self":[{"href":"https:\/\/www.swedcham.com.br\/en\/wp-json\/wp\/v2\/product\/24950","targetHints":{"allow":["GET"]}}],"collection":[{"href":"https:\/\/www.swedcham.com.br\/en\/wp-json\/wp\/v2\/product"}],"about":[{"href":"https:\/\/www.swedcham.com.br\/en\/wp-json\/wp\/v2\/types\/product"}],"wp:attachment":[{"href":"https:\/\/www.swedcham.com.br\/en\/wp-json\/wp\/v2\/media?parent=24950"}],"wp:term":[{"taxonomy":"product_brand","embeddable":true,"href":"https:\/\/www.swedcham.com.br\/en\/wp-json\/wp\/v2\/product_brand?post=24950"},{"taxonomy":"product_cat","embeddable":true,"href":"https:\/\/www.swedcham.com.br\/en\/wp-json\/wp\/v2\/product_cat?post=24950"},{"taxonomy":"product_tag","embeddable":true,"href":"https:\/\/www.swedcham.com.br\/en\/wp-json\/wp\/v2\/product_tag?post=24950"}],"curies":[{"name":"wp","href":"https:\/\/api.w.org\/{rel}","templated":true}]}}

O cenário macro-econômico Brasileiro

<p><span style="color: #000000;"><strong>O comitê Financeiro convida para a palestra:</strong></span></p>
<h4><span style="color: #000000;"><strong>O cenário macro-econômico Brasileiro</strong></span></h4>
<p>&nbsp;</p>
<p class="m_3630756642185695850normal" style="text-align: left;"><span style="color: #000000;"><img loading="lazy" decoding="async" class="alignleft wp-image-23635" src="https://www.swedcham.com.br/wp-content/uploads/2021/08/m-amp-aacute-rio-mesquita_31052019_131355-G-252x300.jpg" alt="" width="168" height="200" /></span></p>
<p><span style="color: #000000;"><strong>Mário Mesquita </strong>&#8211; Economista-chefe do Itaú Unibanco, foi diretor de Política Econômica do Banco Central do Brasil e atuou no Fundo Monetário Internacional (FMI). Teve passagens pelos bancos ABN Amro Real e Brasil Plural.</span><br />
<span style="color: #000000;">Bacharel em Economia pela Universidade Federal do Rio de Janeiro, tem mestrado pela Pontifícia Universidade Católica do Rio de Janeiro, bem como mestrado e doutorado em Economia pela Universidade de Oxford.</span></p>
<p>&nbsp;</p>
<div>
<p><span style="color: #000000;"></span></p>
<h4 class="m_8215363500706865736m_-1492442068443120964m_-8622026719244850452m_-7456309968160772443m_-5953347527171562918m_-919258446742338626detail_h3"><span style="color: #000000;">Quando</span></h4>
<div></div>
<p><span style="color: #000000;">Quarta-feira, 15 de setembro, às 14:00hs</span></p>
<h4><span style="color: #000000;"><strong>RSVP até </strong>15 de setembro</span></h4>
<p><a href="https://docs.google.com/forms/d/e/1FAIpQLSewvVsorHbmqu9qczO_mJHOW2nqEY9wjt_uUajngfO27qyYXw/viewform?vc=0&amp;c=0&amp;w=1&amp;flr=0"><span style="color: #000000;">Clique aqui para fazer sua reserva</span></a></p>
</div>
<div>
<p><span style="color: #000000;">O link de acesso para o webinar será enviado antes do</span><br />
<span style="color: #000000;">evento para todos que confirmarem sua participação.</span></p>
<h3></h3>
</div>
<p>&nbsp;</p>
<p>&nbsp;</p>
<p>&nbsp;</p>
<p>&nbsp;</p>
<p>&nbsp;</p>
<p>&nbsp;</p>

<p>O comitê Financeiro convida para a palestra: O cenário macro-econômico Brasileiro &nbsp; Mário Mesquita &#8211; Economista-chefe do Itaú Unibanco, foi</p>
