{"id":23038,"date":"2021-05-26T16:05:19","date_gmt":"2021-05-26T19:05:19","guid":{"rendered":"https:\/\/www.swedcham.com.br\/events\/coming-events\/friday-fika-com-jonas-convidado-sergio-quiroga\/"},"modified":"2022-04-08T19:35:19","modified_gmt":"2022-04-08T22:35:19","slug":"friday-fika-com-jonas-convidado-sergio-quiroga","status":"publish","type":"product","link":"https:\/\/www.swedcham.com.br\/en\/product\/our-events\/friday-fika\/friday-fika-com-jonas-convidado-sergio-quiroga\/","title":{"rendered":"Friday Fika com Jonas &#8211; convidado Sergio Quiroga"},"content":{"rendered":"<div><img loading=\"lazy\" decoding=\"async\" class=\"size-large wp-image-22701 alignnone\" src=\"https:\/\/www.swedcham.com.br\/wp-content\/uploads\/2021\/04\/head-1024x275.png\" alt=\"\" width=\"604\" height=\"162\" srcset=\"https:\/\/www.swedcham.com.br\/wp-content\/uploads\/2021\/04\/head-1024x275.png 1024w, https:\/\/www.swedcham.com.br\/wp-content\/uploads\/2021\/04\/head-600x161.png 600w, https:\/\/www.swedcham.com.br\/wp-content\/uploads\/2021\/04\/head-300x81.png 300w, https:\/\/www.swedcham.com.br\/wp-content\/uploads\/2021\/04\/head-768x206.png 768w, https:\/\/www.swedcham.com.br\/wp-content\/uploads\/2021\/04\/head-1536x413.png 1536w, https:\/\/www.swedcham.com.br\/wp-content\/uploads\/2021\/04\/head.png 1920w\" sizes=\"auto, (max-width: 604px) 100vw, 604px\" \/><\/div>\n<p><img loading=\"lazy\" decoding=\"async\" class=\"wp-image-22971 alignnone\" src=\"https:\/\/www.swedcham.com.br\/wp-content\/uploads\/2021\/05\/5.png\" alt=\"\" width=\"604\" height=\"301\" srcset=\"https:\/\/www.swedcham.com.br\/wp-content\/uploads\/2021\/05\/5.png 640w, https:\/\/www.swedcham.com.br\/wp-content\/uploads\/2021\/05\/5-600x299.png 600w, https:\/\/www.swedcham.com.br\/wp-content\/uploads\/2021\/05\/5-300x150.png 300w, https:\/\/www.swedcham.com.br\/wp-content\/uploads\/2021\/05\/5-100x50.png 100w\" sizes=\"auto, (max-width: 604px) 100vw, 604px\" \/><\/p>\n<p style=\"text-align: left;\">Dia 28&nbsp;de maio \u00e0s 10h,&nbsp;voc\u00ea \u00e9 nosso convidado para mais um bate-papo descontra\u00eddo de&nbsp;<em>Jonas Lindstr\u00f6m<\/em>&nbsp;com&nbsp;<em>S\u00e9rgio Quiroga.<\/em><\/p>\n<p>Sergio \u00e9 um Executivo moldado para nossa atualidade: altamente vers\u00e1til, estrat\u00e9gico e de eximia compet\u00eancia intercultural \u2013 fluente em diversos idiomas, desenvolveu carreira internacionalmente em diversos pa\u00edses.<br \/>\nAp\u00f3s not\u00e1vel ciclo na Ericsson, onde iniciou como engenheiro j\u00fanior, mais tarde tornando-se CEO respons\u00e1vel por toda a Am\u00e9rica Latina \u2013 Sergio celebra hoje uma nova fase de sucesso e dentre suas diversas iniciativas, somos afortunados de t\u00ea-lo tamb\u00e9m como nosso Presidente na Swedcham.<\/p>\n<p>N\u00e3o perca a oportunidade de conversar com nosso Presidente no FIKA desta sexta-feira no epis\u00f3dio: &nbsp;\u201cA vida que segue !\u201d &#8211; Imperd\u00edvel!<\/p>\n<p>Voc\u00ea que \u00e9 de S\u00e3o Paulo,&nbsp;<a href=\"https:\/\/swedcham.us11.list-manage.com\/track\/click?u=9a53a6aa1cef2bc498bbe264b&amp;id=3b1ce38c65&amp;e=7fe8640fb8\" target=\"_blank\" rel=\"noopener noreferrer\" data-saferedirecturl=\"https:\/\/www.google.com\/url?q=https:\/\/swedcham.us11.list-manage.com\/track\/click?u%3D9a53a6aa1cef2bc498bbe264b%26id%3D3b1ce38c65%26e%3D7fe8640fb8&amp;source=gmail&amp;ust=1622134791674000&amp;usg=AFQjCNHQr5WuRvr0n3_nvpLnG8QLtInOyQ\">clique aqui&nbsp;<\/a>e encomende um delicioso e tradicional<a href=\"https:\/\/swedcham.us11.list-manage.com\/track\/click?u=9a53a6aa1cef2bc498bbe264b&amp;id=d91a15f2e8&amp;e=7fe8640fb8\" target=\"_blank\" rel=\"noopener noreferrer\" data-saferedirecturl=\"https:\/\/www.google.com\/url?q=https:\/\/swedcham.us11.list-manage.com\/track\/click?u%3D9a53a6aa1cef2bc498bbe264b%26id%3Dd91a15f2e8%26e%3D7fe8640fb8&amp;source=gmail&amp;ust=1622134791674000&amp;usg=AFQjCNGuVKIkOAET00uwjaq8nuJ7PSMRsQ\">&nbsp;<\/a><a href=\"https:\/\/swedcham.us11.list-manage.com\/track\/click?u=9a53a6aa1cef2bc498bbe264b&amp;id=60c47253ee&amp;e=7fe8640fb8\" target=\"_blank\" rel=\"noopener noreferrer\" data-saferedirecturl=\"https:\/\/www.google.com\/url?q=https:\/\/swedcham.us11.list-manage.com\/track\/click?u%3D9a53a6aa1cef2bc498bbe264b%26id%3D60c47253ee%26e%3D7fe8640fb8&amp;source=gmail&amp;ust=1622134791674000&amp;usg=AFQjCNHWAynPMZvlV4e5huK0hdU2hwG1hw\"><em>Swedish fika&nbsp;<\/em><\/a><a href=\"https:\/\/swedcham.us11.list-manage.com\/track\/click?u=9a53a6aa1cef2bc498bbe264b&amp;id=d934537f75&amp;e=7fe8640fb8\" target=\"_blank\" rel=\"noopener noreferrer\" data-saferedirecturl=\"https:\/\/www.google.com\/url?q=https:\/\/swedcham.us11.list-manage.com\/track\/click?u%3D9a53a6aa1cef2bc498bbe264b%26id%3Dd934537f75%26e%3D7fe8640fb8&amp;source=gmail&amp;ust=1622134791674000&amp;usg=AFQjCNGyNegEAqGk5x_BLT3n1PCuvRJI0g\">&nbsp;<\/a>para acompanhar o papo.<\/p>\n<p>Esperamos voc\u00eas!&nbsp;Fica para um&nbsp;fika!<\/p>\n<p>Toda sexta-feira nonosso canal do&nbsp;<a href=\"https:\/\/swedcham.us11.list-manage.com\/track\/click?u=9a53a6aa1cef2bc498bbe264b&amp;id=85a2852850&amp;e=7fe8640fb8\" target=\"_blank\" rel=\"noopener noreferrer\" data-saferedirecturl=\"https:\/\/www.google.com\/url?q=https:\/\/swedcham.us11.list-manage.com\/track\/click?u%3D9a53a6aa1cef2bc498bbe264b%26id%3D85a2852850%26e%3D7fe8640fb8&amp;source=gmail&amp;ust=1622134791674000&amp;usg=AFQjCNGLnrGWqaEPZbx9NGk8sxrmdZhgrw\">Youtube!<\/a><\/p>\n<p><img loading=\"lazy\" decoding=\"async\" class=\"alignleft wp-image-22975\" src=\"https:\/\/www.swedcham.com.br\/wp-content\/uploads\/2021\/05\/11.png\" alt=\"\" width=\"604\" height=\"274\" srcset=\"https:\/\/www.swedcham.com.br\/wp-content\/uploads\/2021\/05\/11.png 606w, https:\/\/www.swedcham.com.br\/wp-content\/uploads\/2021\/05\/11-600x272.png 600w, https:\/\/www.swedcham.com.br\/wp-content\/uploads\/2021\/05\/11-300x136.png 300w\" sizes=\"auto, (max-width: 604px) 100vw, 604px\" \/><\/p>\n<p><img loading=\"lazy\" decoding=\"async\" class=\"size-large wp-image-22977 alignnone\" src=\"https:\/\/www.swedcham.com.br\/wp-content\/uploads\/2021\/05\/banner-final-1024x512.jpg\" alt=\"\" width=\"604\" height=\"302\" srcset=\"https:\/\/www.swedcham.com.br\/wp-content\/uploads\/2021\/05\/banner-final-1024x512.jpg 1024w, https:\/\/www.swedcham.com.br\/wp-content\/uploads\/2021\/05\/banner-final-600x300.jpg 600w, https:\/\/www.swedcham.com.br\/wp-content\/uploads\/2021\/05\/banner-final-300x150.jpg 300w, https:\/\/www.swedcham.com.br\/wp-content\/uploads\/2021\/05\/banner-final-768x384.jpg 768w, https:\/\/www.swedcham.com.br\/wp-content\/uploads\/2021\/05\/banner-final-100x50.jpg 100w, https:\/\/www.swedcham.com.br\/wp-content\/uploads\/2021\/05\/banner-final.jpg 1280w\" sizes=\"auto, (max-width: 604px) 100vw, 604px\" \/><\/p>\n<p>&nbsp;<\/p>\n<p><iframe loading=\"lazy\" title=\"Friday Fika com Jonas Lindstr\u00f6m e S\u00e9rgio Quiroga!\" width=\"640\" height=\"360\" src=\"https:\/\/www.youtube.com\/embed\/Hxx0PMyV9A8?feature=oembed\" frameborder=\"0\" allow=\"accelerometer; autoplay; clipboard-write; encrypted-media; gyroscope; picture-in-picture; web-share\" referrerpolicy=\"strict-origin-when-cross-origin\" allowfullscreen><\/iframe><\/p>\n<p>&nbsp;<\/p>\n<p>&nbsp;<\/p>\n","protected":false},"excerpt":{"rendered":"<p>Dia 28&nbsp;de maio \u00e0s 10h,&nbsp;voc\u00ea \u00e9 nosso convidado para mais um bate-papo descontra\u00eddo de&nbsp;Jonas Lindstr\u00f6m&nbsp;com&nbsp;S\u00e9rgio Quiroga. Sergio \u00e9 um Executivo<\/p>\n","protected":false},"featured_media":25185,"template":"","meta":[],"product_brand":[],"product_cat":[199],"product_tag":[],"class_list":{"0":"post-23038","1":"product","2":"type-product","3":"status-publish","4":"has-post-thumbnail","6":"product_cat-friday-fika","8":"first","9":"instock","10":"shipping-taxable","11":"product-type-simple"},"_links":{"self":[{"href":"https:\/\/www.swedcham.com.br\/en\/wp-json\/wp\/v2\/product\/23038","targetHints":{"allow":["GET"]}}],"collection":[{"href":"https:\/\/www.swedcham.com.br\/en\/wp-json\/wp\/v2\/product"}],"about":[{"href":"https:\/\/www.swedcham.com.br\/en\/wp-json\/wp\/v2\/types\/product"}],"wp:featuredmedia":[{"embeddable":true,"href":"https:\/\/www.swedcham.com.br\/en\/wp-json\/wp\/v2\/media\/25185"}],"wp:attachment":[{"href":"https:\/\/www.swedcham.com.br\/en\/wp-json\/wp\/v2\/media?parent=23038"}],"wp:term":[{"taxonomy":"product_brand","embeddable":true,"href":"https:\/\/www.swedcham.com.br\/en\/wp-json\/wp\/v2\/product_brand?post=23038"},{"taxonomy":"product_cat","embeddable":true,"href":"https:\/\/www.swedcham.com.br\/en\/wp-json\/wp\/v2\/product_cat?post=23038"},{"taxonomy":"product_tag","embeddable":true,"href":"https:\/\/www.swedcham.com.br\/en\/wp-json\/wp\/v2\/product_tag?post=23038"}],"curies":[{"name":"wp","href":"https:\/\/api.w.org\/{rel}","templated":true}]}}

<div><img loading="lazy" decoding="async" class="size-large wp-image-22701 alignnone" src="https://www.swedcham.com.br/wp-content/uploads/2021/04/head-1024x275.png" alt="" width="604" height="162" srcset="https://www.swedcham.com.br/wp-content/uploads/2021/04/head-1024x275.png 1024w, https://www.swedcham.com.br/wp-content/uploads/2021/04/head-600x161.png 600w, https://www.swedcham.com.br/wp-content/uploads/2021/04/head-300x81.png 300w, https://www.swedcham.com.br/wp-content/uploads/2021/04/head-768x206.png 768w, https://www.swedcham.com.br/wp-content/uploads/2021/04/head-1536x413.png 1536w, https://www.swedcham.com.br/wp-content/uploads/2021/04/head.png 1920w" sizes="auto, (max-width: 604px) 100vw, 604px" /></div>
<p><img loading="lazy" decoding="async" class="wp-image-22971 alignnone" src="https://www.swedcham.com.br/wp-content/uploads/2021/05/5.png" alt="" width="604" height="301" srcset="https://www.swedcham.com.br/wp-content/uploads/2021/05/5.png 640w, https://www.swedcham.com.br/wp-content/uploads/2021/05/5-600x299.png 600w, https://www.swedcham.com.br/wp-content/uploads/2021/05/5-300x150.png 300w, https://www.swedcham.com.br/wp-content/uploads/2021/05/5-100x50.png 100w" sizes="auto, (max-width: 604px) 100vw, 604px" /></p>
<p style="text-align: left;">Dia 28&nbsp;de maio às 10h,&nbsp;você é nosso convidado para mais um bate-papo descontraído de&nbsp;<em>Jonas Lindström</em>&nbsp;com&nbsp;<em>Sérgio Quiroga.</em></p>
<p>Sergio é um Executivo moldado para nossa atualidade: altamente versátil, estratégico e de eximia competência intercultural – fluente em diversos idiomas, desenvolveu carreira internacionalmente em diversos países.<br />
Após notável ciclo na Ericsson, onde iniciou como engenheiro júnior, mais tarde tornando-se CEO responsável por toda a América Latina – Sergio celebra hoje uma nova fase de sucesso e dentre suas diversas iniciativas, somos afortunados de tê-lo também como nosso Presidente na Swedcham.</p>
<p>Não perca a oportunidade de conversar com nosso Presidente no FIKA desta sexta-feira no episódio: &nbsp;“A vida que segue !” &#8211; Imperdível!</p>
<p>Você que é de São Paulo,&nbsp;<a href="https://swedcham.us11.list-manage.com/track/click?u=9a53a6aa1cef2bc498bbe264b&amp;id=3b1ce38c65&amp;e=7fe8640fb8" target="_blank" rel="noopener noreferrer" data-saferedirecturl="https://www.google.com/url?q=https://swedcham.us11.list-manage.com/track/click?u%3D9a53a6aa1cef2bc498bbe264b%26id%3D3b1ce38c65%26e%3D7fe8640fb8&amp;source=gmail&amp;ust=1622134791674000&amp;usg=AFQjCNHQr5WuRvr0n3_nvpLnG8QLtInOyQ">clique aqui&nbsp;</a>e encomende um delicioso e tradicional<a href="https://swedcham.us11.list-manage.com/track/click?u=9a53a6aa1cef2bc498bbe264b&amp;id=d91a15f2e8&amp;e=7fe8640fb8" target="_blank" rel="noopener noreferrer" data-saferedirecturl="https://www.google.com/url?q=https://swedcham.us11.list-manage.com/track/click?u%3D9a53a6aa1cef2bc498bbe264b%26id%3Dd91a15f2e8%26e%3D7fe8640fb8&amp;source=gmail&amp;ust=1622134791674000&amp;usg=AFQjCNGuVKIkOAET00uwjaq8nuJ7PSMRsQ">&nbsp;</a><a href="https://swedcham.us11.list-manage.com/track/click?u=9a53a6aa1cef2bc498bbe264b&amp;id=60c47253ee&amp;e=7fe8640fb8" target="_blank" rel="noopener noreferrer" data-saferedirecturl="https://www.google.com/url?q=https://swedcham.us11.list-manage.com/track/click?u%3D9a53a6aa1cef2bc498bbe264b%26id%3D60c47253ee%26e%3D7fe8640fb8&amp;source=gmail&amp;ust=1622134791674000&amp;usg=AFQjCNHWAynPMZvlV4e5huK0hdU2hwG1hw"><em>Swedish fika&nbsp;</em></a><a href="https://swedcham.us11.list-manage.com/track/click?u=9a53a6aa1cef2bc498bbe264b&amp;id=d934537f75&amp;e=7fe8640fb8" target="_blank" rel="noopener noreferrer" data-saferedirecturl="https://www.google.com/url?q=https://swedcham.us11.list-manage.com/track/click?u%3D9a53a6aa1cef2bc498bbe264b%26id%3Dd934537f75%26e%3D7fe8640fb8&amp;source=gmail&amp;ust=1622134791674000&amp;usg=AFQjCNGyNegEAqGk5x_BLT3n1PCuvRJI0g">&nbsp;</a>para acompanhar o papo.</p>
<p>Esperamos vocês!&nbsp;Fica para um&nbsp;fika!</p>
<p>Toda sexta-feira nonosso canal do&nbsp;<a href="https://swedcham.us11.list-manage.com/track/click?u=9a53a6aa1cef2bc498bbe264b&amp;id=85a2852850&amp;e=7fe8640fb8" target="_blank" rel="noopener noreferrer" data-saferedirecturl="https://www.google.com/url?q=https://swedcham.us11.list-manage.com/track/click?u%3D9a53a6aa1cef2bc498bbe264b%26id%3D85a2852850%26e%3D7fe8640fb8&amp;source=gmail&amp;ust=1622134791674000&amp;usg=AFQjCNGLnrGWqaEPZbx9NGk8sxrmdZhgrw">Youtube!</a></p>
<p><img loading="lazy" decoding="async" class="alignleft wp-image-22975" src="https://www.swedcham.com.br/wp-content/uploads/2021/05/11.png" alt="" width="604" height="274" srcset="https://www.swedcham.com.br/wp-content/uploads/2021/05/11.png 606w, https://www.swedcham.com.br/wp-content/uploads/2021/05/11-600x272.png 600w, https://www.swedcham.com.br/wp-content/uploads/2021/05/11-300x136.png 300w" sizes="auto, (max-width: 604px) 100vw, 604px" /></p>
<p><img loading="lazy" decoding="async" class="size-large wp-image-22977 alignnone" src="https://www.swedcham.com.br/wp-content/uploads/2021/05/banner-final-1024x512.jpg" alt="" width="604" height="302" srcset="https://www.swedcham.com.br/wp-content/uploads/2021/05/banner-final-1024x512.jpg 1024w, https://www.swedcham.com.br/wp-content/uploads/2021/05/banner-final-600x300.jpg 600w, https://www.swedcham.com.br/wp-content/uploads/2021/05/banner-final-300x150.jpg 300w, https://www.swedcham.com.br/wp-content/uploads/2021/05/banner-final-768x384.jpg 768w, https://www.swedcham.com.br/wp-content/uploads/2021/05/banner-final-100x50.jpg 100w, https://www.swedcham.com.br/wp-content/uploads/2021/05/banner-final.jpg 1280w" sizes="auto, (max-width: 604px) 100vw, 604px" /></p>
<p>&nbsp;</p>
<p><iframe loading="lazy" title="Friday Fika com Jonas Lindström e Sérgio Quiroga!" width="640" height="360" src="https://www.youtube.com/embed/Hxx0PMyV9A8?feature=oembed" frameborder="0" allow="accelerometer; autoplay; clipboard-write; encrypted-media; gyroscope; picture-in-picture; web-share" referrerpolicy="strict-origin-when-cross-origin" allowfullscreen></iframe></p>
<p>&nbsp;</p>
<p>&nbsp;</p>

<p>Dia 28&nbsp;de maio às 10h,&nbsp;você é nosso convidado para mais um bate-papo descontraído de&nbsp;Jonas Lindström&nbsp;com&nbsp;Sérgio Quiroga. Sergio é um Executivo</p>
