{"id":22843,"date":"2021-05-04T12:34:22","date_gmt":"2021-05-04T15:34:22","guid":{"rendered":"https:\/\/www.swedcham.com.br\/events\/coming-events\/a-conquista-do-equilibrio-mental-e-fisico-a-visao-de-renomados-especialistas\/"},"modified":"2022-04-09T23:52:51","modified_gmt":"2022-04-10T02:52:51","slug":"a-conquista-do-equilibrio-mental-e-fisico-a-visao-de-renomados-especialistas","status":"publish","type":"product","link":"https:\/\/www.swedcham.com.br\/en\/product\/our-events\/a-conquista-do-equilibrio-mental-e-fisico-a-visao-de-renomados-especialistas\/","title":{"rendered":"A CONQUISTA DO EQUIL\u00cdBRIO MENTAL E F\u00cdSICO: A vis\u00e3o de renomados Especialistas!"},"content":{"rendered":"<div>\n<p><img loading=\"lazy\" decoding=\"async\" class=\"size-large wp-image-22701 alignleft\" src=\"https:\/\/www.swedcham.com.br\/wp-content\/uploads\/2021\/04\/head-1024x275.png\" alt=\"\" width=\"604\" height=\"162\" srcset=\"https:\/\/www.swedcham.com.br\/wp-content\/uploads\/2021\/04\/head-1024x275.png 1024w, https:\/\/www.swedcham.com.br\/wp-content\/uploads\/2021\/04\/head-600x161.png 600w, https:\/\/www.swedcham.com.br\/wp-content\/uploads\/2021\/04\/head-300x81.png 300w, https:\/\/www.swedcham.com.br\/wp-content\/uploads\/2021\/04\/head-768x206.png 768w, https:\/\/www.swedcham.com.br\/wp-content\/uploads\/2021\/04\/head-1536x413.png 1536w, https:\/\/www.swedcham.com.br\/wp-content\/uploads\/2021\/04\/head.png 1920w\" sizes=\"auto, (max-width: 604px) 100vw, 604px\" \/><\/p>\n<p><iframe loading=\"lazy\" title=\"A CONQUISTA DO EQUIL\u00cdBRIO MENTAL E F\u00cdSICO: A vis\u00e3o de renomados Especialistas!\" width=\"640\" height=\"360\" src=\"https:\/\/www.youtube.com\/embed\/bPFYYmAdwtQ?feature=oembed\" frameborder=\"0\" allow=\"accelerometer; autoplay; clipboard-write; encrypted-media; gyroscope; picture-in-picture; web-share\" referrerpolicy=\"strict-origin-when-cross-origin\" allowfullscreen><\/iframe><\/p>\n<p style=\"text-align: left;\"><span style=\"color: #000000;\"><em>S<\/em><em>a\u00fade \u00e9 um estado que se conquista pelo bem-estar f\u00edsico, mental e social. Desde mar\u00e7o de 2020, enfrentamos uma pandemia global que afetou todas as facetas de nossas vidas di\u00e1rias, trazendo-nos novos desafios e muitos sentimentos de incerteza. Os impactos desta pandemia est\u00e3o nos cobrando seu pre\u00e7o fisicamente, emocionalmente e financeiramente -e j\u00e1 n\u00e3o \u00e9 mais poss\u00edvel ver o corpo e a mente separadamente.<\/em><\/span><\/p>\n<p><span style=\"color: #000000;\"><em><strong>E como podemos conseguir o equil\u00edbrio ideal entre o corpo e a mente para uma vida saud\u00e1vel nestes tempos?<\/strong><\/em><em>Para uma troca de experi\u00eancias diferenciada sobre este tema &#8211; teremos a honra de ter conosco: o renomado psiquiatra\u00a0<strong>Dr. Daniel Martins de Barros<\/strong>, o conceituado Cirurgi\u00e3o Pl\u00e1stico\u00a0<strong>Dr. Vitorio Maddarena J\u00fanior\u00a0<\/strong>e nosso Judoca Medalhista Ol\u00edmpico\u00a0<strong>Tiago Camilo<\/strong>\u00a0em um painel moderado por\u00a0<strong>Carol B\u00f6ttcher<\/strong> (Diretora da BrainKapital Executive Search e Coordenadora do Comit\u00ea de Capital Humano da SWEDCHAM) em uma coopera\u00e7\u00e3o in\u00e9dita com a BRITCHAM C\u00e2mara Brit\u00e2nica de Com\u00e9rcio e Ind\u00fastria no Brasil. <\/em>O presidente da Swedcham S\u00e9rio Quiroga da Cunha e a \u00a0presidente da Britcham Ana Paula Vitelli, tamb\u00e9mestar\u00e3o presentes.<\/span><\/p>\n<p class=\"m_3630756642185695850normal\" style=\"text-align: left;\"><span style=\"color: #000000;\"><img loading=\"lazy\" decoding=\"async\" class=\"alignleft wp-image-22829\" src=\"https:\/\/www.swedcham.com.br\/wp-content\/uploads\/2021\/05\/222-225x300.jpg\" alt=\"\" width=\"180\" height=\"240\" srcset=\"https:\/\/www.swedcham.com.br\/wp-content\/uploads\/2021\/05\/222-225x300.jpg 225w, https:\/\/www.swedcham.com.br\/wp-content\/uploads\/2021\/05\/222-600x800.jpg 600w, https:\/\/www.swedcham.com.br\/wp-content\/uploads\/2021\/05\/222-768x1024.jpg 768w, https:\/\/www.swedcham.com.br\/wp-content\/uploads\/2021\/05\/222.jpg 927w\" sizes=\"auto, (max-width: 180px) 100vw, 180px\" \/><\/span><\/p>\n<p><span style=\"color: #000000;\"><em><strong>Dr. DANIEL MARTINS DE BARROS<\/strong><\/em><em>\u00a0\u00e9 Professor colaborador do Departamento de Psiquiatria da Faculdade de Medicina da Universidade de S\u00e3o Paulo (USP).\u00a0 Doutor em Ci\u00eancias e bacharel em Filosofia pela USP, \u00e9 colunista do jornal O Estado de S. Paulo e da R\u00e1dio Band News FM.<\/em><em>\u00a0<\/em><em>Al\u00e9m dos livros t\u00e9cnicos, lan\u00e7ou entre outras as obras \u201cViagem por dentro do c\u00e9rebro\u201d, indicado ao pr\u00eamio Jabuti de 2014, e\u201d O caso da menina sonhadora\u201d (ambos pela Panda Books); \u201cP\u00edlulas de Bem-Estar\u201d e \u201cO lado bom do lado ruim\u201d\u00a0 (ambos pela Sextante);\u00a0 \u201c\u00a0Exerc\u00edcios de argumenta\u00e7\u00e3o\u201d (Matrix). Al\u00e9m de palestrante, tamb\u00e9m e mediador de debates.<\/em><\/span><\/p>\n<\/div>\n<div>\n<p class=\"m_3630756642185695850normal\" style=\"text-align: left;\"><span style=\"color: #000000;\"><img loading=\"lazy\" decoding=\"async\" class=\"alignleft wp-image-22831\" src=\"https:\/\/www.swedcham.com.br\/wp-content\/uploads\/2021\/05\/Dr-VITORIO-MADDARENA-225x300.jpg\" alt=\"\" width=\"180\" height=\"240\" srcset=\"https:\/\/www.swedcham.com.br\/wp-content\/uploads\/2021\/05\/Dr-VITORIO-MADDARENA-225x300.jpg 225w, https:\/\/www.swedcham.com.br\/wp-content\/uploads\/2021\/05\/Dr-VITORIO-MADDARENA-600x800.jpg 600w, https:\/\/www.swedcham.com.br\/wp-content\/uploads\/2021\/05\/Dr-VITORIO-MADDARENA.jpg 768w\" sizes=\"auto, (max-width: 180px) 100vw, 180px\" \/><\/span><\/p>\n<p><span style=\"color: #000000;\"><em><strong>Dr. VITORIO MADDARENA J\u00daNIOR<\/strong><\/em><em>,<strong>\u00a0<\/strong><\/em><em>natural de Botucatu S\u00e3o Paulo, \u00e9 graduado em Medicina pela Faculdade de Medicina de Botucatu &#8211; Universidade Estadual Paulista (UNESP). Membro Titular da Sociedade Brasileira de Cirurgia Pl\u00e1stica, Membro da Sociedade Americana de Cirurgi\u00f5es Pl\u00e1sticos (ASPS), Especialista em Cirurgia Pl\u00e1stica pela Associa\u00e7\u00e3o M\u00e9dica Brasileira (AMB) e P\u00f3s-graduado em Administra\u00e7\u00e3o Hospitalar pela Funda\u00e7\u00e3o Get\u00falio Vargas (FGV) e Universidade de S\u00e3o Paulo (USP), Diretor M\u00e9dico da Cl\u00ednica Maddarena.<\/em><\/span><\/p>\n<\/div>\n<div>\n<p class=\"m_3630756642185695850normal\" style=\"text-align: left;\"><span style=\"color: #000000;\"><img loading=\"lazy\" decoding=\"async\" class=\"alignleft wp-image-22833\" src=\"https:\/\/www.swedcham.com.br\/wp-content\/uploads\/2021\/05\/TIAGO-CAMILO-KIMONO-200x300.jpeg\" alt=\"\" width=\"180\" height=\"270\" srcset=\"https:\/\/www.swedcham.com.br\/wp-content\/uploads\/2021\/05\/TIAGO-CAMILO-KIMONO-200x300.jpeg 200w, https:\/\/www.swedcham.com.br\/wp-content\/uploads\/2021\/05\/TIAGO-CAMILO-KIMONO-600x901.jpeg 600w, https:\/\/www.swedcham.com.br\/wp-content\/uploads\/2021\/05\/TIAGO-CAMILO-KIMONO.jpeg 682w\" sizes=\"auto, (max-width: 180px) 100vw, 180px\" \/><\/span><\/p>\n<p><span style=\"color: #000000;\"><em><strong>TIAGO CAMILO<\/strong><\/em><em>,\u00a0<\/em><em>natural da cidade de Bastos, representou a Sele\u00e7\u00e3o Brasileira de Jud\u00f4 por 19 anos e foi um dos atletas medalhistas mais jovens da nossa hist\u00f3ria, tendo participado em quatro Ol\u00edmpiadas: foi medalha de Prata em Sidney e medalha de Bronze em Pequim. Foi Campe\u00e3o Mundial Juvenil, Junior e S\u00eanior; Tri-Campe\u00e3o dos Jogos Pan-americanos; com mais de 30 medalhas no circuito Mundial e tendo sido eleito \u201cMelhor judoca do mundo\u201d em 2007. Dentre os clubes que defendeu est\u00e3o: a Associa\u00e7\u00e3o de Jud\u00f4 de Bastos, o Volkswagen Clube, Associa\u00e7\u00e3o Desportiva S\u00e3o Caetano do Sul, Sogipa e Esporte Clube Pinheiros. Tiago \u00e9 Diretor do Centro Ol\u00edmpico de S\u00e3o Paulo, e de 2017 &#8211; 2021 tamb\u00e9m foi Presidente da Comiss\u00e3o de Atletas do Comit\u00ea Ol\u00edmpico Brasileiro e Membro do Conselho Administrativo do COB.<\/em><\/span><\/p>\n<\/div>\n<div>\n<p><span style=\"color: #000000;\"><\/span><\/p>\n<h4 class=\"m_8215363500706865736m_-1492442068443120964m_-8622026719244850452m_-7456309968160772443m_-5953347527171562918m_-919258446742338626detail_h3\"><span style=\"color: #000000;\">Quando<\/span><\/h4>\n<div><\/div>\n<p><span style=\"color: #000000;\">Quinta-feira,<strong>13.05\u00a0<\/strong>\u00e0s\u00a0<strong>16 horas\u00a0<\/strong><\/span><\/p>\n<h4><span style=\"color: #000000;\"><strong>RSVP at\u00e9 13 de maio<\/strong><\/span><\/h4>\n<p><span style=\"color: #000000;\"><a style=\"color: #000000;\" href=\"https:\/\/swedcham.us11.list-manage.com\/track\/click?u=9a53a6aa1cef2bc498bbe264b&amp;id=92c27935ca&amp;e=7fe8640fb8\" target=\"_blank\" rel=\"noopener noreferrer\" data-saferedirecturl=\"https:\/\/www.google.com\/url?q=https:\/\/swedcham.us11.list-manage.com\/track\/click?u%3D9a53a6aa1cef2bc498bbe264b%26id%3D92c27935ca%26e%3D7fe8640fb8&amp;source=gmail&amp;ust=1620224929752000&amp;usg=AFQjCNFOf3E3tf7gGsW97quHtDc8O-l7Hg\">Clique aqui para fazer sua reserva<\/a><\/span><\/p>\n<\/div>\n<div>\n<p><span style=\"color: #000000;\">O link de acesso para o webinar\u00a0ser\u00e1 enviado\u00a0antes do<\/span><br \/>\n<span style=\"color: #000000;\">evento para todos que confirmarem sua participa\u00e7\u00e3o.<\/span><\/p>\n<\/div>\n<p><span style=\"color: #000000;\"><img loading=\"lazy\" decoding=\"async\" class=\"alignleft size-large wp-image-22849\" src=\"https:\/\/www.swedcham.com.br\/wp-content\/uploads\/2021\/05\/logos-1024x124.jpg\" alt=\"\" width=\"604\" height=\"73\" srcset=\"https:\/\/www.swedcham.com.br\/wp-content\/uploads\/2021\/05\/logos-1024x124.jpg 1024w, https:\/\/www.swedcham.com.br\/wp-content\/uploads\/2021\/05\/logos-600x73.jpg 600w, https:\/\/www.swedcham.com.br\/wp-content\/uploads\/2021\/05\/logos-300x36.jpg 300w, https:\/\/www.swedcham.com.br\/wp-content\/uploads\/2021\/05\/logos-768x93.jpg 768w, https:\/\/www.swedcham.com.br\/wp-content\/uploads\/2021\/05\/logos.jpg 1267w\" sizes=\"auto, (max-width: 604px) 100vw, 604px\" \/><\/span><\/p>\n<div>\n<h3><\/h3>\n<\/div>\n","protected":false},"excerpt":{"rendered":"<p>Sa\u00fade \u00e9 um estado que se conquista pelo bem-estar f\u00edsico, mental e social. Desde mar\u00e7o de 2020, enfrentamos uma pandemia<\/p>\n","protected":false},"featured_media":0,"template":"","meta":[],"product_brand":[],"product_cat":[228],"product_tag":[],"class_list":{"0":"post-22843","1":"product","2":"type-product","3":"status-publish","5":"product_cat-our-events","7":"first","8":"instock","9":"shipping-taxable","10":"product-type-simple"},"_links":{"self":[{"href":"https:\/\/www.swedcham.com.br\/en\/wp-json\/wp\/v2\/product\/22843","targetHints":{"allow":["GET"]}}],"collection":[{"href":"https:\/\/www.swedcham.com.br\/en\/wp-json\/wp\/v2\/product"}],"about":[{"href":"https:\/\/www.swedcham.com.br\/en\/wp-json\/wp\/v2\/types\/product"}],"wp:attachment":[{"href":"https:\/\/www.swedcham.com.br\/en\/wp-json\/wp\/v2\/media?parent=22843"}],"wp:term":[{"taxonomy":"product_brand","embeddable":true,"href":"https:\/\/www.swedcham.com.br\/en\/wp-json\/wp\/v2\/product_brand?post=22843"},{"taxonomy":"product_cat","embeddable":true,"href":"https:\/\/www.swedcham.com.br\/en\/wp-json\/wp\/v2\/product_cat?post=22843"},{"taxonomy":"product_tag","embeddable":true,"href":"https:\/\/www.swedcham.com.br\/en\/wp-json\/wp\/v2\/product_tag?post=22843"}],"curies":[{"name":"wp","href":"https:\/\/api.w.org\/{rel}","templated":true}]}}

A CONQUISTA DO EQUILÍBRIO MENTAL E FÍSICO: A visão de renomados Especialistas!

<div>
<p><img loading="lazy" decoding="async" class="size-large wp-image-22701 alignleft" src="https://www.swedcham.com.br/wp-content/uploads/2021/04/head-1024x275.png" alt="" width="604" height="162" srcset="https://www.swedcham.com.br/wp-content/uploads/2021/04/head-1024x275.png 1024w, https://www.swedcham.com.br/wp-content/uploads/2021/04/head-600x161.png 600w, https://www.swedcham.com.br/wp-content/uploads/2021/04/head-300x81.png 300w, https://www.swedcham.com.br/wp-content/uploads/2021/04/head-768x206.png 768w, https://www.swedcham.com.br/wp-content/uploads/2021/04/head-1536x413.png 1536w, https://www.swedcham.com.br/wp-content/uploads/2021/04/head.png 1920w" sizes="auto, (max-width: 604px) 100vw, 604px" /></p>
<p><iframe loading="lazy" title="A CONQUISTA DO EQUILÍBRIO MENTAL E FÍSICO: A visão de renomados Especialistas!" width="640" height="360" src="https://www.youtube.com/embed/bPFYYmAdwtQ?feature=oembed" frameborder="0" allow="accelerometer; autoplay; clipboard-write; encrypted-media; gyroscope; picture-in-picture; web-share" referrerpolicy="strict-origin-when-cross-origin" allowfullscreen></iframe></p>
<p style="text-align: left;"><span style="color: #000000;"><em>S</em><em>aúde é um estado que se conquista pelo bem-estar físico, mental e social. Desde março de 2020, enfrentamos uma pandemia global que afetou todas as facetas de nossas vidas diárias, trazendo-nos novos desafios e muitos sentimentos de incerteza. Os impactos desta pandemia estão nos cobrando seu preço fisicamente, emocionalmente e financeiramente -e já não é mais possível ver o corpo e a mente separadamente.</em></span></p>
<p><span style="color: #000000;"><em><strong>E como podemos conseguir o equilíbrio ideal entre o corpo e a mente para uma vida saudável nestes tempos?</strong></em><em>Para uma troca de experiências diferenciada sobre este tema &#8211; teremos a honra de ter conosco: o renomado psiquiatra <strong>Dr. Daniel Martins de Barros</strong>, o conceituado Cirurgião Plástico <strong>Dr. Vitorio Maddarena Júnior </strong>e nosso Judoca Medalhista Olímpico <strong>Tiago Camilo</strong> em um painel moderado por <strong>Carol Böttcher</strong> (Diretora da BrainKapital Executive Search e Coordenadora do Comitê de Capital Humano da SWEDCHAM) em uma cooperação inédita com a BRITCHAM Câmara Britânica de Comércio e Indústria no Brasil. </em>O presidente da Swedcham Sério Quiroga da Cunha e a  presidente da Britcham Ana Paula Vitelli, tambémestarão presentes.</span></p>
<p class="m_3630756642185695850normal" style="text-align: left;"><span style="color: #000000;"><img loading="lazy" decoding="async" class="alignleft wp-image-22829" src="https://www.swedcham.com.br/wp-content/uploads/2021/05/222-225x300.jpg" alt="" width="180" height="240" srcset="https://www.swedcham.com.br/wp-content/uploads/2021/05/222-225x300.jpg 225w, https://www.swedcham.com.br/wp-content/uploads/2021/05/222-600x800.jpg 600w, https://www.swedcham.com.br/wp-content/uploads/2021/05/222-768x1024.jpg 768w, https://www.swedcham.com.br/wp-content/uploads/2021/05/222.jpg 927w" sizes="auto, (max-width: 180px) 100vw, 180px" /></span></p>
<p><span style="color: #000000;"><em><strong>Dr. DANIEL MARTINS DE BARROS</strong></em><em> é Professor colaborador do Departamento de Psiquiatria da Faculdade de Medicina da Universidade de São Paulo (USP).  Doutor em Ciências e bacharel em Filosofia pela USP, é colunista do jornal O Estado de S. Paulo e da Rádio Band News FM.</em><em> </em><em>Além dos livros técnicos, lançou entre outras as obras “Viagem por dentro do cérebro”, indicado ao prêmio Jabuti de 2014, e” O caso da menina sonhadora” (ambos pela Panda Books); “Pílulas de Bem-Estar” e “O lado bom do lado ruim”  (ambos pela Sextante);  “ Exercícios de argumentação” (Matrix). Além de palestrante, também e mediador de debates.</em></span></p>
</div>
<div>
<p class="m_3630756642185695850normal" style="text-align: left;"><span style="color: #000000;"><img loading="lazy" decoding="async" class="alignleft wp-image-22831" src="https://www.swedcham.com.br/wp-content/uploads/2021/05/Dr-VITORIO-MADDARENA-225x300.jpg" alt="" width="180" height="240" srcset="https://www.swedcham.com.br/wp-content/uploads/2021/05/Dr-VITORIO-MADDARENA-225x300.jpg 225w, https://www.swedcham.com.br/wp-content/uploads/2021/05/Dr-VITORIO-MADDARENA-600x800.jpg 600w, https://www.swedcham.com.br/wp-content/uploads/2021/05/Dr-VITORIO-MADDARENA.jpg 768w" sizes="auto, (max-width: 180px) 100vw, 180px" /></span></p>
<p><span style="color: #000000;"><em><strong>Dr. VITORIO MADDARENA JÚNIOR</strong></em><em>,<strong> </strong></em><em>natural de Botucatu São Paulo, é graduado em Medicina pela Faculdade de Medicina de Botucatu &#8211; Universidade Estadual Paulista (UNESP). Membro Titular da Sociedade Brasileira de Cirurgia Plástica, Membro da Sociedade Americana de Cirurgiões Plásticos (ASPS), Especialista em Cirurgia Plástica pela Associação Médica Brasileira (AMB) e Pós-graduado em Administração Hospitalar pela Fundação Getúlio Vargas (FGV) e Universidade de São Paulo (USP), Diretor Médico da Clínica Maddarena.</em></span></p>
</div>
<div>
<p class="m_3630756642185695850normal" style="text-align: left;"><span style="color: #000000;"><img loading="lazy" decoding="async" class="alignleft wp-image-22833" src="https://www.swedcham.com.br/wp-content/uploads/2021/05/TIAGO-CAMILO-KIMONO-200x300.jpeg" alt="" width="180" height="270" srcset="https://www.swedcham.com.br/wp-content/uploads/2021/05/TIAGO-CAMILO-KIMONO-200x300.jpeg 200w, https://www.swedcham.com.br/wp-content/uploads/2021/05/TIAGO-CAMILO-KIMONO-600x901.jpeg 600w, https://www.swedcham.com.br/wp-content/uploads/2021/05/TIAGO-CAMILO-KIMONO.jpeg 682w" sizes="auto, (max-width: 180px) 100vw, 180px" /></span></p>
<p><span style="color: #000000;"><em><strong>TIAGO CAMILO</strong></em><em>, </em><em>natural da cidade de Bastos, representou a Seleção Brasileira de Judô por 19 anos e foi um dos atletas medalhistas mais jovens da nossa história, tendo participado em quatro Olímpiadas: foi medalha de Prata em Sidney e medalha de Bronze em Pequim. Foi Campeão Mundial Juvenil, Junior e Sênior; Tri-Campeão dos Jogos Pan-americanos; com mais de 30 medalhas no circuito Mundial e tendo sido eleito “Melhor judoca do mundo” em 2007. Dentre os clubes que defendeu estão: a Associação de Judô de Bastos, o Volkswagen Clube, Associação Desportiva São Caetano do Sul, Sogipa e Esporte Clube Pinheiros. Tiago é Diretor do Centro Olímpico de São Paulo, e de 2017 &#8211; 2021 também foi Presidente da Comissão de Atletas do Comitê Olímpico Brasileiro e Membro do Conselho Administrativo do COB.</em></span></p>
</div>
<div>
<p><span style="color: #000000;"></span></p>
<h4 class="m_8215363500706865736m_-1492442068443120964m_-8622026719244850452m_-7456309968160772443m_-5953347527171562918m_-919258446742338626detail_h3"><span style="color: #000000;">Quando</span></h4>
<div></div>
<p><span style="color: #000000;">Quinta-feira,<strong>13.05 </strong>às <strong>16 horas </strong></span></p>
<h4><span style="color: #000000;"><strong>RSVP até 13 de maio</strong></span></h4>
<p><span style="color: #000000;"><a style="color: #000000;" href="https://swedcham.us11.list-manage.com/track/click?u=9a53a6aa1cef2bc498bbe264b&amp;id=92c27935ca&amp;e=7fe8640fb8" target="_blank" rel="noopener noreferrer" data-saferedirecturl="https://www.google.com/url?q=https://swedcham.us11.list-manage.com/track/click?u%3D9a53a6aa1cef2bc498bbe264b%26id%3D92c27935ca%26e%3D7fe8640fb8&amp;source=gmail&amp;ust=1620224929752000&amp;usg=AFQjCNFOf3E3tf7gGsW97quHtDc8O-l7Hg">Clique aqui para fazer sua reserva</a></span></p>
</div>
<div>
<p><span style="color: #000000;">O link de acesso para o webinar será enviado antes do</span><br />
<span style="color: #000000;">evento para todos que confirmarem sua participação.</span></p>
</div>
<p><span style="color: #000000;"><img loading="lazy" decoding="async" class="alignleft size-large wp-image-22849" src="https://www.swedcham.com.br/wp-content/uploads/2021/05/logos-1024x124.jpg" alt="" width="604" height="73" srcset="https://www.swedcham.com.br/wp-content/uploads/2021/05/logos-1024x124.jpg 1024w, https://www.swedcham.com.br/wp-content/uploads/2021/05/logos-600x73.jpg 600w, https://www.swedcham.com.br/wp-content/uploads/2021/05/logos-300x36.jpg 300w, https://www.swedcham.com.br/wp-content/uploads/2021/05/logos-768x93.jpg 768w, https://www.swedcham.com.br/wp-content/uploads/2021/05/logos.jpg 1267w" sizes="auto, (max-width: 604px) 100vw, 604px" /></span></p>
<div>
<h3></h3>
</div>

<p>Saúde é um estado que se conquista pelo bem-estar físico, mental e social. Desde março de 2020, enfrentamos uma pandemia</p>
