{"id":22703,"date":"2021-04-15T08:51:27","date_gmt":"2021-04-15T11:51:27","guid":{"rendered":"https:\/\/www.swedcham.com.br\/events\/coming-events\/convocacao-assembleia-geral-ordinaria-online\/"},"modified":"2021-04-15T08:53:16","modified_gmt":"2021-04-15T11:53:16","slug":"convocacao-assembleia-geral-ordinaria-online","status":"publish","type":"product","link":"https:\/\/www.swedcham.com.br\/en\/product\/our-events\/convocacao-assembleia-geral-ordinaria-online\/","title":{"rendered":"Convoca\u00e7\u00e3o &#8211; Assembleia Geral Ordin\u00e1ria online"},"content":{"rendered":"<div>\n<p><img loading=\"lazy\" decoding=\"async\" class=\"size-large wp-image-22701 alignnone\" src=\"https:\/\/www.swedcham.com.br\/wp-content\/uploads\/2021\/04\/head-1024x275.png\" alt=\"\" width=\"604\" height=\"162\" srcset=\"https:\/\/www.swedcham.com.br\/wp-content\/uploads\/2021\/04\/head-1024x275.png 1024w, https:\/\/www.swedcham.com.br\/wp-content\/uploads\/2021\/04\/head-600x161.png 600w, https:\/\/www.swedcham.com.br\/wp-content\/uploads\/2021\/04\/head-300x81.png 300w, https:\/\/www.swedcham.com.br\/wp-content\/uploads\/2021\/04\/head-768x206.png 768w, https:\/\/www.swedcham.com.br\/wp-content\/uploads\/2021\/04\/head-1536x413.png 1536w, https:\/\/www.swedcham.com.br\/wp-content\/uploads\/2021\/04\/head.png 1920w\" sizes=\"auto, (max-width: 604px) 100vw, 604px\" \/><\/p>\n<p><strong>Convoca\u00e7\u00e3o &#8211; Assembleia Geral Ordin\u00e1ria<\/strong><\/p>\n<p><strong><br \/>\nC\u00e2mara de Com\u00e9rcio Sueco-Brasileira, 27\u00a0de abril de 2021.<\/strong><\/p>\n<p>S\u00e3o Paulo, 16 de abril de 2021.<\/p>\n<p><strong>Associados da C\u00e2mara:<\/strong><\/p>\n<p>Por meio desta, fica V.Sa. convocada a <strong>participar online<\/strong>, em 27 de Abril de 2021, \u00e0s 17:30,\u00a0 para apreciar, deliberar e votar em Assembleia Geral Ordin\u00e1ria.<\/p>\n<p>O Associado poder\u00e1 ser representado por outro associado devidamente munido de instrumento de mandato outorgado pelo representado, conferindo poderes especiais e espec\u00edficos para tal ato.<\/p>\n<p>Como sempre, convidamos a todos que desejarem usar a Tribuna que apresentem \u00e0 C\u00e2mara suas sugest\u00f5es por escrito antecipadamente.<\/p>\n<p><strong>Call notice \u2013 General Assembly \u2013 Swedish Brazilian Chamber of Commerce, April 27th, 2021<\/strong><\/p>\n<p>S\u00e3o Paulo, April 16th, 2021.<\/p>\n<p><strong>Members of Swedcham:<\/strong><\/p>\n<p>We invite you hereby to join us online April 27th, 2021, at 17.30, for analyzing, deciding and voting in the Ordinary General Assembly.<\/p>\n<p>The member may be represented by another member duly empowered by means of power granted by the represented, with special and specific powers for this act.<\/p>\n<p>As always, we invite all who wish to make use of the free tribune to present to the Chamber their suggestions in written form before.<\/p>\n<p><strong>ORDEM DO DIA \/AGENDA<\/strong><\/p>\n<p>1. Abertura dos Trabalhos \/ Opening<\/p>\n<p>2. Aprova\u00e7\u00e3o da Ordem do Dia\/ Approval of Agenda<\/p>\n<p>3. Aprecia\u00e7\u00e3o e Aprova\u00e7\u00e3o do Relat\u00f3rio Anual 2020\/ Presentation and Approval of Annual Report 2020<\/p>\n<p>4. Aprecia\u00e7\u00e3o e aprova\u00e7\u00e3o das contas dos administradores por meio do exame do balan\u00e7o patrimonial e do resultado econ\u00f4mico, relacionados ao exerc\u00edcio anual de 2020 e relat\u00f3rio dos auditores \/ Presentation and Approval of Officers\u2019 Accounts through analysis of balance sheet and Profit and Loss accounts, related to the annual year of 2020 and to auditors\u2019 report.<\/p>\n<p>5. Aprova\u00e7\u00e3o da lista dos membros da Diretoria e Conselho Fiscal 2021 \/ Approval of Board Member\u2019s list and Fiscal Council 2021<\/p>\n<p>6. Reajuste das taxas associativas a partir de 05\/2021\/ adjustment of\u00a0 membership fees from 05\/2021<\/p>\n<p>7. Altera\u00e7\u00e3o do estatuto\/ Change in the statute<\/p>\n<p>8.\u00a0Outros assuntos\/ other matters<\/p>\n<p>9.\u00a0Encerramento dos Trabalhos \/ Closing of session<\/p>\n<p>Atenciosamente,<\/p>\n<p>C\u00c2MARA DE COM\u00c9RCIO SUECO-BRASILEIRA<br \/>\nSWEDISH BRAZILIAN CHAMBER OF COMMERCE<\/p>\n<p>Sergio Quiroga da Cunha<\/p>\n<p>Presidente\/ Chairman<\/p>\n<p>RSVP: <a href=\"mailto:eventos@swedcham.com.br?subject=Confirma%C3%A7%C3%A3o%2023%2F04\" target=\"_blank\" rel=\"noopener noreferrer\" data-cke-saved-href=\"mailto:eventos@swedcham.com.br?subject=Confirma%C3%A7%C3%A3o%2023%2F04\">eventos@swedcham.com.br<\/a>&#8211; Viviane ou para <a href=\"mailto:eventos@swedcham.com.br?subject=Confirma%C3%A7%C3%A3o%2023%2F04\" target=\"_blank\" rel=\"noopener noreferrer\" data-cke-saved-href=\"mailto:eventos@swedcham.com.br?subject=Confirma%C3%A7%C3%A3o%2023%2F04\">jonas@swedcham.com.br-<\/a> Jonas, at\u00e9 o dia 27 de abril.<\/p>\n<p><strong>\u00a0A Assembleia Geral Ordin\u00e1ria ser\u00e1 feita virtualmente na plataforma Zoom.<br \/>\nO link ser\u00e1 enviado para todos que confirmarem presen\u00e7a.<\/strong><\/p>\n<\/div>\n<p>&nbsp;<\/p>\n<p>&nbsp;<\/p>\n<p>&nbsp;<\/p>\n<p>&nbsp;<\/p>\n<p>&nbsp;<\/p>\n<p>&nbsp;<\/p>\n","protected":false},"excerpt":{"rendered":"<p>Convoca\u00e7\u00e3o &#8211; Assembleia Geral Ordin\u00e1ria C\u00e2mara de Com\u00e9rcio Sueco-Brasileira, 27\u00a0de abril de 2021. S\u00e3o Paulo, 16 de abril de 2021.<\/p>\n","protected":false},"featured_media":0,"template":"","meta":[],"product_brand":[],"product_cat":[228],"product_tag":[],"class_list":{"0":"post-22703","1":"product","2":"type-product","3":"status-publish","5":"product_cat-our-events","7":"first","8":"instock","9":"shipping-taxable","10":"product-type-simple"},"_links":{"self":[{"href":"https:\/\/www.swedcham.com.br\/en\/wp-json\/wp\/v2\/product\/22703","targetHints":{"allow":["GET"]}}],"collection":[{"href":"https:\/\/www.swedcham.com.br\/en\/wp-json\/wp\/v2\/product"}],"about":[{"href":"https:\/\/www.swedcham.com.br\/en\/wp-json\/wp\/v2\/types\/product"}],"wp:attachment":[{"href":"https:\/\/www.swedcham.com.br\/en\/wp-json\/wp\/v2\/media?parent=22703"}],"wp:term":[{"taxonomy":"product_brand","embeddable":true,"href":"https:\/\/www.swedcham.com.br\/en\/wp-json\/wp\/v2\/product_brand?post=22703"},{"taxonomy":"product_cat","embeddable":true,"href":"https:\/\/www.swedcham.com.br\/en\/wp-json\/wp\/v2\/product_cat?post=22703"},{"taxonomy":"product_tag","embeddable":true,"href":"https:\/\/www.swedcham.com.br\/en\/wp-json\/wp\/v2\/product_tag?post=22703"}],"curies":[{"name":"wp","href":"https:\/\/api.w.org\/{rel}","templated":true}]}}

Convocação &#8211; Assembleia Geral Ordinária online

<div>
<p><img loading="lazy" decoding="async" class="size-large wp-image-22701 alignnone" src="https://www.swedcham.com.br/wp-content/uploads/2021/04/head-1024x275.png" alt="" width="604" height="162" srcset="https://www.swedcham.com.br/wp-content/uploads/2021/04/head-1024x275.png 1024w, https://www.swedcham.com.br/wp-content/uploads/2021/04/head-600x161.png 600w, https://www.swedcham.com.br/wp-content/uploads/2021/04/head-300x81.png 300w, https://www.swedcham.com.br/wp-content/uploads/2021/04/head-768x206.png 768w, https://www.swedcham.com.br/wp-content/uploads/2021/04/head-1536x413.png 1536w, https://www.swedcham.com.br/wp-content/uploads/2021/04/head.png 1920w" sizes="auto, (max-width: 604px) 100vw, 604px" /></p>
<p><strong>Convocação &#8211; Assembleia Geral Ordinária</strong></p>
<p><strong><br />
Câmara de Comércio Sueco-Brasileira, 27 de abril de 2021.</strong></p>
<p>São Paulo, 16 de abril de 2021.</p>
<p><strong>Associados da Câmara:</strong></p>
<p>Por meio desta, fica V.Sa. convocada a <strong>participar online</strong>, em 27 de Abril de 2021, às 17:30,  para apreciar, deliberar e votar em Assembleia Geral Ordinária.</p>
<p>O Associado poderá ser representado por outro associado devidamente munido de instrumento de mandato outorgado pelo representado, conferindo poderes especiais e específicos para tal ato.</p>
<p>Como sempre, convidamos a todos que desejarem usar a Tribuna que apresentem à Câmara suas sugestões por escrito antecipadamente.</p>
<p><strong>Call notice – General Assembly – Swedish Brazilian Chamber of Commerce, April 27th, 2021</strong></p>
<p>São Paulo, April 16th, 2021.</p>
<p><strong>Members of Swedcham:</strong></p>
<p>We invite you hereby to join us online April 27th, 2021, at 17.30, for analyzing, deciding and voting in the Ordinary General Assembly.</p>
<p>The member may be represented by another member duly empowered by means of power granted by the represented, with special and specific powers for this act.</p>
<p>As always, we invite all who wish to make use of the free tribune to present to the Chamber their suggestions in written form before.</p>
<p><strong>ORDEM DO DIA /AGENDA</strong></p>
<p>1. Abertura dos Trabalhos / Opening</p>
<p>2. Aprovação da Ordem do Dia/ Approval of Agenda</p>
<p>3. Apreciação e Aprovação do Relatório Anual 2020/ Presentation and Approval of Annual Report 2020</p>
<p>4. Apreciação e aprovação das contas dos administradores por meio do exame do balanço patrimonial e do resultado econômico, relacionados ao exercício anual de 2020 e relatório dos auditores / Presentation and Approval of Officers’ Accounts through analysis of balance sheet and Profit and Loss accounts, related to the annual year of 2020 and to auditors’ report.</p>
<p>5. Aprovação da lista dos membros da Diretoria e Conselho Fiscal 2021 / Approval of Board Member’s list and Fiscal Council 2021</p>
<p>6. Reajuste das taxas associativas a partir de 05/2021/ adjustment of  membership fees from 05/2021</p>
<p>7. Alteração do estatuto/ Change in the statute</p>
<p>8. Outros assuntos/ other matters</p>
<p>9. Encerramento dos Trabalhos / Closing of session</p>
<p>Atenciosamente,</p>
<p>CÂMARA DE COMÉRCIO SUECO-BRASILEIRA<br />
SWEDISH BRAZILIAN CHAMBER OF COMMERCE</p>
<p>Sergio Quiroga da Cunha</p>
<p>Presidente/ Chairman</p>
<p>RSVP: <a href="mailto:eventos@swedcham.com.br?subject=Confirma%C3%A7%C3%A3o%2023%2F04" target="_blank" rel="noopener noreferrer" data-cke-saved-href="mailto:eventos@swedcham.com.br?subject=Confirma%C3%A7%C3%A3o%2023%2F04">eventos@swedcham.com.br</a>&#8211; Viviane ou para <a href="mailto:eventos@swedcham.com.br?subject=Confirma%C3%A7%C3%A3o%2023%2F04" target="_blank" rel="noopener noreferrer" data-cke-saved-href="mailto:eventos@swedcham.com.br?subject=Confirma%C3%A7%C3%A3o%2023%2F04">jonas@swedcham.com.br-</a> Jonas, até o dia 27 de abril.</p>
<p><strong> A Assembleia Geral Ordinária será feita virtualmente na plataforma Zoom.<br />
O link será enviado para todos que confirmarem presença.</strong></p>
</div>
<p>&nbsp;</p>
<p>&nbsp;</p>
<p>&nbsp;</p>
<p>&nbsp;</p>
<p>&nbsp;</p>
<p>&nbsp;</p>

<p>Convocação &#8211; Assembleia Geral Ordinária Câmara de Comércio Sueco-Brasileira, 27 de abril de 2021. São Paulo, 16 de abril de 2021.</p>
