{"id":21833,"date":"2020-12-01T10:25:47","date_gmt":"2020-12-01T13:25:47","guid":{"rendered":"https:\/\/www.swedcham.com.br\/events\/coming-events\/o-cenario-politico-brasileiro\/"},"modified":"2020-12-14T15:46:07","modified_gmt":"2020-12-14T18:46:07","slug":"o-cenario-politico-brasileiro","status":"publish","type":"product","link":"https:\/\/www.swedcham.com.br\/en\/product\/our-events\/o-cenario-politico-brasileiro\/","title":{"rendered":"O CEN\u00c1RIO POL\u00cdTICO BRASILEIRO"},"content":{"rendered":"<div>\n<p>A Swedcham tem o prazer de convidar para um\u00a0webinar, com\u00a0o jornalista Pedro Venceslau;<\/p>\n<p><strong><em>O CEN\u00c1RIO POL\u00cdTICO BRASILEIRO<\/em><\/strong><\/p>\n<\/div>\n<div>\n<p><iframe loading=\"lazy\" title=\"O Cen\u00e1rio Pol\u00edtico Brasileiro\" width=\"640\" height=\"360\" src=\"https:\/\/www.youtube.com\/embed\/Y0zWkpENIa4?feature=oembed\" frameborder=\"0\" allow=\"accelerometer; autoplay; clipboard-write; encrypted-media; gyroscope; picture-in-picture; web-share\" referrerpolicy=\"strict-origin-when-cross-origin\" allowfullscreen><\/iframe><\/p>\n<p>Os temas principais que ser\u00e3o abordados:<\/p>\n<p>&#8211; Resultado e an\u00e1lise das elei\u00e7\u00f5es municipais<\/p>\n<p>&#8211; Qual ser\u00e1 o cen\u00e1rio pol\u00edtico brasileiro a partir de 2021<\/p>\n<p>&#8211; Perspectivas sobre o governo federal e elei\u00e7\u00f5es para 2022<\/p>\n<p>N\u00e3o percam!<\/p>\n<\/div>\n<div>\n<p>&nbsp;<\/p>\n<p class=\"m_3630756642185695850normal\" style=\"text-align: left;\"><img loading=\"lazy\" decoding=\"async\" class=\"alignleft wp-image-21831 size-full\" src=\"https:\/\/www.swedcham.com.br\/wp-content\/uploads\/2020\/12\/Pedro.jpg\" alt=\"\" width=\"200\" height=\"200\" srcset=\"https:\/\/www.swedcham.com.br\/wp-content\/uploads\/2020\/12\/Pedro.jpg 200w, https:\/\/www.swedcham.com.br\/wp-content\/uploads\/2020\/12\/Pedro-100x100.jpg 100w, https:\/\/www.swedcham.com.br\/wp-content\/uploads\/2020\/12\/Pedro-150x150.jpg 150w\" sizes=\"auto, (max-width: 200px) 100vw, 200px\" \/><\/p>\n<p><span style=\"color: #000000;\"><strong>Pedro Venceslau,<\/strong> 45 anos, \u00e9 rep\u00f3rter de pol\u00edtica do Estad\u00e3o e colunista da r\u00e1dio Eldorado. Jornalista\u00a0formado pela PUC-SP com p\u00f3s-gradua\u00e7\u00e3o em pol\u00edtica em rela\u00e7\u00f5es internacionais pela Escola de Sociologia e Pol\u00edtica de S\u00e3o Paulo, come\u00e7ou a carreira em 2000 no extinto jornal Not\u00edcias Populares. Foi tamb\u00e9m colunista do jornal Brasil Econ\u00f4mico e editor executivo da revista IMPRENSA, al\u00e9m, de apresentador do programa IMPRENSA na TV. Cobriu todas as elei\u00e7\u00f5es brasileiras desde 2002. <\/span><\/p>\n<\/div>\n<p>&nbsp;<\/p>\n<div>\n\n<h3><strong>Quando<\/strong><\/h3>\n<p><span class=\"m_8215363500706865736m_-1492442068443120964mc-toc-title\">Quarta-feira, 09 de dezembro\u00a0\u00e0s 15h<\/span><\/p>\n<div>\n<h3>RSVP at\u00e9 09 de dezembro<\/h3>\n<p><a href=\"mailto:eventos@swedcham.com.br?subject=Evento%2009%20de%20dezembro\" target=\"_blank\" rel=\"noopener noreferrer\" data-cke-saved-href=\"mailto:eventos@swedcham.com.br?subject=Evento%2009%20de%20dezembro\">eventos@swedcham.com.br<\/a><\/p>\n<\/div>\n<h3>Para assistir o evento:<\/h3>\n<\/div>\n<p><strong><a href=\"https:\/\/us02web.zoom.us\/j\/81240015150?pwd=T3RITW05K2NXNWJVS3ZWNlJ6OHNaZz09\">Clique aqui<\/a><\/strong><br \/>\nID da reuni\u00e3o: 812 4001 5150<br \/>\nSenha de acesso: 324801<\/p>\n<div>\n<div>\n<h3><strong>O<\/strong><strong>rganiza\u00e7\u00e3o:<\/strong><\/h3>\n<\/div>\n<\/div>\n<p><img loading=\"lazy\" decoding=\"async\" class=\"alignleft size-full wp-image-2040\" src=\"https:\/\/www.swedcham.com.br\/wp-content\/uploads\/2014\/07\/logo-swedcham.gif\" alt=\"\" width=\"210\" height=\"72\" \/><\/p>\n<p>&nbsp;<\/p>\n<p>&nbsp;<\/p>\n","protected":false},"excerpt":{"rendered":"<p>A Swedcham tem o prazer de convidar para um\u00a0webinar, com\u00a0o jornalista Pedro Venceslau; O CEN\u00c1RIO POL\u00cdTICO BRASILEIRO Os temas principais<\/p>\n","protected":false},"featured_media":0,"template":"","meta":[],"product_brand":[],"product_cat":[228],"product_tag":[],"class_list":{"0":"post-21833","1":"product","2":"type-product","3":"status-publish","5":"product_cat-our-events","7":"first","8":"instock","9":"shipping-taxable","10":"product-type-simple"},"_links":{"self":[{"href":"https:\/\/www.swedcham.com.br\/en\/wp-json\/wp\/v2\/product\/21833","targetHints":{"allow":["GET"]}}],"collection":[{"href":"https:\/\/www.swedcham.com.br\/en\/wp-json\/wp\/v2\/product"}],"about":[{"href":"https:\/\/www.swedcham.com.br\/en\/wp-json\/wp\/v2\/types\/product"}],"wp:attachment":[{"href":"https:\/\/www.swedcham.com.br\/en\/wp-json\/wp\/v2\/media?parent=21833"}],"wp:term":[{"taxonomy":"product_brand","embeddable":true,"href":"https:\/\/www.swedcham.com.br\/en\/wp-json\/wp\/v2\/product_brand?post=21833"},{"taxonomy":"product_cat","embeddable":true,"href":"https:\/\/www.swedcham.com.br\/en\/wp-json\/wp\/v2\/product_cat?post=21833"},{"taxonomy":"product_tag","embeddable":true,"href":"https:\/\/www.swedcham.com.br\/en\/wp-json\/wp\/v2\/product_tag?post=21833"}],"curies":[{"name":"wp","href":"https:\/\/api.w.org\/{rel}","templated":true}]}}

O CENÁRIO POLÍTICO BRASILEIRO

<div>
<p>A Swedcham tem o prazer de convidar para um webinar, com o jornalista Pedro Venceslau;</p>
<p><strong><em>O CENÁRIO POLÍTICO BRASILEIRO</em></strong></p>
</div>
<div>
<p><iframe loading="lazy" title="O Cenário Político Brasileiro" width="640" height="360" src="https://www.youtube.com/embed/Y0zWkpENIa4?feature=oembed" frameborder="0" allow="accelerometer; autoplay; clipboard-write; encrypted-media; gyroscope; picture-in-picture; web-share" referrerpolicy="strict-origin-when-cross-origin" allowfullscreen></iframe></p>
<p>Os temas principais que serão abordados:</p>
<p>&#8211; Resultado e análise das eleições municipais</p>
<p>&#8211; Qual será o cenário político brasileiro a partir de 2021</p>
<p>&#8211; Perspectivas sobre o governo federal e eleições para 2022</p>
<p>Não percam!</p>
</div>
<div>
<p>&nbsp;</p>
<p class="m_3630756642185695850normal" style="text-align: left;"><img loading="lazy" decoding="async" class="alignleft wp-image-21831 size-full" src="https://www.swedcham.com.br/wp-content/uploads/2020/12/Pedro.jpg" alt="" width="200" height="200" srcset="https://www.swedcham.com.br/wp-content/uploads/2020/12/Pedro.jpg 200w, https://www.swedcham.com.br/wp-content/uploads/2020/12/Pedro-100x100.jpg 100w, https://www.swedcham.com.br/wp-content/uploads/2020/12/Pedro-150x150.jpg 150w" sizes="auto, (max-width: 200px) 100vw, 200px" /></p>
<p><span style="color: #000000;"><strong>Pedro Venceslau,</strong> 45 anos, é repórter de política do Estadão e colunista da rádio Eldorado. Jornalista formado pela PUC-SP com pós-graduação em política em relações internacionais pela Escola de Sociologia e Política de São Paulo, começou a carreira em 2000 no extinto jornal Notícias Populares. Foi também colunista do jornal Brasil Econômico e editor executivo da revista IMPRENSA, além, de apresentador do programa IMPRENSA na TV. Cobriu todas as eleições brasileiras desde 2002. </span></p>
</div>
<p>&nbsp;</p>
<div>

<h3><strong>Quando</strong></h3>
<p><span class="m_8215363500706865736m_-1492442068443120964mc-toc-title">Quarta-feira, 09 de dezembro às 15h</span></p>
<div>
<h3>RSVP até 09 de dezembro</h3>
<p><a href="mailto:eventos@swedcham.com.br?subject=Evento%2009%20de%20dezembro" target="_blank" rel="noopener noreferrer" data-cke-saved-href="mailto:eventos@swedcham.com.br?subject=Evento%2009%20de%20dezembro">eventos@swedcham.com.br</a></p>
</div>
<h3>Para assistir o evento:</h3>
</div>
<p><strong><a href="https://us02web.zoom.us/j/81240015150?pwd=T3RITW05K2NXNWJVS3ZWNlJ6OHNaZz09">Clique aqui</a></strong><br />
ID da reunião: 812 4001 5150<br />
Senha de acesso: 324801</p>
<div>
<div>
<h3><strong>O</strong><strong>rganização:</strong></h3>
</div>
</div>
<p><img loading="lazy" decoding="async" class="alignleft size-full wp-image-2040" src="https://www.swedcham.com.br/wp-content/uploads/2014/07/logo-swedcham.gif" alt="" width="210" height="72" /></p>
<p>&nbsp;</p>
<p>&nbsp;</p>

<p>A Swedcham tem o prazer de convidar para um webinar, com o jornalista Pedro Venceslau; O CENÁRIO POLÍTICO BRASILEIRO Os temas principais</p>
