{"id":21668,"date":"2020-10-30T14:28:40","date_gmt":"2020-10-30T17:28:40","guid":{"rendered":"https:\/\/www.swedcham.com.br\/events\/coming-events\/o-impacto-da-lideranca-na-transformacao-digital\/"},"modified":"2020-12-17T11:53:04","modified_gmt":"2020-12-17T14:53:04","slug":"o-impacto-da-lideranca-na-transformacao-digital","status":"publish","type":"product","link":"https:\/\/www.swedcham.com.br\/en\/product\/our-events\/o-impacto-da-lideranca-na-transformacao-digital\/","title":{"rendered":"Innovation Weeks &#8211; O Impacto da lideran\u00e7a na transforma\u00e7\u00e3o digital"},"content":{"rendered":"<div>\n<div>\n<h1><img loading=\"lazy\" decoding=\"async\" class=\"alignleft size-full wp-image-21539\" src=\"https:\/\/www.swedcham.com.br\/wp-content\/uploads\/2020\/10\/IW-LOGO.png\" alt=\"\" width=\"820\" height=\"312\" srcset=\"https:\/\/www.swedcham.com.br\/wp-content\/uploads\/2020\/10\/IW-LOGO.png 820w, https:\/\/www.swedcham.com.br\/wp-content\/uploads\/2020\/10\/IW-LOGO-600x228.png 600w, https:\/\/www.swedcham.com.br\/wp-content\/uploads\/2020\/10\/IW-LOGO-300x114.png 300w, https:\/\/www.swedcham.com.br\/wp-content\/uploads\/2020\/10\/IW-LOGO-768x292.png 768w\" sizes=\"auto, (max-width: 820px) 100vw, 820px\" \/><\/h1>\n<p><em><strong>O IMPACTO DA LIDERAN\u00c7A NA TRANSFORMA\u00c7\u00c3O DIGITAL \u2013Webinar\u00a0<\/strong><\/em><\/p>\n<p><iframe loading=\"lazy\" title=\"Innovation Weeks \u2013 O Impacto da lideran\u00e7a na transforma\u00e7\u00e3o digital\" width=\"640\" height=\"360\" src=\"https:\/\/www.youtube.com\/embed\/tStX5OM16c8?feature=oembed\" frameborder=\"0\" allow=\"accelerometer; autoplay; clipboard-write; encrypted-media; gyroscope; picture-in-picture; web-share\" referrerpolicy=\"strict-origin-when-cross-origin\" allowfullscreen><\/iframe><\/p>\n<p><em>A tecnologia digital mudou as organiza\u00e7\u00f5es de forma irrevers\u00edvel. A digitaliza\u00e7\u00e3o est\u00e1 moldando organiza\u00e7\u00f5es, o ambiente de trabalho e os processos, criando novos desafios para corpora\u00e7\u00f5es e o desenvolvimento de seus neg\u00f3cios.<\/em><\/p>\n<p><em><strong>Em um cen\u00e1rio altamente tecnol\u00f3gico e inovador, lideran\u00e7a faz toda a diferen\u00e7a !<\/strong><\/em><\/p>\n<p><em>Para uma troca de experi\u00eancias diferenciada, compartilhando insights de diversos setores &#8211; \u00a0teremos a honra de ter conosco: <strong>Adriano Machado<\/strong> (Presidente da H\u00f6gan\u00e4s para Am\u00e9rica do Sul), <strong>Mauro Favero<\/strong> (Vice Presidente para Am\u00e9rica Latina da Husqvarna Forest &amp; Garden) e <strong>Nils Radsak<\/strong> (Head de Digitaliza\u00e7\u00e3o, CDO e CIO da Audi do Brasil) em um painel moderado por <strong>Carol B\u00f6ttcher<\/strong> (Diretora da BrainKapital Executive Search e Coordenadora do Comit\u00ea de Capital Humano da SWEDCHAM).<\/em><\/p>\n<\/div>\n<p class=\"m_3630756642185695850normal\" style=\"text-align: left;\"><img loading=\"lazy\" decoding=\"async\" class=\"alignleft wp-image-21662 size-medium\" src=\"https:\/\/www.swedcham.com.br\/wp-content\/uploads\/2020\/10\/ADRIANO-249x300.png\" alt=\"\" width=\"249\" height=\"300\" srcset=\"https:\/\/www.swedcham.com.br\/wp-content\/uploads\/2020\/10\/ADRIANO-249x300.png 249w, https:\/\/www.swedcham.com.br\/wp-content\/uploads\/2020\/10\/ADRIANO.png 559w\" sizes=\"auto, (max-width: 249px) 100vw, 249px\" \/><\/p>\n<p><strong>Adriano Machado\u00a0<\/strong><em>\u00e9 Executivo com mais de 25 anos de carreira forjada em ind\u00fastrias multinacionais l\u00edderes em seus segmentos, e exercendo ha 20 anos cargos de lideran\u00e7a. Desde 2015 Adriano lidera a H\u00f6gan\u00e4s na Am\u00e9rica do Sul no cargo de Diretor Presidente e esteve \u00e0 frente da \u00e1rea comercial da empresa desde 2010. Antes disso, atuou na tamb\u00e9m sueca SKF ao longo de 10 anos ocupando posi\u00e7\u00f5es de lideran\u00e7a nas \u00e1reas Comercial e de Log\u00edstica, tendo iniciado sua carreira na ind\u00fastria na Refina\u00e7\u00f5es de Milho Brasil, atualmente do Grupo Unilever. Formado em Com\u00e9rcio Exterior \u00e9 P\u00f3s-Graduado em Administra\u00e7\u00e3o pela FGV e especializou-se em Inova\u00e7\u00e3o pelo MIT. Sua experi\u00eancia profissional liderando equipes multiculturais desde cedo teve enorme influ\u00eancia na defini\u00e7\u00e3o de seu perfil.<\/em><\/p>\n<\/div>\n<p>&nbsp;<\/p>\n<p>&nbsp;<\/p>\n<div>\n<p class=\"m_3630756642185695850normal\" style=\"text-align: left;\"><img loading=\"lazy\" decoding=\"async\" class=\"alignleft wp-image-21664\" src=\"https:\/\/www.swedcham.com.br\/wp-content\/uploads\/2020\/10\/MAURO-281x300.png\" alt=\"\" width=\"249\" height=\"266\" srcset=\"https:\/\/www.swedcham.com.br\/wp-content\/uploads\/2020\/10\/MAURO-281x300.png 281w, https:\/\/www.swedcham.com.br\/wp-content\/uploads\/2020\/10\/MAURO.png 579w\" sizes=\"auto, (max-width: 249px) 100vw, 249px\" \/><\/p>\n<p><strong>Mauro Favero\u00a0<\/strong><em>\u00e9 Engenheiro Mec\u00e2nico formado pela Funda\u00e7\u00e3o Armando \u00c1lvares Penteado e com Executive MBA pela Business School S\u00e3o Paulo. Mauro iniciou sua carreira na SKF do Brasil e atuou nos segmentos da Industria Mec\u00e2nica, Automotiva e Agr\u00edcola. Foi Presidente da SKF Venezuelana, Vice Presidente da Peer Bearings Am\u00e9rica Latina, uma empresa do Grupo SKF, e posteriormente assumiu o cargo de Presidente da SKF do Brasil. Atualmente ocupa o cargo de Vice Presidente para Am\u00e9rica Latina da Husqvarna Forest &amp; Garden. Mauro \u00e9 um Executivo com 33 anos de carreira, vivencia internacional e trabalhando ha 17 anos com todos os pa\u00edses da Am\u00e9rica Latina.<\/em><\/p>\n<\/div>\n<p>&nbsp;<\/p>\n<p>&nbsp;<\/p>\n<p class=\"m_3630756642185695850normal\" style=\"text-align: left;\"><img loading=\"lazy\" decoding=\"async\" class=\"alignleft wp-image-21666\" src=\"https:\/\/www.swedcham.com.br\/wp-content\/uploads\/2020\/10\/NILS-RADSAK-300x278.png\" alt=\"\" width=\"249\" height=\"231\" srcset=\"https:\/\/www.swedcham.com.br\/wp-content\/uploads\/2020\/10\/NILS-RADSAK-300x278.png 300w, https:\/\/www.swedcham.com.br\/wp-content\/uploads\/2020\/10\/NILS-RADSAK.png 590w\" sizes=\"auto, (max-width: 249px) 100vw, 249px\" \/><\/p>\n<p><strong>Nils Radsak\u00a0<\/strong><em>formou-se com honras em Gest\u00e3o Internacional pelas Universidades de Siegen na Alemanha e Universidade de Calif\u00f3rnia, Berkeley, nos Estados Unidos. Com especializa\u00e7\u00e3o em Estrat\u00e9gias Digitais pela Columbia Business School, Nils desenvolveu sua carreira na Alemanha, Estados Unidos e Brasil, em diversos segmentos e tem forte background na \u00e1rea consultiva de Transforma\u00e7\u00e3o Digital e Tecnologia. Resili\u00eancia, disciplina, lideran\u00e7a e trabalho em equipe s\u00e3o compet\u00eancias que desenvolveu como atleta professional e traz hoje ao mundo corporativo. Ele iniciou a sua carreira como consultor nas empresas Deloitte e MHP &#8211; A Porsche Company, implementando projetos de alta complexidade internacionalmente, liderando equipes multidisciplinares e multiculturais. Em 2013 ingressou na Audi do Brasil, onde hoje lidera a \u00e1rea de TI e Digitaliza\u00e7\u00e3o como CIO &amp; CDO.<\/em><\/p>\n<div>\n<h3><strong>Quando<\/strong><\/h3>\n<p><span class=\"m_8215363500706865736m_-1492442068443120964mc-toc-title\">Quinta-feira, 12\u00a0de novembro \u00e0s 15h<\/span><\/p>\n<div>\n<h3>RSVP at\u00e9 12\u00a0de novembro<\/h3>\n<div><a href=\"mailto:eventos@swedcham.com.br?subject=Evento%2012%20de%20novembro\" target=\"_blank\" rel=\"noopener noreferrer\" data-cke-saved-href=\"mailto:eventos@swedcham.com.br?subject=Evento%2012%20de%20novembro\">eventos@swedcham.com.br<\/a><\/div>\n<p>O link de acesso \u00e0 live ser\u00e1 enviado antes do evento para todos que confirmarem sua participa\u00e7\u00e3o.<\/p>\n<\/div>\n<\/div>\n","protected":false},"excerpt":{"rendered":"<p>O IMPACTO DA LIDERAN\u00c7A NA TRANSFORMA\u00c7\u00c3O DIGITAL \u2013Webinar\u00a0 A tecnologia digital mudou as organiza\u00e7\u00f5es de forma irrevers\u00edvel. A digitaliza\u00e7\u00e3o est\u00e1<\/p>\n","protected":false},"featured_media":0,"template":"","meta":[],"product_brand":[],"product_cat":[228],"product_tag":[],"class_list":{"0":"post-21668","1":"product","2":"type-product","3":"status-publish","5":"product_cat-our-events","7":"first","8":"instock","9":"shipping-taxable","10":"product-type-simple"},"_links":{"self":[{"href":"https:\/\/www.swedcham.com.br\/en\/wp-json\/wp\/v2\/product\/21668","targetHints":{"allow":["GET"]}}],"collection":[{"href":"https:\/\/www.swedcham.com.br\/en\/wp-json\/wp\/v2\/product"}],"about":[{"href":"https:\/\/www.swedcham.com.br\/en\/wp-json\/wp\/v2\/types\/product"}],"wp:attachment":[{"href":"https:\/\/www.swedcham.com.br\/en\/wp-json\/wp\/v2\/media?parent=21668"}],"wp:term":[{"taxonomy":"product_brand","embeddable":true,"href":"https:\/\/www.swedcham.com.br\/en\/wp-json\/wp\/v2\/product_brand?post=21668"},{"taxonomy":"product_cat","embeddable":true,"href":"https:\/\/www.swedcham.com.br\/en\/wp-json\/wp\/v2\/product_cat?post=21668"},{"taxonomy":"product_tag","embeddable":true,"href":"https:\/\/www.swedcham.com.br\/en\/wp-json\/wp\/v2\/product_tag?post=21668"}],"curies":[{"name":"wp","href":"https:\/\/api.w.org\/{rel}","templated":true}]}}

Innovation Weeks &#8211; O Impacto da liderança na transformação digital

<div>
<div>
<h1><img loading="lazy" decoding="async" class="alignleft size-full wp-image-21539" src="https://www.swedcham.com.br/wp-content/uploads/2020/10/IW-LOGO.png" alt="" width="820" height="312" srcset="https://www.swedcham.com.br/wp-content/uploads/2020/10/IW-LOGO.png 820w, https://www.swedcham.com.br/wp-content/uploads/2020/10/IW-LOGO-600x228.png 600w, https://www.swedcham.com.br/wp-content/uploads/2020/10/IW-LOGO-300x114.png 300w, https://www.swedcham.com.br/wp-content/uploads/2020/10/IW-LOGO-768x292.png 768w" sizes="auto, (max-width: 820px) 100vw, 820px" /></h1>
<p><em><strong>O IMPACTO DA LIDERANÇA NA TRANSFORMAÇÃO DIGITAL –Webinar </strong></em></p>
<p><iframe loading="lazy" title="Innovation Weeks – O Impacto da liderança na transformação digital" width="640" height="360" src="https://www.youtube.com/embed/tStX5OM16c8?feature=oembed" frameborder="0" allow="accelerometer; autoplay; clipboard-write; encrypted-media; gyroscope; picture-in-picture; web-share" referrerpolicy="strict-origin-when-cross-origin" allowfullscreen></iframe></p>
<p><em>A tecnologia digital mudou as organizações de forma irreversível. A digitalização está moldando organizações, o ambiente de trabalho e os processos, criando novos desafios para corporações e o desenvolvimento de seus negócios.</em></p>
<p><em><strong>Em um cenário altamente tecnológico e inovador, liderança faz toda a diferença !</strong></em></p>
<p><em>Para uma troca de experiências diferenciada, compartilhando insights de diversos setores &#8211;  teremos a honra de ter conosco: <strong>Adriano Machado</strong> (Presidente da Höganäs para América do Sul), <strong>Mauro Favero</strong> (Vice Presidente para América Latina da Husqvarna Forest &amp; Garden) e <strong>Nils Radsak</strong> (Head de Digitalização, CDO e CIO da Audi do Brasil) em um painel moderado por <strong>Carol Böttcher</strong> (Diretora da BrainKapital Executive Search e Coordenadora do Comitê de Capital Humano da SWEDCHAM).</em></p>
</div>
<p class="m_3630756642185695850normal" style="text-align: left;"><img loading="lazy" decoding="async" class="alignleft wp-image-21662 size-medium" src="https://www.swedcham.com.br/wp-content/uploads/2020/10/ADRIANO-249x300.png" alt="" width="249" height="300" srcset="https://www.swedcham.com.br/wp-content/uploads/2020/10/ADRIANO-249x300.png 249w, https://www.swedcham.com.br/wp-content/uploads/2020/10/ADRIANO.png 559w" sizes="auto, (max-width: 249px) 100vw, 249px" /></p>
<p><strong>Adriano Machado </strong><em>é Executivo com mais de 25 anos de carreira forjada em indústrias multinacionais líderes em seus segmentos, e exercendo ha 20 anos cargos de liderança. Desde 2015 Adriano lidera a Höganäs na América do Sul no cargo de Diretor Presidente e esteve à frente da área comercial da empresa desde 2010. Antes disso, atuou na também sueca SKF ao longo de 10 anos ocupando posições de liderança nas áreas Comercial e de Logística, tendo iniciado sua carreira na indústria na Refinações de Milho Brasil, atualmente do Grupo Unilever. Formado em Comércio Exterior é Pós-Graduado em Administração pela FGV e especializou-se em Inovação pelo MIT. Sua experiência profissional liderando equipes multiculturais desde cedo teve enorme influência na definição de seu perfil.</em></p>
</div>
<p>&nbsp;</p>
<p>&nbsp;</p>
<div>
<p class="m_3630756642185695850normal" style="text-align: left;"><img loading="lazy" decoding="async" class="alignleft wp-image-21664" src="https://www.swedcham.com.br/wp-content/uploads/2020/10/MAURO-281x300.png" alt="" width="249" height="266" srcset="https://www.swedcham.com.br/wp-content/uploads/2020/10/MAURO-281x300.png 281w, https://www.swedcham.com.br/wp-content/uploads/2020/10/MAURO.png 579w" sizes="auto, (max-width: 249px) 100vw, 249px" /></p>
<p><strong>Mauro Favero </strong><em>é Engenheiro Mecânico formado pela Fundação Armando Álvares Penteado e com Executive MBA pela Business School São Paulo. Mauro iniciou sua carreira na SKF do Brasil e atuou nos segmentos da Industria Mecânica, Automotiva e Agrícola. Foi Presidente da SKF Venezuelana, Vice Presidente da Peer Bearings América Latina, uma empresa do Grupo SKF, e posteriormente assumiu o cargo de Presidente da SKF do Brasil. Atualmente ocupa o cargo de Vice Presidente para América Latina da Husqvarna Forest &amp; Garden. Mauro é um Executivo com 33 anos de carreira, vivencia internacional e trabalhando ha 17 anos com todos os países da América Latina.</em></p>
</div>
<p>&nbsp;</p>
<p>&nbsp;</p>
<p class="m_3630756642185695850normal" style="text-align: left;"><img loading="lazy" decoding="async" class="alignleft wp-image-21666" src="https://www.swedcham.com.br/wp-content/uploads/2020/10/NILS-RADSAK-300x278.png" alt="" width="249" height="231" srcset="https://www.swedcham.com.br/wp-content/uploads/2020/10/NILS-RADSAK-300x278.png 300w, https://www.swedcham.com.br/wp-content/uploads/2020/10/NILS-RADSAK.png 590w" sizes="auto, (max-width: 249px) 100vw, 249px" /></p>
<p><strong>Nils Radsak </strong><em>formou-se com honras em Gestão Internacional pelas Universidades de Siegen na Alemanha e Universidade de Califórnia, Berkeley, nos Estados Unidos. Com especialização em Estratégias Digitais pela Columbia Business School, Nils desenvolveu sua carreira na Alemanha, Estados Unidos e Brasil, em diversos segmentos e tem forte background na área consultiva de Transformação Digital e Tecnologia. Resiliência, disciplina, liderança e trabalho em equipe são competências que desenvolveu como atleta professional e traz hoje ao mundo corporativo. Ele iniciou a sua carreira como consultor nas empresas Deloitte e MHP &#8211; A Porsche Company, implementando projetos de alta complexidade internacionalmente, liderando equipes multidisciplinares e multiculturais. Em 2013 ingressou na Audi do Brasil, onde hoje lidera a área de TI e Digitalização como CIO &amp; CDO.</em></p>
<div>
<h3><strong>Quando</strong></h3>
<p><span class="m_8215363500706865736m_-1492442068443120964mc-toc-title">Quinta-feira, 12 de novembro às 15h</span></p>
<div>
<h3>RSVP até 12 de novembro</h3>
<div><a href="mailto:eventos@swedcham.com.br?subject=Evento%2012%20de%20novembro" target="_blank" rel="noopener noreferrer" data-cke-saved-href="mailto:eventos@swedcham.com.br?subject=Evento%2012%20de%20novembro">eventos@swedcham.com.br</a></div>
<p>O link de acesso à live será enviado antes do evento para todos que confirmarem sua participação.</p>
</div>
</div>

<p>O IMPACTO DA LIDERANÇA NA TRANSFORMAÇÃO DIGITAL –Webinar  A tecnologia digital mudou as organizações de forma irreversível. A digitalização está</p>
